{"id":99,"date":"2015-05-02T23:48:54","date_gmt":"2015-05-02T21:48:54","guid":{"rendered":"http:\/\/chcemlego.sk\/?page_id=99"},"modified":"2015-05-02T23:48:54","modified_gmt":"2015-05-02T21:48:54","slug":"statut","status":"publish","type":"page","link":"https:\/\/archeol.sav.sk\/index.php\/sk\/kniznica\/statut\/","title":{"rendered":"\u0160tat\u00fat"},"content":{"rendered":"<h1>\u0160tat\u00fat kni\u017enice Archeologick\u00e9ho \u00fastavu SAV v Nitre<\/h1>\n<hr \/>\n<p>&nbsp;<\/p>\n<p><center><\/p>\n<h2>\u010cl\u00e1nok 1.<\/h2>\n<p><\/center>Kni\u017enica Archeologick\u00e9ho \u00fastavu SAV v Nitre (\u010falej len kni\u017enica) pln\u00ed v s\u00fastave VTI SR funkciu \u0161pecializovanej kni\u017enice, ktor\u00e1 zabezpe\u010duje prierezov\u00fa infoma\u010dn\u00fa \u010dinnos\u0165 v oblasti archeologick\u00e9ho v\u00fdskumu SAV.<\/p>\n<p><center><\/p>\n<h2>\u010cl\u00e1nok 2.<\/h2>\n<p><\/center>Informa\u010dn\u00fd fond kni\u017enice obsahuje knihy a \u010dasopisy z\u00e1sadn\u00e9ho v\u00fdznamu a to z oblasti archeol\u00f3gie a jej pomocn\u00fdch vedn\u00fdch discipl\u00edn. Okrem toho zahr\u0148uje i diela encyklopedick\u00e9, jazykov\u00e9 i odborn\u00e9 terminologick\u00e9 slovn\u00edky a odborn\u00e9 bibliografie. Pod\u013ea \u010dl. 7., odsek 66 Organiza\u010dn\u00e9ho poriadku A\u00da SAV v Nitre kni\u017enica z\u00edskava a sprac\u00fava kni\u017eni\u010dn\u00fd fond \u00fastavu a to formou n\u00e1kupu a najm\u00e4 medziin\u0161titucion\u00e1lnej a medzin\u00e1rodnej v\u00fdmeny publik\u00e1ci\u00ed.<\/p>\n<p>Tvor\u00ed ho:<br \/>\n&#8211; historick\u00fd<br \/>\n&#8211; \u010dasopisy<br \/>\n&#8211; publik\u00e1cie<\/p>\n<p><center><\/p>\n<h2>\u010cl\u00e1nok 3.<\/h2>\n<p><\/center>Informa\u010dn\u00fd fond je majetkom A\u00da SAV. Ka\u017ed\u00fd pou\u017e\u00edvate\u013e je povinn\u00fd chr\u00e1ni\u0165 tento fond a dodr\u017eiava\u0165 predpisy, spojen\u00e9 s jeho pou\u017e\u00edvan\u00edm. V pr\u00edpade po\u0161kodenia majetku kni\u017enice bude A\u00da SAV vyvodzova\u0165 vo\u010di pou\u017e\u00edvate\u013eovi d\u00f4sledky v zmysle platn\u00fdch predpisov.<\/p>\n<p><center><\/p>\n<h2>\u010cl\u00e1nok 4.<\/h2>\n<p><\/center>Kni\u017enicu koncep\u010dne, odborne a organiza\u010dne riadi ved\u00faci oddelenia.<br \/>\nMetodicky je \u010dinnos\u0165 kni\u017enice usmer\u0148ovan\u00e1 pokynmi \u00dastrednej kni\u017enice SAV.<\/p>\n<p><center><\/p>\n<h2>\u010cl\u00e1nok 5.<\/h2>\n<p><\/center>Kni\u017enica sl\u00fa\u017ei predov\u0161etk\u00fdm vedeck\u00fdm a odborn\u00fdm pracovn\u00edkom ako aj ostatn\u00fdm zamestnancom A\u00da SAV. Svoje slu\u017eby poskytuje diferencovane pod\u013ea stanoven\u00fdch z\u00e1sad kategoriz\u00e1cie \u010ditate\u013eov (vi\u010f kni\u017eni\u010dn\u00fd poriadok).<\/p>\n<p>Z\u00e1rove\u0148 vybavuje po\u017eiadavky na:<br \/>\na\/ konzulta\u010dn\u00e9 a poradensk\u00e9 slu\u017eby<br \/>\nb\/ publik\u00e1cie zo svojho fondu in\u00fdm in\u0161tit\u00faci\u00e1m prostredn\u00edctvom MMS a MMVS.<\/p>\n<p><center><\/p>\n<h2>\u010cl\u00e1nok 6.<\/h2>\n<p><\/center>Kni\u017enica poskytuje svoje z\u00e1kladn\u00e9 slu\u017eby bezplatne.<\/p>\n<p><center><\/p>\n<h2>\u010cl\u00e1nok 7.<\/h2>\n<p><\/center>Kni\u017enica sa star\u00e1 o distrib\u00faciu publik\u00e1ci\u00ed, vyd\u00e1van\u00fdch A\u00faSAV formou predaja, v\u00fdmeny i darovania, \u010falej na z\u00e1klade \u00fastvan\u00fdch rozde\u013eovn\u00edkov, ako aj o distrib\u00faciu povinn\u00fdch v\u00fdtla\u010dkov (Zb. z. \u010d. 32\/2001 ukladaj\u00faci vydavate\u013eovi publik\u00e1cie odovzda\u0165 stanoven\u00fd po\u010det v\u00fdtla\u010dkov vybran\u00fdm pr\u00e1vnick\u00fdm osob\u00e1m).<\/p>\n<p><center><\/p>\n<h2>\u010cl\u00e1nok 8.<\/h2>\n<p><\/center>\u010citatelia s\u00fa povinn\u00ed dodr\u017eiava\u0165 v\u00fdpo\u017ei\u010dn\u00fd poriadok, riadi\u0165 sa pokynmi pracovn\u00edkov kni\u017enice a podrobi\u0165 sa kontroln\u00fdm oopatreniam na udr\u017eanie poriadku a ochrany majetku kni\u017enice.<\/p>\n<p><center><\/p>\n<h2>\u010cl\u00e1nok 9.<\/h2>\n<p><\/center>Ak \u010diate\u013e tieto ustanovenia nedodr\u017eiava, m\u00f4\u017ee by\u0165 do\u010dasne alebo aj trvale zbaven\u00fd pr\u00e1va vyu\u017e\u00edva\u0165 slu\u017eby kni\u017enice. T\u00fdm nie je zbaven\u00fd povinnosti nahradi\u0165 zapr\u00ed\u010dinen\u00fa \u0161kodu a zodpoved\u00e1 za \u0148u pod\u013ea platn\u00fdch predpisov. Nedodr\u017eiavanie ustanoven\u00ed kni\u017eni\u010dn\u00e9ho poriadku a zodpovednos\u0165 za \u0161kodu sa riadi Z\u00e1konn\u00edkom pr\u00e1ce a v pr\u00edpade a v pr\u00edpade pracovn\u00edkov A\u00faSAV Pracovn\u00fdm poriadkom SAV.<\/p>\n<p><center><\/p>\n<h2>\u010cl\u00e1nok 10.<\/h2>\n<p><\/center>Mimo\u00fastavn\u00ed \u010ditatelia s\u00fa povinn\u00ed poverenej pracovn\u00ed\u010dke kni\u017enice preuk\u00e1za\u0165 svoju toto\u017enos\u0165 platn\u00fdm osobn\u00fdm dokladom.<\/p>\n<p><center><\/p>\n<h2>\u010cl\u00e1nok 11.<\/h2>\n<p><\/center>S\u00fa\u010das\u0165ou kni\u017enice s\u00fa tie\u017e kni\u017enice V\u00fdskumn\u00e9ho pracovn\u00e9ho strediska v Ko\u0161iciach, ako aj \u010fal\u0161ie pr\u00edru\u010dn\u00e9 kni\u017enice, vybudovan\u00e9 na z\u00e1klade rozhodnutia riadite\u013ea A\u00faSAV (v Spi\u0161skej Novej Vsi, v Bratislave a vo Zvolene).<\/p>\n<p><center><\/p>\n<h2>\u010cl\u00e1nok 12.<\/h2>\n<p><\/center>Pripomienky, podnety a n\u00e1vrhy na zlep\u0161enie \u010dinnosti kni\u017enice pod\u00e1vaj\u00fa jej pou\u017e\u00edvatelia \u00fastne alebo p\u00edsomne ved\u00facemu oddelenia.<\/p>\n<p><center><\/p>\n<h2>Z\u00e1vere\u010dn\u00e9 ustanovenie.<\/h2>\n<p><\/center>1. D\u0148om platnosti a \u00fa\u010dinnosti \u0160tat\u00fatu kni\u017enice Archeologick\u00e9ho \u00fastavu SAV v Nitre sa ru\u0161\u00ed \u0160tat\u00fat kni\u017enice Archeologick\u00e9ho \u00fastavu SAV v Nitre zo d\u0148a 1.4.2002.<br \/>\n2. T\u00e1to smernica nadob\u00fada platnos\u0165 a \u00fa\u010dinnos\u0165 1.2.2009.<\/p>\n<p><center><\/p>\n<table width=\"600\">\n<tbody>\n<tr>\n<td align=\"CENTER\" valign=\"TOP\">V Nitre d\u0148a 01.02.2009.<\/td>\n<td align=\"CENTER\" valign=\"TOP\">PhDr. Matej Ruttkay, CSc.<br \/>\nriadite\u013e A\u00faSAV<\/td>\n<\/tr>\n<\/tbody>\n<\/table>\n<p><\/center>&nbsp;<\/p>\n<h2><img decoding=\"async\" class=\"noprint\" src=\"http:\/\/archeol.sav.sk\/pics\/pdf_button.png\" alt=\"pdf\" align=\"left\" hspace=\"5\" vspace=\"0\" \/><a href=\"http:\/\/archeol.sav.sk\/docs_ostatne\/kn_statut.pdf\" target=\"_blank\">\u0160tat\u00fat kni\u017enice Archeologick\u00e9ho \u00fastavu SAV v Nitre vo form\u00e1te *.pdf<\/a><\/h2>\n","protected":false},"excerpt":{"rendered":"<p>\u0160tat\u00fat kni\u017enice Archeologick\u00e9ho \u00fastavu SAV v Nitre &nbsp; \u010cl\u00e1nok 1. Kni\u017enica Archeologick\u00e9ho \u00fastavu SAV v Nitre (\u010falej len kni\u017enica) pln\u00ed v s\u00fastave VTI SR funkciu \u0161pecializovanej kni\u017enice, ktor\u00e1 zabezpe\u010duje prierezov\u00fa infoma\u010dn\u00fa \u010dinnos\u0165 v oblasti archeologick\u00e9ho v\u00fdskumu SAV. \u010cl\u00e1nok 2. Informa\u010dn\u00fd fond kni\u017enice obsahuje knihy a \u010dasopisy z\u00e1sadn\u00e9ho v\u00fdznamu a to z oblasti archeol\u00f3gie a jej &#8230; <a class=\"read-more\" href=\"https:\/\/archeol.sav.sk\/index.php\/sk\/kniznica\/statut\/\">\u010c\u00edtajte viac<\/a><\/p>\n","protected":false},"author":1,"featured_media":0,"parent":96,"menu_order":0,"comment_status":"closed","ping_status":"closed","template":"","meta":[],"_links":{"self":[{"href":"https:\/\/archeol.sav.sk\/index.php\/wp-json\/wp\/v2\/pages\/99"}],"collection":[{"href":"https:\/\/archeol.sav.sk\/index.php\/wp-json\/wp\/v2\/pages"}],"about":[{"href":"https:\/\/archeol.sav.sk\/index.php\/wp-json\/wp\/v2\/types\/page"}],"author":[{"embeddable":true,"href":"https:\/\/archeol.sav.sk\/index.php\/wp-json\/wp\/v2\/users\/1"}],"replies":[{"embeddable":true,"href":"https:\/\/archeol.sav.sk\/index.php\/wp-json\/wp\/v2\/comments?post=99"}],"version-history":[{"count":0,"href":"https:\/\/archeol.sav.sk\/index.php\/wp-json\/wp\/v2\/pages\/99\/revisions"}],"up":[{"embeddable":true,"href":"https:\/\/archeol.sav.sk\/index.php\/wp-json\/wp\/v2\/pages\/96"}],"wp:attachment":[{"href":"https:\/\/archeol.sav.sk\/index.php\/wp-json\/wp\/v2\/media?parent=99"}],"curies":[{"name":"wp","href":"https:\/\/api.w.org\/{rel}","templated":true}]}}