{"id":965,"date":"2016-01-31T13:44:39","date_gmt":"2016-01-31T11:44:39","guid":{"rendered":"http:\/\/archeol.sav.sk\/?page_id=965"},"modified":"2019-06-28T15:43:07","modified_gmt":"2019-06-28T13:43:07","slug":"apvv-14-0842","status":"publish","type":"page","link":"https:\/\/archeol.sav.sk\/index.php\/sk\/kontakt\/vyskum\/projekty-apvv\/apvv-14-0842\/","title":{"rendered":"Stredn\u00e1 Eur\u00f3pa medzi keltsk\u00fdmi oppidami a staroslovansk\u00fdmi centrami"},"content":{"rendered":"<p><strong>Zodpovedn\u00fd rie\u0161ite\u013e:\u00a0<\/strong> PhDr. Karol Pieta, DrSc.<\/p>\n<p><strong>Doba rie\u0161enia:<\/strong> 1.7.2015 \u2013 28.6. 2019<\/p>\n<p><strong>Registra\u010dn\u00e9 \u010d\u00edslo:<\/strong> APVV-14-0842<\/p>\n<p><strong>Koordin\u00e1tor:<\/strong> Archeologick\u00fd \u00fastav SAV<\/p>\n<p><strong>\u00a0<\/strong><\/p>\n<p><strong>K\u013e\u00fa\u010dov\u00e9 slov\u00e1:\u00a0<\/strong>doba \u017eelezn\u00e1 mlad\u0161ia, doba r\u00edmska, s\u0165ahovanie n\u00e1rodov, v\u010dasn\u00fd stredovek, Ve\u013ekomoravsk\u00e1 r\u00ed\u0161a, Kelti, Germ\u00e1ni, Slovania, spolo\u010densk\u00e9 elity, kontinuita, mocensk\u00e9 centr\u00e1, geografia, archeol\u00f3gia<\/p>\n<p><em>\u00a0<\/em><\/p>\n<table>\n<tbody>\n<tr>\n<td width=\"667\"><em>\u00a0<\/em><em>Geografick\u00e9, komunika\u010dn\u00e9 a surovinov\u00e9 vlastnosti Slovenska vytv\u00e1rali v r\u00e1mci strednej Eur\u00f3py pozoruhodn\u00e9 predpoklady pre vznik nadregion\u00e1lnych stred\u00edsk moci. Anal\u00fdza, vyhodnotenie a kompar\u00e1cia keltsk\u00e9ho, germ\u00e1nskeho a najstar\u0161ieho slovansk\u00e9ho os\u00eddlenia n\u00e1\u0161ho \u00fazemia spr\u00edstupn\u00ed odborn\u00edkom i verejnosti unik\u00e1tne lokality eur\u00f3pskeho v\u00fdznamu. <\/em><\/td>\n<\/tr>\n<\/tbody>\n<\/table>\n<h4><strong>Ciele projektu<\/strong><\/h4>\n<figure id=\"attachment_966\" aria-describedby=\"caption-attachment-966\" style=\"width: 290px\" class=\"wp-caption alignright\"><a href=\"http:\/\/archeol.sav.sk\/files\/LiptMara1-Foto-K.Pieta_.jpg\"><img decoding=\"async\" loading=\"lazy\" class=\"wp-image-966 size-medium\" src=\"http:\/\/archeol.sav.sk\/files\/LiptMara1-Foto-K.Pieta_-300x225.jpg\" alt=\"Liptovsk\u00e1 Mara\" width=\"300\" height=\"225\" srcset=\"https:\/\/archeol.sav.sk\/files\/LiptMara1-Foto-K.Pieta_-300x225.jpg 300w, https:\/\/archeol.sav.sk\/files\/LiptMara1-Foto-K.Pieta_-768x576.jpg 768w, https:\/\/archeol.sav.sk\/files\/LiptMara1-Foto-K.Pieta_-1024x768.jpg 1024w\" sizes=\"(max-width: 300px) 100vw, 300px\" \/><\/a><figcaption id=\"caption-attachment-966\" class=\"wp-caption-text\">Liptovsk\u00e1 Mara (Foto: K. Pieta)<\/figcaption><\/figure>\n<p>Hlavn\u00fdm cie\u013eom projektu je spracovanie a\u00a0vyhodnotenie dominantn\u00fdch lokal\u00edt z jednotliv\u00fdch obdob\u00ed v\u010dasnej doby dejinnej a\u00a0v\u010dasn\u00e9ho stredoveku, ktor\u00e9 patria medzi mimoriadne cenn\u00e9 pamiatky nadregion\u00e1lneho v\u00fdznamu a\u00a0radia na\u0161e \u00fazemie do \u0161ir\u0161ieho eur\u00f3pskeho r\u00e1mca. K\u00a0nim nepochybne patria unik\u00e1tne n\u00e1lezisk\u00e1 typu Poprad alebo Bojn\u00e1, ale aj dosia\u013e nevyhodnoten\u00e9 popredn\u00e9 n\u00e1lezisk\u00e1, ako napr. v\u010dasnokeltsk\u00e9 centrum Horn\u00e9 Ore\u0161any, keltsk\u00e1 Nitra, germ\u00e1nske s\u00eddlo C\u00edfer-P\u00e1c, komplex germ\u00e1nskych n\u00e1lez\u00edsk s\u00a0knie\u017eac\u00edmi germ\u00e1nskymi hrobmi v\u00a0Zohore, ve\u013ekomoravsk\u00e1 Bojn\u00e1 a\u00a0\u010fal\u0161ie. Doteraj\u0161ie v\u00fdskumn\u00e9 aktivity v\u010d\u00edtane projektu APVV V\u010dasnostredovek\u00e9 mocensk\u00e9 centr\u00e1 v\u00a0strednom Podunajsku rie\u0161ili len koncov\u00fd segment cel\u00e9ho historick\u00e9ho procesu, ktor\u00fd by mal zahrn\u00fa\u0165 predkladan\u00fd projekt. Jeho z\u00e1kladom bud\u00fa jednotnou metodikou spracovan\u00e9 \u00fadaje o\u00a0pr\u00edrodn\u00fdch, ekonomick\u00fdch a\u00a0historick\u00fdch podmienkach vzniku, rozkvetu a z\u00e1niku mocensk\u00fdch centier v\u0161etk\u00fdch obdob\u00ed a\u00a0publik\u00e1cia jedine\u010dn\u00fdch materi\u00e1lov\u00fdch s\u00faborov z\u00a0nich v\u00a0podobe s\u00e9rie monografi\u00ed a\u00a0\u010fal\u0161\u00edch v\u00fdstupov spr\u00edstupn\u00ed odborn\u00edkom i\u00a0verejnosti najv\u00fdznamnej\u0161ie archeologick\u00e9 pamiatky zo Slovenska. Vznikne tak\u00a0historick\u00fd r\u00e1mec prechodu od prv\u00fdch historick\u00fdch etn\u00edk po formovanie sa prv\u00fdch \u0161t\u00e1tnych \u00fatvarov ako z\u00e1kladu na\u0161ich n\u00e1rodn\u00fdch dej\u00edn. S\u00fa\u010das\u0165ou z\u00e1meru je aj podiel na z\u00e1chrane,\u00a0ochrane a zhodnoten\u00ed n\u00e1\u0161ho kult\u00farneho dedi\u010dstva a odovzd\u00e1vanie v\u00fdsledkov vedy praxi v\u00a0podobe spr\u00edstupnenia viacer\u00fdch hnute\u013en\u00fdch i\u00a0nehnute\u013en\u00fdch pamiatok verejnosti.<\/p>\n<figure id=\"attachment_968\" aria-describedby=\"caption-attachment-968\" style=\"width: 290px\" class=\"wp-caption alignleft\"><a href=\"http:\/\/archeol.sav.sk\/files\/1-PP-Blockbergunguntersuchung_FotoC.Janke-2011.jpg\"><img decoding=\"async\" loading=\"lazy\" class=\"wp-image-968 size-medium\" src=\"http:\/\/archeol.sav.sk\/files\/1-PP-Blockbergunguntersuchung_FotoC.Janke-2011-300x200.jpg\" alt=\"1 PP Blockbergunguntersuchung_FotoC.Janke 2011\" width=\"300\" height=\"200\" srcset=\"https:\/\/archeol.sav.sk\/files\/1-PP-Blockbergunguntersuchung_FotoC.Janke-2011-300x200.jpg 300w, https:\/\/archeol.sav.sk\/files\/1-PP-Blockbergunguntersuchung_FotoC.Janke-2011-768x512.jpg 768w, https:\/\/archeol.sav.sk\/files\/1-PP-Blockbergunguntersuchung_FotoC.Janke-2011-1024x683.jpg 1024w\" sizes=\"(max-width: 300px) 100vw, 300px\" \/><\/a><figcaption id=\"caption-attachment-968\" class=\"wp-caption-text\">T. \u0160tolcov\u00e1 dokumentuje rozmrazen\u00fd a vy\u010disten\u00fd in situ blok pod opera\u010dn\u00fdm mikroskopom (Foto: C. Janke)<\/figcaption><\/figure>\n<p>Pre populariz\u00e1ciu cie\u013eov projektu sa vyu\u017eij\u00fa viacer\u00e9 n\u00e1stroje, ktor\u00e9 sa osved\u010dili pri predch\u00e1dzaj\u00facich projektoch a\u00a0v\u00fdskumn\u00fdch aktivit\u00e1ch. Je to operat\u00edvne informovanie na webovej str\u00e1nke projektu\u00a0s\u00a0prepojen\u00edm na \u010fal\u0161ie aktivity, napr. \u00a0na M\u00fazeum Ve\u013ekej Moravy v\u00a0Bojnej \u010di M\u00fazeum p\u00fachovskej kult\u00fary v\u00a0P\u00fachove&#8230; <strong>Po \u00faspe\u0161nom uveden\u00ed celo\u0161t\u00e1tne ocenenej v\u00fdstavy \u201eKnie\u017eacia hrobka z\u00a0Popradu, konzerv\u00e1cia 2008-2013\u201c sa prist\u00fapi k\u00a0st\u00e1lemu expozi\u010dn\u00e9mu projektu tohto unik\u00e1tneho n\u00e1lezu v\u00a0Poprade.<\/strong> \u010ealej sa bud\u00fa spr\u00edstup\u0148ova\u0165 verejnosti a\u00a0zve\u013ea\u010fova\u0165 Archeologick\u00e9 m\u00faze\u00e1 v\u00a0pr\u00edrode na Havr\u00e1nku v\u00a0Liptovskej Mare a\u00a0na hradisk\u00e1ch v\u00a0Bojnej, a\u00a0to dobudovan\u00edm informa\u010dn\u00fdch syst\u00e9mov a\u00a0modelov\u00fdmi experiment\u00e1lnymi rekon\u0161trukciami \u010fal\u0161\u00edch objektov. Budeme sa podie\u013ea\u0165 aj na rozvoji archeoskanzenu v\u00a0Nitre rekon\u0161trukciami keltsk\u00fdch, germ\u00e1nskych a\u00a0slovansk\u00fdch pamiatkov\u00fdch objektov. \u010clenovia rie\u0161ite\u013esk\u00e9ho kolekt\u00edvu sa u\u017e tradi\u010dne zap\u00e1jaj\u00fa do Dn\u00ed otvoren\u00fdch dver\u00ed v\u00a0Archeologickom \u00fastave SAV, do Noci v\u00fdskumn\u00edkov v\u00a0r\u00e1mci SAV, ale podie\u013eaj\u00fa sa aj na populariza\u010dn\u00fdch akci\u00e1ch v\u00a0r\u00e1mci Cyrilo-metodsk\u00fdch sl\u00e1vnost\u00ed v\u00a0Nitre a <a href=\"http:\/\/archeol.sav.sk\/index.php\/978-2\/\">na Bojnej<\/a>, ako aj\u00a0Keltsk\u00fdch dn\u00ed v\u00a0<a href=\"http:\/\/archeol.sav.sk\/index.php\/liptovska-sielnica-liptovska-mara-okr-liptovsky-mikulas\/\">Liptovskej Mare<\/a>. Prirodzenou s\u00fa\u010das\u0165ou pr\u00e1ce kolekt\u00edvu je spr\u00edstup\u0148ovanie inform\u00e1ci\u00ed o\u00a0projektov\u00fdch \u00faloh\u00e1ch a\u00a0v\u00fdskumn\u00fdch aktivit\u00e1ch pre m\u00e9di\u00e1.<\/p>\n<h4><strong>V\u00fdstupy<\/strong><\/h4>\n<figure id=\"attachment_967\" aria-describedby=\"caption-attachment-967\" style=\"width: 290px\" class=\"wp-caption alignright\"><a href=\"http:\/\/archeol.sav.sk\/files\/LiptMara3-Foto-K.Pieta_.jpg\"><img decoding=\"async\" loading=\"lazy\" class=\"wp-image-967 size-medium\" src=\"http:\/\/archeol.sav.sk\/files\/LiptMara3-Foto-K.Pieta_-300x225.jpg\" alt=\"LiptMara3 Foto K.Pieta\" width=\"300\" height=\"225\" srcset=\"https:\/\/archeol.sav.sk\/files\/LiptMara3-Foto-K.Pieta_-300x225.jpg 300w, https:\/\/archeol.sav.sk\/files\/LiptMara3-Foto-K.Pieta_-768x576.jpg 768w, https:\/\/archeol.sav.sk\/files\/LiptMara3-Foto-K.Pieta_-1024x768.jpg 1024w\" sizes=\"(max-width: 300px) 100vw, 300px\" \/><\/a><figcaption id=\"caption-attachment-967\" class=\"wp-caption-text\">Liptovsk\u00e1 Mara (Foto: K. Pieta)<\/figcaption><\/figure>\n<p>V\u00fdstupmi projektu bude s\u00e9ria dizert\u00e1ci\u00ed a\u00a0kolekt\u00edvnych monografi\u00ed, venovan\u00fdch centr\u00e1lnym objektom jednotliv\u00fdch historick\u00fdch obdob\u00ed, ako aj odborn\u00e9 \u010dl\u00e1nky a\u00a0\u0161t\u00fadie ako v\u00fdstupy jednotliv\u00fdch v\u00fdskumn\u00fdch et\u00e1p. V\u00a0projektovom obdob\u00ed sa budeme podie\u013ea\u0165 na spoluorganizovan\u00ed etablovan\u00fdch ka\u017edoro\u010dn\u00fdch medzin\u00e1rodn\u00e9 konferenci\u00ed a\u00a0v\u00a0rokoch 2016 a\u00a02019 zorganizujeme tieto medzin\u00e1rodn\u00e9 vedeck\u00e9 f\u00f3ra, venovan\u00e9 problematike projektu na Slovensku. S\u00fa\u010das\u0165ou v\u00fdstupov bud\u00fa aj stavebn\u00e9 experimenty, venovan\u00e9 keltskej a\u00a0slovanskej architekt\u00fare. Budeme pokra\u010dova\u0165 vo v\u00fdskume a modelovom zhotovovan\u00ed unik\u00e1tneho germ\u00e1nskeho n\u00e1bytku a\u00a0hrobovej architekt\u00fary antickej trad\u00edcie na z\u00e1klade n\u00e1lezov z\u00a0knie\u017eacej hrobky <a href=\"http:\/\/archeol.sav.sk\/index.php\/konzervacia-a-vyskum-kniezacej-hrobky-z-popradu\/?preview_id=1041&amp;preview_nonce=df3cb782a5&amp;preview=true\">z Popradu<\/a>.<\/p>\n<h4>Lokality:<\/h4>\n<p><a href=\"http:\/\/archeol.sav.sk\/index.php\/978-2\/\">Bojn\u00e1<\/a><a href=\"http:\/\/archeol.sav.sk\/index.php\/sk\/978-2\/\">\u00a02015<\/a><\/p>\n<p><a href=\"http:\/\/archeol.sav.sk\/index.php\/sk\/vyskumy-vcasnostredovekej-aglomeracie-bojna-v-roku-2016\/\">Bojn\u00e1 2016<\/a><\/p>\n<p><a href=\"http:\/\/archeol.sav.sk\/index.php\/liptovska-sielnica-liptovska-mara-okr-liptovsky-mikulas\/\">Liptovsk\u00e1 Sielnica<\/a><\/p>\n<p><a href=\"http:\/\/archeol.sav.sk\/index.php\/sk\/konzervacia-a-vyskum-kniezacej-hrobky-z-popradu\/\">Poprad<\/a><\/p>\n<p><a href=\"http:\/\/archeol.sav.sk\/index.php\/sk\/stredolatenske-kultove-miesto-v-slatine-nad-bebravou\/\">Slatina nad Bebravou<\/a><\/p>\n<p><strong>Konferencie:<\/strong><\/p>\n<p><a href=\"http:\/\/archeol.sav.sk\/index.php\/sk\/2016\/05\/30\/kelti-2016-na-strednom-povazi\/\">Kelti 2016 na strednom Pova\u017e\u00ed<\/a><\/p>\n<p><a href=\"http:\/\/archeol.sav.sk\/files\/APVV14_0842.pdf\"><strong>Zoznam publika\u010dnej \u010dinnosti a ohlasov<\/strong><\/a><\/p>\n<p><strong>Prezent\u00e1cia v\u00fdskumov<\/strong><\/p>\n<p><a href=\"http:\/\/archeol.sav.sk\/files\/08_poster_Brana_Bojna_2018zm.pdf\">Bojn\u00e1\u00a0\u2013 rekon\u0161trukcia br\u00e1ny<\/a><\/p>\n<p><a href=\"http:\/\/archeol.sav.sk\/files\/rekon\u0161trukcia-V-branydef.pdf\">Bojn\u00e1 \u2013 rekon\u0161trukcia br\u00e1ny 2<\/a><\/p>\n<p><a href=\"http:\/\/archeol.sav.sk\/files\/Bojna-brana-poster1def.pdf\">Bojn\u00e1 \u2013 v\u00fdskum br\u00e1ny<\/a><\/p>\n<p><a href=\"http:\/\/archeol.sav.sk\/files\/Tesarstvo2def.pdf\">Pr\u00e1ca s drevom<\/a><\/p>\n<p><a href=\"http:\/\/archeol.sav.sk\/files\/Vcasnostredoveke-branydef.pdf\">Opevnenia<\/a><\/p>\n","protected":false},"excerpt":{"rendered":"<p>Zodpovedn\u00fd rie\u0161ite\u013e:\u00a0 PhDr. Karol Pieta, DrSc. Doba rie\u0161enia: 1.7.2015 \u2013 28.6. 2019 Registra\u010dn\u00e9 \u010d\u00edslo: APVV-14-0842 Koordin\u00e1tor: Archeologick\u00fd \u00fastav SAV \u00a0 K\u013e\u00fa\u010dov\u00e9 slov\u00e1:\u00a0doba \u017eelezn\u00e1 mlad\u0161ia, doba r\u00edmska, s\u0165ahovanie n\u00e1rodov, v\u010dasn\u00fd stredovek, Ve\u013ekomoravsk\u00e1 r\u00ed\u0161a, Kelti, Germ\u00e1ni, Slovania, spolo\u010densk\u00e9 elity, kontinuita, mocensk\u00e9 centr\u00e1, geografia, archeol\u00f3gia \u00a0 \u00a0Geografick\u00e9, komunika\u010dn\u00e9 a surovinov\u00e9 vlastnosti Slovenska vytv\u00e1rali v r\u00e1mci strednej Eur\u00f3py pozoruhodn\u00e9 &#8230; <a class=\"read-more\" href=\"https:\/\/archeol.sav.sk\/index.php\/sk\/kontakt\/vyskum\/projekty-apvv\/apvv-14-0842\/\">\u010c\u00edtajte viac<\/a><\/p>\n","protected":false},"author":2,"featured_media":0,"parent":962,"menu_order":0,"comment_status":"closed","ping_status":"closed","template":"","meta":[],"_links":{"self":[{"href":"https:\/\/archeol.sav.sk\/index.php\/wp-json\/wp\/v2\/pages\/965"}],"collection":[{"href":"https:\/\/archeol.sav.sk\/index.php\/wp-json\/wp\/v2\/pages"}],"about":[{"href":"https:\/\/archeol.sav.sk\/index.php\/wp-json\/wp\/v2\/types\/page"}],"author":[{"embeddable":true,"href":"https:\/\/archeol.sav.sk\/index.php\/wp-json\/wp\/v2\/users\/2"}],"replies":[{"embeddable":true,"href":"https:\/\/archeol.sav.sk\/index.php\/wp-json\/wp\/v2\/comments?post=965"}],"version-history":[{"count":24,"href":"https:\/\/archeol.sav.sk\/index.php\/wp-json\/wp\/v2\/pages\/965\/revisions"}],"predecessor-version":[{"id":4672,"href":"https:\/\/archeol.sav.sk\/index.php\/wp-json\/wp\/v2\/pages\/965\/revisions\/4672"}],"up":[{"embeddable":true,"href":"https:\/\/archeol.sav.sk\/index.php\/wp-json\/wp\/v2\/pages\/962"}],"wp:attachment":[{"href":"https:\/\/archeol.sav.sk\/index.php\/wp-json\/wp\/v2\/media?parent=965"}],"curies":[{"name":"wp","href":"https:\/\/api.w.org\/{rel}","templated":true}]}}