{"id":7927,"date":"2025-12-18T10:34:06","date_gmt":"2025-12-18T08:34:06","guid":{"rendered":"https:\/\/archeol.sav.sk\/?page_id=7927"},"modified":"2025-12-19T13:26:37","modified_gmt":"2025-12-19T11:26:37","slug":"field-research-2025","status":"publish","type":"page","link":"https:\/\/archeol.sav.sk\/index.php\/en\/field-research-2025\/","title":{"rendered":"Field research 2025"},"content":{"rendered":"<p><a href=\"https:\/\/archeol.sav.sk\/files\/Hrad-Gymes2025.pdf\">G\u00fdme\u0161 Castle<\/a><\/p>\n<p><a href=\"https:\/\/archeol.sav.sk\/files\/Hrad-Hrusov2025.pdf\">Hru\u0161ov Castle<\/a><\/p>\n<p><a href=\"https:\/\/archeol.sav.sk\/files\/Hrad-Lietava2025.pdf\">Lietava Castle<\/a><\/p>\n<p><a href=\"https:\/\/archeol.sav.sk\/files\/Plavecky-hrad2025.pdf\">Plaveck\u00fd Castle<\/a><\/p>\n<p><a href=\"https:\/\/archeol.sav.sk\/files\/2025_Zitava.pdf\">Survey of historical crossings over the \u017ditava River<\/a><\/p>\n<p><a href=\"https:\/\/archeol.sav.sk\/files\/2025_BB_Salkova.pdf\">Survey of the Hron River in Bansk\u00e1 Bystrica \u2013 \u0160alkov\u00e1<\/a><\/p>\n<p><a href=\"https:\/\/archeol.sav.sk\/files\/2025_Slovenska-Lupca.pdf\">Survey of the Hron River in Slovensk\u00e1 \u013dup\u010da<\/a><\/p>\n<p><a href=\"https:\/\/archeol.sav.sk\/files\/Velka_ruzinska_jaskyna_2025.pdf\">Ve\u013ek\u00e1 ru\u017e\u00ednska jasky\u0148a<\/a><\/p>\n","protected":false},"excerpt":{"rendered":"<p>G\u00fdme\u0161 Castle Hru\u0161ov Castle Lietava Castle Plaveck\u00fd Castle Survey of historical crossings over the \u017ditava River Survey of the Hron River in Bansk\u00e1 Bystrica \u2013 \u0160alkov\u00e1 Survey of the Hron River in Slovensk\u00e1 \u013dup\u010da Ve\u013ek\u00e1 ru\u017e\u00ednska jasky\u0148a<\/p>\n","protected":false},"author":2,"featured_media":0,"parent":0,"menu_order":0,"comment_status":"closed","ping_status":"closed","template":"","meta":[],"_links":{"self":[{"href":"https:\/\/archeol.sav.sk\/index.php\/wp-json\/wp\/v2\/pages\/7927"}],"collection":[{"href":"https:\/\/archeol.sav.sk\/index.php\/wp-json\/wp\/v2\/pages"}],"about":[{"href":"https:\/\/archeol.sav.sk\/index.php\/wp-json\/wp\/v2\/types\/page"}],"author":[{"embeddable":true,"href":"https:\/\/archeol.sav.sk\/index.php\/wp-json\/wp\/v2\/users\/2"}],"replies":[{"embeddable":true,"href":"https:\/\/archeol.sav.sk\/index.php\/wp-json\/wp\/v2\/comments?post=7927"}],"version-history":[{"count":2,"href":"https:\/\/archeol.sav.sk\/index.php\/wp-json\/wp\/v2\/pages\/7927\/revisions"}],"predecessor-version":[{"id":7930,"href":"https:\/\/archeol.sav.sk\/index.php\/wp-json\/wp\/v2\/pages\/7927\/revisions\/7930"}],"wp:attachment":[{"href":"https:\/\/archeol.sav.sk\/index.php\/wp-json\/wp\/v2\/media?parent=7927"}],"curies":[{"name":"wp","href":"https:\/\/api.w.org\/{rel}","templated":true}]}}