{"id":76,"date":"2015-05-02T23:34:46","date_gmt":"2015-05-02T21:34:46","guid":{"rendered":"http:\/\/chcemlego.sk\/?page_id=76"},"modified":"2015-12-07T14:16:09","modified_gmt":"2015-12-07T12:16:09","slug":"uradne-hodiny","status":"publish","type":"page","link":"https:\/\/archeol.sav.sk\/index.php\/sk\/kontakt\/uradne-hodiny\/","title":{"rendered":"\u00daradn\u00e9 hodiny \u00fasek dokument\u00e1cie"},"content":{"rendered":"<p><b>\u00daradn\u00e9 hodiny pre verejnos\u0165:<\/b><\/p>\n<ul type=\"SQUARE\">\n<li>Streda: 8.00 &#8211; 13.00 h<\/li>\n<li>\u0160tvrtok: 11.00 &#8211; 15.00 h<\/li>\n<\/ul>\n<p>Pozor! <b>Zmena otv\u00e1rac\u00edch hod\u00edn vyhraden\u00e1!<\/b><\/p>\n<p>&nbsp;<\/p>\n<h1>Inform\u00e1cie o \u00faseku dokument\u00e1cie Archeologick\u00e9ho \u00fastavu SAV v Nitre<\/h1>\n<hr \/>\n<p><b>Adresa:<\/b><\/p>\n<p>Archeologick\u00fd \u00fastav SAV<br \/>\nAkademick\u00e1 2<br \/>\n949 21<br \/>\nNitra<\/p>\n<hr \/>\n<p><b>Person\u00e1lne obsadenie:<\/b><\/p>\n<p>Ing. Bla\u017eov\u00e1 Elena; Bart\u00edk Martin; Bist\u00e1kov\u00e1 Alena, Mgr. PhD.; Hnilov\u00e1 Anetta; Cheben Michal, Mgr.; Kotu\u013eak Daniel, Mgr.; Mlad\u00e1 M\u00e1ria; Pavilekov\u00e1 Ren\u00e1ta; Tok\u00e1rov\u00e1 Ingrid; Valkovi\u010dov\u00e1 Ter\u00e9zia<\/p>\n<p><b>e-mail : <\/b><a href=\"mailto:dokuau@savba.sk\">dokuau@savba.sk<\/a>, <a href=\"mailto:nrauhanz@savba.sk\">nrauhanz@savba.sk<\/a><\/p>\n<hr \/>\n<p>\u00dasek dokument\u00e1cie a vedeck\u00fdch skladov zhroma\u017e\u010fuje arch\u00edv n\u00e1lezov\u00fdch spr\u00e1v (okolo 15 000) a hl\u00e1sen\u00ed o ter\u00e9nnej aktivite na \u00fazem\u00ed Slovenska od roku 1939, arch\u00edv pl\u00e1nov a mapov\u00e9 diela v r\u00f4znych mierkach z \u00fazemia Slovenska, evidenciu stavebn\u00fdch vyjadren\u00ed \u2013 zhroma\u017e\u010fuje po\u017eiadavky stavebn\u00edkov a vyjadrenia k stavb\u00e1m.<\/p>\n<p>Je potrebn\u00e9 sa riadi\u0165 ustanoveniami z\u00e1kona \u010d. 49\/2002 Z.z. o ochrane pamiatkov\u00e9ho fondu. V \u017eiadosti o vyjadrenie je treba uvies\u0165 presn\u00fa lokaliz\u00e1ciu stavby- obec, ulica, parc.\u010d\u00edslo, okres, prilo\u017ei\u0165 a uvies\u0165 rozsah zemn\u00fdch pr\u00e1c a prilo\u017ei\u0165 v\u00fdsek z mapy a vyzna\u010di\u0165 miesto stavby.<\/p>\n<p>Arch\u00edv negat\u00edvov a diapozit\u00edvov zhroma\u017e\u010fuje fotodokument\u00e1ciu ter\u00e9nnych v\u00fdskumov a jednotliv\u00fdch n\u00e1lezov. Arch\u00edv obsahuje 136 500 kusov negat\u00edvov predmetov, 126 000 kusov negat\u00edvov ter\u00e9nu a okolo 30 000 kusov diapozit\u00edvov.<\/p>\n<p>V depozit\u00e1roch A\u00da SAV je ulo\u017een\u00fd \u010drepov\u00fd materi\u00e1l cca 10 000 krab\u00edc, drobn\u00e9 predmety cca 30 000 kusov, n\u00e1doby cca 6 000 kusov, \u013eudsk\u00e9 a zvieracie kosti. S\u00fa tu tie\u017e ulo\u017een\u00e9 rastlinn\u00e9 zvy\u0161ky, mazanica a uhl\u00edky. Po\u010det n\u00e1lezov sa men\u00ed, spracovan\u00e9 n\u00e1lezy sa deponuj\u00fa do m\u00faze\u00ed a nov\u00e9 prib\u00fadaj\u00fa. N\u00e1v\u0161tevn\u00edk m\u00f4\u017ee materi\u00e1l \u0161tudova\u0165 v priestoroch arch\u00edvu s p\u00edsomn\u00fdm s\u00fahlasom riadite\u013ea \u00fastavu a v pr\u00edtomnosti zodpovedn\u00e9ho pracovn\u00edka. Pokia\u013e ide o nepublikovan\u00fd materi\u00e1l, je potrebn\u00fd p\u00edsomn\u00fd s\u00fahlas autora. Treba sa riadi\u0165 ustanoveniami z\u00e1kona \u010d.395\/2002 Z.z. a Autorsk\u00fdm z\u00e1konom.<\/p>\n","protected":false},"excerpt":{"rendered":"<p>\u00daradn\u00e9 hodiny pre verejnos\u0165: Streda: 8.00 &#8211; 13.00 h \u0160tvrtok: 11.00 &#8211; 15.00 h Pozor! Zmena otv\u00e1rac\u00edch hod\u00edn vyhraden\u00e1! &nbsp; Inform\u00e1cie o \u00faseku dokument\u00e1cie Archeologick\u00e9ho \u00fastavu SAV v Nitre Adresa: Archeologick\u00fd \u00fastav SAV Akademick\u00e1 2 949 21 Nitra Person\u00e1lne obsadenie: Ing. Bla\u017eov\u00e1 Elena; Bart\u00edk Martin; Bist\u00e1kov\u00e1 Alena, Mgr. PhD.; Hnilov\u00e1 Anetta; Cheben Michal, Mgr.; Kotu\u013eak &#8230; <a class=\"read-more\" href=\"https:\/\/archeol.sav.sk\/index.php\/sk\/kontakt\/uradne-hodiny\/\">\u010c\u00edtajte viac<\/a><\/p>\n","protected":false},"author":1,"featured_media":0,"parent":73,"menu_order":0,"comment_status":"closed","ping_status":"closed","template":"","meta":[],"_links":{"self":[{"href":"https:\/\/archeol.sav.sk\/index.php\/wp-json\/wp\/v2\/pages\/76"}],"collection":[{"href":"https:\/\/archeol.sav.sk\/index.php\/wp-json\/wp\/v2\/pages"}],"about":[{"href":"https:\/\/archeol.sav.sk\/index.php\/wp-json\/wp\/v2\/types\/page"}],"author":[{"embeddable":true,"href":"https:\/\/archeol.sav.sk\/index.php\/wp-json\/wp\/v2\/users\/1"}],"replies":[{"embeddable":true,"href":"https:\/\/archeol.sav.sk\/index.php\/wp-json\/wp\/v2\/comments?post=76"}],"version-history":[{"count":6,"href":"https:\/\/archeol.sav.sk\/index.php\/wp-json\/wp\/v2\/pages\/76\/revisions"}],"predecessor-version":[{"id":889,"href":"https:\/\/archeol.sav.sk\/index.php\/wp-json\/wp\/v2\/pages\/76\/revisions\/889"}],"up":[{"embeddable":true,"href":"https:\/\/archeol.sav.sk\/index.php\/wp-json\/wp\/v2\/pages\/73"}],"wp:attachment":[{"href":"https:\/\/archeol.sav.sk\/index.php\/wp-json\/wp\/v2\/media?parent=76"}],"curies":[{"name":"wp","href":"https:\/\/api.w.org\/{rel}","templated":true}]}}