{"id":7484,"date":"2024-12-18T11:38:50","date_gmt":"2024-12-18T09:38:50","guid":{"rendered":"https:\/\/archeol.sav.sk\/?page_id=7484"},"modified":"2024-12-18T11:38:50","modified_gmt":"2024-12-18T09:38:50","slug":"hlinene-modely-obytnych-a-hospodarskych-stavieb","status":"publish","type":"page","link":"https:\/\/archeol.sav.sk\/index.php\/sk\/hlinene-modely-obytnych-a-hospodarskych-stavieb\/","title":{"rendered":"Hlinen\u00e9 modely obytn\u00fdch a hospod\u00e1rskych stavieb"},"content":{"rendered":"<p><a href=\"https:\/\/archeol.sav.sk\/files\/2_hlinene-modely-domov-1-scaled.jpg\"><img decoding=\"async\" loading=\"lazy\" class=\"alignleft wp-image-7474 size-full\" src=\"https:\/\/archeol.sav.sk\/files\/2_hlinene-modely-domov-1-scaled.jpg\" alt=\"\" width=\"2560\" height=\"1726\" srcset=\"https:\/\/archeol.sav.sk\/files\/2_hlinene-modely-domov-1-scaled.jpg 2560w, https:\/\/archeol.sav.sk\/files\/2_hlinene-modely-domov-1-scaled-300x202.jpg 300w, https:\/\/archeol.sav.sk\/files\/2_hlinene-modely-domov-1-scaled-1024x690.jpg 1024w, https:\/\/archeol.sav.sk\/files\/2_hlinene-modely-domov-1-768x518.jpg 768w, https:\/\/archeol.sav.sk\/files\/2_hlinene-modely-domov-1-1536x1036.jpg 1536w, https:\/\/archeol.sav.sk\/files\/2_hlinene-modely-domov-1-2048x1381.jpg 2048w\" sizes=\"(max-width: 2560px) 100vw, 2560px\" \/><\/a><\/p>\n<p>Hlinen\u00e9 modely obytn\u00fdch a hospod\u00e1rskych stavieb<\/p>\n<p>Neolit, eneolit<\/p>\n<p>Mgr. Jozef \u010euri\u0161, PhD.<\/p>\n<p>VEGA-2-0062-21 (Odraz soci\u00e1lno-ekonomick\u00fdch zmien v \u0161trukt\u00fare zakladania a budovania pravek\u00fdch s\u00eddlisk)<\/p>\n<p>&nbsp;<\/p>\n<p>Trojrozmern\u00e9 hlinen\u00e9 modely\/plastiky obytn\u00fdch a hospod\u00e1rskych stavieb, sp\u00e1jan\u00e9 s\u00a0ikonografiou domu sa naj\u010dastej\u0161ie vyskytovali v\u00a0obdob\u00ed neolitu a\u00a0eneolitu, pri\u010dom v r\u00e1mci informa\u010dn\u00fdch prame\u0148ov patria medzi sekund\u00e1rne zdroje inform\u00e1ci\u00ed, ktor\u00e9 pod\u00e1vaj\u00fa nepriame, av\u0161ak autentick\u00e9 svedectv\u00e1 o\u00a0stavebn\u00fdch kon\u0161trukci\u00e1ch obytn\u00fdch a hospod\u00e1rskych stavieb. Na jednotliv\u00e9 hlinen\u00e9 modely\/plastiky pravek\u00fdch stavieb, ako na hodnovern\u00fd a\u00a0objekt\u00edvny zdroj inform\u00e1cii, vznik\u00e1 sporn\u00fd poh\u013ead viacer\u00fdch b\u00e1date\u013eov, a\u00a0to aj vzh\u013eadom na ich \u0161tylizovan\u00fd charakter a\u00a0pomerne zjednodu\u0161en\u00fa formu vyobrazovania kon\u0161truk\u010dn\u00fdch prvkov (\u010dastokr\u00e1t bez detailov). Taktie\u017e vznik\u00e1 ot\u00e1zka, \u010di kon\u0161trukcie a\u00a0stavebn\u00e9 techniky, zachyten\u00e9 na jednotliv\u00fdch hlinen\u00fdch modelov, interpretovan\u00fdch ako (zv\u00e4\u010d\u0161a mal\u00e9) hospod\u00e1rske stavby (vr\u00e1tane studn\u00ed, pr\u00edpadne pohrebn\u00e9, sakr\u00e1lne, opev\u0148ovacie objekty), boli pravidelne pou\u017e\u00edvan\u00e9 aj zlo\u017eitej\u0161\u00edch kon\u0161trukci\u00e1ch, v\u00e4\u010d\u0161inou priestrann\u00fdch obytn\u00fdch domov.<\/p>\n<p>Hlinen\u00e9 modely\/plastiky obytn\u00fdch a hospod\u00e1rskych stavieb sa objavovali u\u017e v\u00a0starom eneolite, v\u00a0prostred\u00ed kult\u00far stredn\u00e9ho Podunajska, Balk\u00e1nu a\u00a0z\u00e1padnej Ukrajiny, pri\u010dom jednotliv\u00e9 modely preva\u017ene poch\u00e1dzali zo s\u00eddliskov\u00fdch n\u00e1lezov\u00fdch kontextov. Eneolitick\u00e9 hlinen\u00e9 plastiky sa daj\u00fa pod\u013ea charakteru zobrazenia rozdeli\u0165 na viacer\u00e9 skupiny. Konkr\u00e9tne prv\u00fa skupinu reprezentuj\u00fa exteri\u00e9rov\u00e9 modely s\u00a0obd\u013a\u017enikov\u00fdm p\u00f4dorysom,\u00a0zvisl\u00fdmi stenami a\u00a0sedlovou strechou (r\u00f4znych ve\u013ekost\u00ed a\u00a0s r\u00f4znym zobrazen\u00edm detailov). Druh\u00fa skupinu tvoria modely interi\u00e9rov stavieb, kde ide o\u00a0skuto\u010dn\u00e9 miniat\u00farne zn\u00e1zornenia vn\u00fatorn\u00e9ho vybavenia domu (poh\u013ead zhora na okr\u00fahlu alebo pravouhl\u00fa \u0161tylizovan\u00fa plo\u0161inu so zaoblen\u00fdmi rohmi, pr\u00edpadne poh\u013ead zhora do\u00a0otvorenej n\u00e1doby, ktor\u00e9 spravidla st\u00e1li na hlinen\u00fdch n\u00f4\u017ekach). Tretiu skupinu tvoria fragmenty alebo\u00a0 ojedinele cel\u00e9 predmety, ktor\u00e9 sa k\u00a0modelom domov radia iba na z\u00e1klade jednotliv\u00fdch znakov, a\u00a0to sprostredkovane cez anal\u00f3gie cel\u00fdch exempl\u00e1rov, pri\u010dom ich interpret\u00e1cia b\u00fdva pomerne \u010dasto sporn\u00e1.<\/p>\n<p>&nbsp;<\/p>\n<p>Literat\u00fara:<\/p>\n<h6><em>Bar-Yosef\/Belfer-Cohen 1992 \u2013 <\/em>O. Bar-Yosef\/A. Belfer-Cohen: From foraging to farming in the Mediterranean Levant. In: Gebauer A. B., Price T. D. (eds) \u2013 Transition to agriculture in Prehistory. Madison, Wisconsin: Prehistory Press, 1992, 21\u201348.<\/h6>\n<h6><em>B\u00f6hm 1941 \u2013 <\/em>J. B\u00f6hm: Kronika objeven\u00e9ho v\u011bku. Praha 1941.<\/h6>\n<h6><em>Caselli 1983 \u2013 <\/em>C. Caselli: History of Everyday Things, London 1983.<\/h6>\n<h6><em>Dvo\u0159\u00e1k 1997 \u2013 <\/em>P. Dvo\u0159\u00e1k: Dom\u010dek z\u00a0Bran\u010da. Klenotnica slovenskej minulosti. Nede\u013en\u00e1 Pravda 27, 1997, 26.<\/h6>\n<h6><em>Kaminsk\u00e1 2007 \u2013 <\/em>\u013d. Kaminsk\u00e1: Pravek\u00e9 os\u00eddlenie pieskovej duny Ve\u013ek\u00e1 Mo\u013eva v\u00a0\u010c\u00ed\u010darovciach. Slov. Arch. 55, 2007, 203\u2013260.<\/h6>\n<h6><em>Kov\u00e1\u010d a kol. 1998 \u2013 <\/em>D. Kov\u00e1\u010d a\u00a0kol.: Kronika Slovenska 1. Od najstar\u0161\u00edch \u010dias do konca 19. storo\u010dia. Fortuna Print Bratislava 1998.<\/h6>\n<h6><em>Marianovi\u010d 1993 \u2013 <\/em>B. Marianovi\u010d: Les Balkans Centraux et la Pannonie du Sud, Atlas du Neolithique europ\u00e9en, L\u00b4Europe orientale, E.R.A.U.L. No. 45, Li\u00e9ge, 1993, 111\u2013126.<\/h6>\n<h6><em>M\u00fcller-Karpe 1968 \u2013 <\/em>M\u00fcller-Karpe: Handbuch der Vorgeschichte. Band II. Jungsteinzeit. M\u00fcnchen 1968.<\/h6>\n<h6><em>N\u011bmejcov\u00e1-Pav\u00fakov\u00e1 1987 \u2013 <\/em>V. N\u011bmejcov\u00e1-Pav\u00fakov\u00e1: Z\u00e1chrann\u00fd v\u00fdskum v Ko\u010d\u00edne. AVANS 1986, 1987, 75\u201376, 135.<\/h6>\n<h6><em>Novotn\u00fd 1963 \u2013 <\/em>B. Novotn\u00fd: Fragment hlinen\u00e9ho modelu zo \u0160tefanovej. Zborn\u00edk Filozofickej fakulty Univerzity Komensk\u00e9ho, Musaica 14 (III), Bratislava 1963, 5\u201310.<\/h6>\n<h6><em>Ondru\u0161 a kol. 1996 \u2013 <\/em>V. Ondru\u0161 a kolekt\u00edv: Prav\u011bk Moravy, Brno 1996.<\/h6>\n<h6><em>Palliardi 1916 \u2013 <\/em>J. Palliardi: Hlin\u011bn\u00e9 modely neolitick\u00fdch ch\u00fd\u0161\u00ed. \u010casopis moravsk\u00e9ho musea zemsk\u00e9ho 16, Brno 1916, 41\u201352.<\/h6>\n<h6><em>Pavl\u016f 2007 \u2013 <\/em>I. Pavl\u016f: Tvar a\u00a0idea neolitick\u00e9ho domu. Prav\u011bk N\u0158 15\/2005, Brno 2007, 13<em>\u2013<\/em>23.<\/h6>\n<h6><em>Pav\u00fak\/\u0160i\u0161ka 1971 \u2013 <\/em>J. Pav\u00fak\/S. \u0160i\u0161ka: Neolitick\u00e9 a\u00a0eneolitick\u00e9 os\u00eddlenie Slovenska. Slov. Arch. 19, 1971, 319\u2013364.<\/h6>\n<h6><em>Podborsk\u00fd 1993 \u2013 <\/em>V. Podborsk\u00fd: Na prahu doby kovov\u00e9 (eneolit) \u2013 Jordanovsk\u00e1 skupina. In: autorsk\u00fd kolektiv, Prav\u011bk\u00e9 D\u011bjiny Moravy, Brno 1993, 158\u2013160.<\/h6>\n<h6><em>Raczky et. al. 1985 \u2013 <\/em>P. Raczky\/M. Seleanu\/G. R\u00f3zsa et al.: \u00d6cs\u00f6d-Kov\u00e1shalom. The intensive Topographical and Archaeological Investigation of a\u00a0Late Neolithic Site. Preliminary Report. MittArchlnst 14, 1985, 251\u2013278.<\/h6>\n<h6><em>Raczky 1987 \u2013 <\/em>P. Raczky: \u00d6cs\u00f6d-Kov\u00e1shalom. A\u00a0settlement of the Tisza culture. In: P. Raczky: (Ed.), The Late Neolithic on the Tisza region. Koassuth Press. Budapest, Szolnok 1987, 61\u201383.<\/h6>\n<h6><em>Seferiades 1993 \u2013 <\/em>M. Seferiades: La Grece, Atlas du Neolithique europ\u00e9en, L\u00b4Europe orientale, E.R.A.U.L. No. 45, Li\u00e9ge, 1993, 7\u201360.<\/h6>\n<h6><em>Tich\u00fd a kol. 2001 \u2013 <\/em>R. An\u00fd\u017e\/H. Dohn\u00e1lkov\u00e1\/I. Dohn\u00e1lkov\u00e1\/L. Duch\u00e1\u010d\/M. Kon\u010delov\u00e1\/M. Slez\u00e1k\/E. Stachov\u00e1\/M. \u0160t\u011bp\u00e1n\/R. Th\u00e9r\/A. Tich\u00e1\/R. Tich\u00fd: P\u0159\u00edsp\u011bvek k\u00a0pozn\u00e1n\u00ed stavby prav\u011bk\u00e9ho domu k\u016flov\u00e9 konstrukce. \u017div\u00e1 archeologie, (Re)konstrukce a\u00a0experiment v\u00a0archeologii 2, 2001, 45\u201374.<\/h6>\n<h6><em>Vlad\u00e1r 1962 \u2013 <\/em>J. Vlad\u00e1r: V\u00fdskum v\u00a0Bran\u010di pri Nitre v\u00a0roku 1961. Arch. Rozhledy 14, 1962, 308\u2013327, 329\u2013333.<\/h6>\n<h6><em>Vlad\u00e1r\/Lichardus 1968 \u2013 <\/em>J. Vlad\u00e1r\/J. Lichardus: Erforschung der fr\u00fch\u00e4neolitischen Siedlungen in Bran\u010d. Slov. Arch. 16, 1968, 263\u2013352.<\/h6>\n<p>&nbsp;<\/p>\n","protected":false},"excerpt":{"rendered":"<p>Hlinen\u00e9 modely obytn\u00fdch a hospod\u00e1rskych stavieb Neolit, eneolit Mgr. Jozef \u010euri\u0161, PhD. VEGA-2-0062-21 (Odraz soci\u00e1lno-ekonomick\u00fdch zmien v \u0161trukt\u00fare zakladania a budovania pravek\u00fdch s\u00eddlisk) &nbsp; Trojrozmern\u00e9 hlinen\u00e9 modely\/plastiky obytn\u00fdch a hospod\u00e1rskych stavieb, sp\u00e1jan\u00e9 s\u00a0ikonografiou domu sa naj\u010dastej\u0161ie vyskytovali v\u00a0obdob\u00ed neolitu a\u00a0eneolitu, pri\u010dom v r\u00e1mci informa\u010dn\u00fdch prame\u0148ov patria medzi sekund\u00e1rne zdroje inform\u00e1ci\u00ed, ktor\u00e9 pod\u00e1vaj\u00fa nepriame, av\u0161ak autentick\u00e9 &#8230; <a class=\"read-more\" href=\"https:\/\/archeol.sav.sk\/index.php\/sk\/hlinene-modely-obytnych-a-hospodarskych-stavieb\/\">\u010c\u00edtajte viac<\/a><\/p>\n","protected":false},"author":2,"featured_media":0,"parent":0,"menu_order":0,"comment_status":"closed","ping_status":"closed","template":"","meta":[],"_links":{"self":[{"href":"https:\/\/archeol.sav.sk\/index.php\/wp-json\/wp\/v2\/pages\/7484"}],"collection":[{"href":"https:\/\/archeol.sav.sk\/index.php\/wp-json\/wp\/v2\/pages"}],"about":[{"href":"https:\/\/archeol.sav.sk\/index.php\/wp-json\/wp\/v2\/types\/page"}],"author":[{"embeddable":true,"href":"https:\/\/archeol.sav.sk\/index.php\/wp-json\/wp\/v2\/users\/2"}],"replies":[{"embeddable":true,"href":"https:\/\/archeol.sav.sk\/index.php\/wp-json\/wp\/v2\/comments?post=7484"}],"version-history":[{"count":1,"href":"https:\/\/archeol.sav.sk\/index.php\/wp-json\/wp\/v2\/pages\/7484\/revisions"}],"predecessor-version":[{"id":7486,"href":"https:\/\/archeol.sav.sk\/index.php\/wp-json\/wp\/v2\/pages\/7484\/revisions\/7486"}],"wp:attachment":[{"href":"https:\/\/archeol.sav.sk\/index.php\/wp-json\/wp\/v2\/media?parent=7484"}],"curies":[{"name":"wp","href":"https:\/\/api.w.org\/{rel}","templated":true}]}}