{"id":7356,"date":"2024-10-31T12:10:10","date_gmt":"2024-10-31T10:10:10","guid":{"rendered":"https:\/\/archeol.sav.sk\/?page_id=7356"},"modified":"2024-10-31T12:10:10","modified_gmt":"2024-10-31T10:10:10","slug":"adna-isotope-and-kinship-studies-of-bronze-age-cemetery-at-nizna-mysla","status":"publish","type":"page","link":"https:\/\/archeol.sav.sk\/index.php\/en\/adna-isotope-and-kinship-studies-of-bronze-age-cemetery-at-nizna-mysla\/","title":{"rendered":"aDNA, Isotope and Kinship Studies of Bronze Age Cemetery at Ni\u017en\u00e1 My\u0161\u013ea"},"content":{"rendered":"<p><strong>Tracing Blood and Social Ties: Integrating aDNA, Isotope Analyses, and Kinship Studies in a Research on the Bronze Age Cemetery at Ni\u017en\u00e1 My\u0161\u013ea (Slovakia)<\/strong><\/p>\n<p><strong>Project of Grant Agency NCN (Poland), OPUS 26, 2023\/51\/B\/HS3\/01381<\/strong><\/p>\n<p><strong>Key words:<\/strong> aDNA analyses, isotope analyses, kinship, physical anthropology, Otomani-F\u00fczesabony, Ni\u017en\u00e1 My\u0161\u013ea, burial ground, Early Bronze Age, Slovakia<\/p>\n<p><strong>Duration:<\/strong> 10\/2024 \u2013 9\/2028<\/p>\n<p><strong>Project summary:<\/strong><\/p>\n<p>The project will advance our understanding of prehistoric societies across Europe through the comprehensive evaluation of the Ni\u017en\u00e1 My\u0161\u013ea cemetery in Slovakia. Utilizing a multidisciplinary approach, the research aims to uncover the social and biological dynamics of the local community. A large number of graves, a long time span, and distinctive spatial arrangement offer a unique opportunity to explore the microhistory of a local population within one of the critical regions within Early Bronze Age Europe. The biological kinship and social structures will be investigated based on the cemetery\u2019s distinct burial arrangements, grave inventories, and burial customs. In addition, issues regarding diet and mobility patterns, including migrations, will be examined. The results of the project are expected to refine current models of Early Bronze Age societies and provide valuable data for further discussions.<\/p>\n<p><a href=\"https:\/\/archeol.sav.sk\/files\/Nizna-Mysla-1-scaled.jpg\"><img decoding=\"async\" loading=\"lazy\" class=\" wp-image-7357 alignnone\" src=\"https:\/\/archeol.sav.sk\/files\/Nizna-Mysla-1-scaled-300x103.jpg\" alt=\"\" width=\"976\" height=\"335\" srcset=\"https:\/\/archeol.sav.sk\/files\/Nizna-Mysla-1-scaled-300x103.jpg 300w, https:\/\/archeol.sav.sk\/files\/Nizna-Mysla-1-scaled-1024x352.jpg 1024w, https:\/\/archeol.sav.sk\/files\/Nizna-Mysla-1-768x264.jpg 768w, https:\/\/archeol.sav.sk\/files\/Nizna-Mysla-1-scaled-1536x527.jpg 1536w, https:\/\/archeol.sav.sk\/files\/Nizna-Mysla-1-scaled-2048x703.jpg 2048w\" sizes=\"(max-width: 976px) 100vw, 976px\" \/><\/a><\/p>\n<p><a href=\"https:\/\/storymaps.arcgis.com\/stories\/0e78861cf244438aae0a50014c870252\">Read more about the project <u>here<\/u>.<\/a><\/p>\n<p><strong>Scientific collaborators:<\/strong><\/p>\n<p><strong>Institute of European Culture, Adam Mickiewicz University <\/strong><\/p>\n<p><strong>prof. UAM dr hab. Mateusz Jaeger (principal investigator)<\/strong><\/p>\n<p><strong>Institute of Archaeology, Slovak Academy of Sciences <\/strong><\/p>\n<p><strong>Mgr. Dominika Oravkinov\u00e1, PhD.<\/strong><\/p>\n<p><strong>Bc. Zuzana Huke\u013eov\u00e1, M.Sc., PhD.<\/strong><\/p>\n<p><strong>Mgr. M\u00e1ria Kro\u0161l\u00e1kov\u00e1, PhD.<\/strong><\/p>\n<p><strong>Mgr. \u0160tefan Ol\u0161av, PhD.<\/strong><\/p>\n<p><strong>Institute of Human Biology and Evolution, Faculty of Biology, Adam Mickiewicz University <\/strong><\/p>\n<p><strong>Dr. Anna Juras<\/strong><\/p>\n<p><strong>Dr. Maciej Chyle\u0144ski<\/strong><\/p>\n<p><strong>The Institute of Archaeology and Ethnology, Faculty of History, University of Gda\u0144sk <\/strong><\/p>\n<p>Dr. \u0141ukasz Pospieszny<\/p>\n","protected":false},"excerpt":{"rendered":"<p>Tracing Blood and Social Ties: Integrating aDNA, Isotope Analyses, and Kinship Studies in a Research on the Bronze Age Cemetery at Ni\u017en\u00e1 My\u0161\u013ea (Slovakia) Project of Grant Agency NCN (Poland), OPUS 26, 2023\/51\/B\/HS3\/01381 Key words: aDNA analyses, isotope analyses, kinship, physical anthropology, Otomani-F\u00fczesabony, Ni\u017en\u00e1 My\u0161\u013ea, burial ground, Early Bronze Age, Slovakia Duration: 10\/2024 \u2013 9\/2028 &#8230; <a class=\"read-more\" href=\"https:\/\/archeol.sav.sk\/index.php\/en\/adna-isotope-and-kinship-studies-of-bronze-age-cemetery-at-nizna-mysla\/\">\u010c\u00edtajte viac<\/a><\/p>\n","protected":false},"author":2,"featured_media":7357,"parent":0,"menu_order":0,"comment_status":"closed","ping_status":"closed","template":"","meta":[],"_links":{"self":[{"href":"https:\/\/archeol.sav.sk\/index.php\/wp-json\/wp\/v2\/pages\/7356"}],"collection":[{"href":"https:\/\/archeol.sav.sk\/index.php\/wp-json\/wp\/v2\/pages"}],"about":[{"href":"https:\/\/archeol.sav.sk\/index.php\/wp-json\/wp\/v2\/types\/page"}],"author":[{"embeddable":true,"href":"https:\/\/archeol.sav.sk\/index.php\/wp-json\/wp\/v2\/users\/2"}],"replies":[{"embeddable":true,"href":"https:\/\/archeol.sav.sk\/index.php\/wp-json\/wp\/v2\/comments?post=7356"}],"version-history":[{"count":1,"href":"https:\/\/archeol.sav.sk\/index.php\/wp-json\/wp\/v2\/pages\/7356\/revisions"}],"predecessor-version":[{"id":7358,"href":"https:\/\/archeol.sav.sk\/index.php\/wp-json\/wp\/v2\/pages\/7356\/revisions\/7358"}],"wp:featuredmedia":[{"embeddable":true,"href":"https:\/\/archeol.sav.sk\/index.php\/wp-json\/wp\/v2\/media\/7357"}],"wp:attachment":[{"href":"https:\/\/archeol.sav.sk\/index.php\/wp-json\/wp\/v2\/media?parent=7356"}],"curies":[{"name":"wp","href":"https:\/\/api.w.org\/{rel}","templated":true}]}}