{"id":7349,"date":"2024-10-31T12:01:57","date_gmt":"2024-10-31T10:01:57","guid":{"rendered":"https:\/\/archeol.sav.sk\/?page_id=7349"},"modified":"2024-10-31T12:07:51","modified_gmt":"2024-10-31T10:07:51","slug":"vyskum-adna-stabilnych-izotopov-a-pribuzenstva-na-pohrebisku-z-doby-bronzovej-v-niznej-mysli","status":"publish","type":"page","link":"https:\/\/archeol.sav.sk\/index.php\/sk\/vyskum-adna-stabilnych-izotopov-a-pribuzenstva-na-pohrebisku-z-doby-bronzovej-v-niznej-mysli\/","title":{"rendered":"V\u00fdskum aDNA, stabiln\u00fdch izotopov a pr\u00edbuzenstva na pohrebisku z doby bronzovej v Ni\u017enej My\u0161li"},"content":{"rendered":"<p><strong>Tracing Blood and Social Ties: Integrating aDNA, Isotope Analyses, and Kinship Studies in a Research on the Bronze Age Cemetery at Ni\u017en\u00e1 My\u0161\u013ea (Slovakia)<\/strong><\/p>\n<p><strong>Projekt grantovej agent\u00fary NCN (Po\u013esko), OPUS 26, 2023\/51\/B\/HS3\/01381<\/strong><\/p>\n<p><strong>K\u013e\u00fa\u010dov\u00e9 slov\u00e1:<\/strong> aDNA anal\u00fdza, stabiln\u00e9 izotopy, pr\u00edbuzenstvo, fyzick\u00e1 antropol\u00f3gia, Otomani-F\u00fczesabony, Ni\u017en\u00e1 My\u0161\u013ea, pohrebisko, star\u0161ia doba bronzov\u00e1, Slovensko<\/p>\n<p><strong>Doba rie\u0161enia:<\/strong> 10\/2024 \u2013 9\/2028<\/p>\n<p><strong>Anot\u00e1cia projektu:<\/strong><\/p>\n<p>Projekt prispeje k hlb\u0161iemu pochopeniu pravek\u00fdch spolo\u010dnost\u00ed prostredn\u00edctvom anal\u00fdzy pohrebiska zo star\u0161ej doby bronzovej v Ni\u017enej My\u0161li na Slovensku. V r\u00e1mci multidisciplin\u00e1rneho pr\u00edstupu sa v\u00fdskum s\u00fastred\u00ed na zhodnotenie spolo\u010densk\u00fdch a biologick\u00fdch dynam\u00edk miestnej komunity. Po\u010det odkryt\u00fdch hrobov, dlh\u00e9 trvanie a charakteristick\u00e9 priestorov\u00e9 usporiadanie pohrebiska pon\u00fakaj\u00fa pr\u00edle\u017eitos\u0165 na presk\u00famanie mikrohist\u00f3rie miestnej popul\u00e1cie v jednej z k\u013e\u00fa\u010dov\u00fdch oblast\u00ed pre porozumenie doby bronzovej v \u0161ir\u0161om eur\u00f3pskom kontexte. Pozornos\u0165 bude zameran\u00e1 na mo\u017en\u00e9 genetick\u00e9 a spolo\u010densko-ekonomick\u00e9 v\u00e4zby v popul\u00e1cii, ktor\u00e9 mo\u017eno predpoklada\u0165 na z\u00e1klade osobit\u00e9ho usporiadania hrobov v priestore, hrobov\u00fdch invent\u00e1rov a pohrebn\u00fdch \u0161pecif\u00edk. Taktie\u017e bud\u00fa objasnen\u00e9 ot\u00e1zky oh\u013eadom v\u00fd\u017eivy a miere mobility, vr\u00e1tane migr\u00e1ci\u00ed. O\u010dak\u00e1van\u00e9 v\u00fdsledky prispej\u00fa k upresneniu s\u00fa\u010dasn\u00fdch modelov o organiz\u00e1cii spolo\u010dnosti v dobe bronzovej a poskytn\u00fa cenn\u00e9 \u00fadaje do \u010fal\u0161\u00edch diskusi\u00ed.<\/p>\n<p><a href=\"https:\/\/archeol.sav.sk\/files\/Nizna-Mysla-scaled.jpg\"><img decoding=\"async\" loading=\"lazy\" class=\"wp-image-7348 alignnone\" src=\"https:\/\/archeol.sav.sk\/files\/Nizna-Mysla-scaled-300x103.jpg\" alt=\"\" width=\"743\" height=\"255\" srcset=\"https:\/\/archeol.sav.sk\/files\/Nizna-Mysla-scaled-300x103.jpg 300w, https:\/\/archeol.sav.sk\/files\/Nizna-Mysla-scaled-1024x352.jpg 1024w, https:\/\/archeol.sav.sk\/files\/Nizna-Mysla-768x264.jpg 768w, https:\/\/archeol.sav.sk\/files\/Nizna-Mysla-scaled-1536x527.jpg 1536w, https:\/\/archeol.sav.sk\/files\/Nizna-Mysla-2048x703.jpg 2048w\" sizes=\"(max-width: 743px) 100vw, 743px\" \/><\/a><\/p>\n<p><a href=\"https:\/\/storymaps.arcgis.com\/stories\/b8e0e1e8f8be4cacae2fbacbf08cb6ad\">Viac na informa\u010dnej str\u00e1nke projektu <u>tu<\/u>.<\/a><\/p>\n<p><strong>Rie\u0161ite\u013esk\u00fd kolekt\u00edv:<\/strong><\/p>\n<p><strong>In\u0161tit\u00fat Eur\u00f3pskej kult\u00fary, Univerzita Adama Mickiewicza<\/strong><\/p>\n<p><strong>prof. UAM dr hab. Mateusz Jaeger (ved\u00faci projektu)<\/strong><\/p>\n<p><strong>Archeologick\u00fd \u00fastav SAV, v. v. i.<\/strong><\/p>\n<p><strong>Mgr. Dominika Oravkinov\u00e1, PhD.<\/strong><\/p>\n<p><strong>Bc. Zuzana Huke\u013eov\u00e1, M.Sc., PhD.<\/strong><\/p>\n<p><strong>Mgr. M\u00e1ria Kro\u0161l\u00e1kov\u00e1, PhD.<\/strong><\/p>\n<p><strong>Mgr. \u0160tefan Ol\u0161av, PhD.<\/strong><\/p>\n<p><strong>In\u0161tit\u00fat biol\u00f3gie a evol\u00facie \u010dloveka, Fakulta biol\u00f3gie, Univerzita Adama Mickiewicza<\/strong><\/p>\n<p><strong>Dr. Anna Juras<\/strong><\/p>\n<p><strong>Dr. Maciej Chyle\u0144ski<\/strong><\/p>\n<p><strong>In\u0161tit\u00fat archeol\u00f3gie a etnol\u00f3gie, Fakulta hist\u00f3rie, Gda\u0148sk\u00e1 univerzita<\/strong><\/p>\n<p>Dr. \u0141ukasz Pospieszny<\/p>\n","protected":false},"excerpt":{"rendered":"<p>Tracing Blood and Social Ties: Integrating aDNA, Isotope Analyses, and Kinship Studies in a Research on the Bronze Age Cemetery at Ni\u017en\u00e1 My\u0161\u013ea (Slovakia) Projekt grantovej agent\u00fary NCN (Po\u013esko), OPUS 26, 2023\/51\/B\/HS3\/01381 K\u013e\u00fa\u010dov\u00e9 slov\u00e1: aDNA anal\u00fdza, stabiln\u00e9 izotopy, pr\u00edbuzenstvo, fyzick\u00e1 antropol\u00f3gia, Otomani-F\u00fczesabony, Ni\u017en\u00e1 My\u0161\u013ea, pohrebisko, star\u0161ia doba bronzov\u00e1, Slovensko Doba rie\u0161enia: 10\/2024 \u2013 9\/2028 Anot\u00e1cia &#8230; <a class=\"read-more\" href=\"https:\/\/archeol.sav.sk\/index.php\/sk\/vyskum-adna-stabilnych-izotopov-a-pribuzenstva-na-pohrebisku-z-doby-bronzovej-v-niznej-mysli\/\">\u010c\u00edtajte viac<\/a><\/p>\n","protected":false},"author":2,"featured_media":7348,"parent":0,"menu_order":0,"comment_status":"closed","ping_status":"closed","template":"","meta":[],"_links":{"self":[{"href":"https:\/\/archeol.sav.sk\/index.php\/wp-json\/wp\/v2\/pages\/7349"}],"collection":[{"href":"https:\/\/archeol.sav.sk\/index.php\/wp-json\/wp\/v2\/pages"}],"about":[{"href":"https:\/\/archeol.sav.sk\/index.php\/wp-json\/wp\/v2\/types\/page"}],"author":[{"embeddable":true,"href":"https:\/\/archeol.sav.sk\/index.php\/wp-json\/wp\/v2\/users\/2"}],"replies":[{"embeddable":true,"href":"https:\/\/archeol.sav.sk\/index.php\/wp-json\/wp\/v2\/comments?post=7349"}],"version-history":[{"count":4,"href":"https:\/\/archeol.sav.sk\/index.php\/wp-json\/wp\/v2\/pages\/7349\/revisions"}],"predecessor-version":[{"id":7355,"href":"https:\/\/archeol.sav.sk\/index.php\/wp-json\/wp\/v2\/pages\/7349\/revisions\/7355"}],"wp:featuredmedia":[{"embeddable":true,"href":"https:\/\/archeol.sav.sk\/index.php\/wp-json\/wp\/v2\/media\/7348"}],"wp:attachment":[{"href":"https:\/\/archeol.sav.sk\/index.php\/wp-json\/wp\/v2\/media?parent=7349"}],"curies":[{"name":"wp","href":"https:\/\/api.w.org\/{rel}","templated":true}]}}