{"id":73,"date":"2015-05-02T23:34:17","date_gmt":"2015-05-02T21:34:17","guid":{"rendered":"http:\/\/chcemlego.sk\/?page_id=73"},"modified":"2022-03-16T12:38:11","modified_gmt":"2022-03-16T10:38:11","slug":"kontakt","status":"publish","type":"page","link":"https:\/\/archeol.sav.sk\/index.php\/sk\/kontakt\/","title":{"rendered":"Kontakt"},"content":{"rendered":"<p><b>Adresa:<\/b><\/p>\n<p><strong>Archeologick\u00fd \u00fastav Slovenskej akad\u00e9mie vied, v.v.i.<\/strong><strong><br \/>\n<\/strong>Akademick\u00e1 2, 949 21 Nitra<br \/>\ntel.: 037 \/ 64 10 051<br \/>\ne-mail: nrausekr@savba.sk<\/p>\n<p>&nbsp;<\/p>\n<p><strong>Archeologick\u00fd \u00fastav Slovenskej akad\u00e9mie vied, v.v.i.<\/strong><\/p>\n<p><strong>Oddelenie pre v\u00fdskum v\u00fdchodn\u00e9ho Slovenska<\/strong><strong><br \/>\n<\/strong>Hrn\u010diarska 13, 040 01 Ko\u0161ice<br \/>\ntel.: 055 \/ 62 226 82<br \/>\ne-mail: kaminska@saske.sk<\/p>\n<hr \/>\n<p><strong>Sekretari\u00e1t<\/strong><\/p>\n<p><b>Tel.:<\/b> 037\/6943231<br \/>\n<b>Fax:<\/b> 037\/7335618<br \/>\n<b>E-mail:<\/b> <a href=\"mailto:nrausekr@savba.sk\">nrausekr@savba.sk<\/a><\/p>\n<p>&nbsp;<\/p>\n<p><strong>Archeologick\u00fd v\u00fdskum, Slovensko<br \/>\n<\/strong><\/p>\n<p>Mgr. Marek Vojte\u010dek, PhD.,<\/p>\n<p>Akademick\u00e1 2, SK-949 21 Nitra<\/p>\n<p>Tel.: +421902925643<br \/>\n<strong>E-mail: <\/strong><a href=\"mailto:nraumvoj@savba.sk\">nraumvoj@savba.sk<\/a><\/p>\n<p>Mgr. Michal Cheben<\/p>\n<p>Tel.: +421902925652<\/p>\n<p><strong>E-mail: <\/strong><a href=\"mailto:michal.cheben@savba.sk\">michal.cheben@savba.sk<\/a><\/p>\n<p>&nbsp;<\/p>\n<p><strong>Archeologick\u00fd v\u00fdskum, stredn\u00e9 Slovensko<br \/>\n<\/strong><\/p>\n<p>PhDr. J\u00e1n Beljak, PhD.<\/p>\n<p>\u0160t\u00farova 2, 960 53 Zvolen<\/p>\n<p><b>Tel.:<\/b> +421 902 925 642<\/p>\n<p><strong>E-mail:<\/strong> <a href=\"mailto:jan.beljak@savba.sk\">jan.beljak@savba.sk<\/a><\/p>\n<p><strong>\u00a0<\/strong><\/p>\n<p><strong>Archeologick\u00fd v\u00fdskum, v\u00fdchodn\u00e9 Slovensko<br \/>\n<\/strong><\/p>\n<p>Mgr. Marek Vojte\u010dek, PhD.,<\/p>\n<p>Hrn\u010diarska 13, 040 01 Ko\u0161ice<\/p>\n<p>Tel.: +421902925643<br \/>\n<strong>E-mail: <\/strong><a href=\"mailto:nraumvoj@savba.sk\">nraumvoj@savba.sk<\/a><\/p>\n<p>Mgr. Michal Cheben<\/p>\n<p>Tel.: +421902925652<\/p>\n<p><strong>E-mail: <\/strong><a href=\"mailto:michal.cheben@savba.sk\">michal.cheben@savba.sk<\/a><\/p>\n<p>&nbsp;<\/p>\n<p><strong>Archeologick\u00fd v\u00fdskum,Spi\u0161<\/strong><\/p>\n<p>PhDr. Mari\u00e1n Soj\u00e1k, PhD.,<\/p>\n<p><b>Tel.:<\/b> +421 902 925\u00a0671<\/p>\n<p><strong>E-mail:<\/strong> <a href=\"mailto:sojak@ta3.sk\">sojak@ta3.sk<\/a><\/p>\n<p>&nbsp;<\/p>\n","protected":false},"excerpt":{"rendered":"<p>Adresa: Archeologick\u00fd \u00fastav Slovenskej akad\u00e9mie vied, v.v.i. Akademick\u00e1 2, 949 21 Nitra tel.: 037 \/ 64 10 051 e-mail: nrausekr@savba.sk &nbsp; Archeologick\u00fd \u00fastav Slovenskej akad\u00e9mie vied, v.v.i. Oddelenie pre v\u00fdskum v\u00fdchodn\u00e9ho Slovenska Hrn\u010diarska 13, 040 01 Ko\u0161ice tel.: 055 \/ 62 226 82 e-mail: kaminska@saske.sk Sekretari\u00e1t Tel.: 037\/6943231 Fax: 037\/7335618 E-mail: nrausekr@savba.sk &nbsp; Archeologick\u00fd v\u00fdskum, &#8230; <a class=\"read-more\" href=\"https:\/\/archeol.sav.sk\/index.php\/sk\/kontakt\/\">\u010c\u00edtajte viac<\/a><\/p>\n","protected":false},"author":1,"featured_media":0,"parent":0,"menu_order":0,"comment_status":"closed","ping_status":"closed","template":"","meta":[],"_links":{"self":[{"href":"https:\/\/archeol.sav.sk\/index.php\/wp-json\/wp\/v2\/pages\/73"}],"collection":[{"href":"https:\/\/archeol.sav.sk\/index.php\/wp-json\/wp\/v2\/pages"}],"about":[{"href":"https:\/\/archeol.sav.sk\/index.php\/wp-json\/wp\/v2\/types\/page"}],"author":[{"embeddable":true,"href":"https:\/\/archeol.sav.sk\/index.php\/wp-json\/wp\/v2\/users\/1"}],"replies":[{"embeddable":true,"href":"https:\/\/archeol.sav.sk\/index.php\/wp-json\/wp\/v2\/comments?post=73"}],"version-history":[{"count":16,"href":"https:\/\/archeol.sav.sk\/index.php\/wp-json\/wp\/v2\/pages\/73\/revisions"}],"predecessor-version":[{"id":6016,"href":"https:\/\/archeol.sav.sk\/index.php\/wp-json\/wp\/v2\/pages\/73\/revisions\/6016"}],"wp:attachment":[{"href":"https:\/\/archeol.sav.sk\/index.php\/wp-json\/wp\/v2\/media?parent=73"}],"curies":[{"name":"wp","href":"https:\/\/api.w.org\/{rel}","templated":true}]}}