{"id":6365,"date":"2022-09-23T12:17:02","date_gmt":"2022-09-23T10:17:02","guid":{"rendered":"http:\/\/archeol.sav.sk\/?page_id=6365"},"modified":"2025-12-18T10:38:28","modified_gmt":"2025-12-18T08:38:28","slug":"field-research-2022","status":"publish","type":"page","link":"https:\/\/archeol.sav.sk\/index.php\/en\/field-research-2022\/","title":{"rendered":"Field research 2022"},"content":{"rendered":"<p><a href=\"http:\/\/archeol.sav.sk\/files\/bojn\u00e1-VI-1.pdf\">Bojn\u00e1<\/a><\/p>\n<p><a href=\"http:\/\/archeol.sav.sk\/files\/Web_poster-Branovo-2022.pdf\">Branovo<\/a><\/p>\n<p><a href=\"http:\/\/archeol.sav.sk\/files\/Hrad-Hru\u0161ov2022-1.pdf\">castle Hru\u0161ov<\/a><\/p>\n<p><a href=\"http:\/\/archeol.sav.sk\/files\/Hrad-Lietava2021-1.pdf\">castle Lietava<\/a><\/p>\n<p><a href=\"http:\/\/archeol.sav.sk\/files\/Mitas-Bobek_Mojmirovce_WebAU_2022.pdf\">Mojm\u00edrovce<\/a><\/p>\n<p><a href=\"http:\/\/archeol.sav.sk\/files\/Plaveck\u00fd-hrad2022.pdf\">Plaveck\u00fd castle<\/a><\/p>\n<p><a href=\"https:\/\/archeol.sav.sk\/files\/PUSTY-HRAD_PLAGAT_2022.pdf\">Pust\u00fd castle<\/a><\/p>\n<p><a href=\"https:\/\/archeol.sav.sk\/files\/2022_Iza_Dunaj.pdf\">River Danube<\/a><\/p>\n<p><a href=\"http:\/\/archeol.sav.sk\/files\/Ruzin_2022.pdf\">Ru\u017e\u00edn<\/a><\/p>\n","protected":false},"excerpt":{"rendered":"<p>Bojn\u00e1 Branovo castle Hru\u0161ov castle Lietava Mojm\u00edrovce Plaveck\u00fd castle Pust\u00fd castle River Danube Ru\u017e\u00edn<\/p>\n","protected":false},"author":2,"featured_media":0,"parent":0,"menu_order":0,"comment_status":"closed","ping_status":"closed","template":"","meta":[],"_links":{"self":[{"href":"https:\/\/archeol.sav.sk\/index.php\/wp-json\/wp\/v2\/pages\/6365"}],"collection":[{"href":"https:\/\/archeol.sav.sk\/index.php\/wp-json\/wp\/v2\/pages"}],"about":[{"href":"https:\/\/archeol.sav.sk\/index.php\/wp-json\/wp\/v2\/types\/page"}],"author":[{"embeddable":true,"href":"https:\/\/archeol.sav.sk\/index.php\/wp-json\/wp\/v2\/users\/2"}],"replies":[{"embeddable":true,"href":"https:\/\/archeol.sav.sk\/index.php\/wp-json\/wp\/v2\/comments?post=6365"}],"version-history":[{"count":8,"href":"https:\/\/archeol.sav.sk\/index.php\/wp-json\/wp\/v2\/pages\/6365\/revisions"}],"predecessor-version":[{"id":7933,"href":"https:\/\/archeol.sav.sk\/index.php\/wp-json\/wp\/v2\/pages\/6365\/revisions\/7933"}],"wp:attachment":[{"href":"https:\/\/archeol.sav.sk\/index.php\/wp-json\/wp\/v2\/media?parent=6365"}],"curies":[{"name":"wp","href":"https:\/\/api.w.org\/{rel}","templated":true}]}}