{"id":5892,"date":"2022-01-13T14:25:16","date_gmt":"2022-01-13T12:25:16","guid":{"rendered":"http:\/\/archeol.sav.sk\/?page_id=5892"},"modified":"2024-01-23T17:20:13","modified_gmt":"2024-01-23T15:20:13","slug":"verejne-obstaravanie-2022","status":"publish","type":"page","link":"https:\/\/archeol.sav.sk\/index.php\/sk\/verejne-obstaravanie-2022\/","title":{"rendered":"Verejn\u00e9 obstar\u00e1vanie 2022"},"content":{"rendered":"<h3><a href=\"https:\/\/archeol.sav.sk\/files\/VO-pl\u00e1n-2022.pdf\">Verejn\u00e9 obstar\u00e1vanie 2022<\/a><\/h3>\n<h3><\/h3>\n<h3><strong>\u010eal\u0161ia \u010dinnos\u0165<\/strong><\/h3>\n<h3><strong>Verejn\u00e9 pripomienkovanie projektov\u00e9ho z\u00e1meru \u201eInforma\u010dn\u00fd syst\u00e9m Archeologick\u00e9ho \u00fastavu SAV &#8211; <\/strong><strong>Mana\u017ement \u00fadajov\u201c<\/strong><\/h3>\n<p>Archeologick\u00fd \u00fastav SAV v s\u00falade s \u00a7 7 ods. 4 vyhl\u00e1\u0161ky \u010d. 85\/2020 Z. z. \u00daradu podpredsedu vl\u00e1dy Slovenskej republiky pre invest\u00edcie a informatiz\u00e1ciu zo d\u0148a 14. apr\u00edla 2020 spr\u00edstup\u0148uje na verejn\u00e9 pripomienkovanie projektov\u00fa dokument\u00e1ciu k projektu<strong> \u201eInforma\u010dn\u00fd syst\u00e9m Archeologick\u00e9ho \u00fastavu SAV &#8211; Mana\u017ement \u00fadajov\u201c<\/strong>.<\/p>\n<p><img decoding=\"async\" loading=\"lazy\" class=\"wp-image-5904 alignright\" src=\"http:\/\/archeol.sav.sk\/files\/643-300x200.jpg\" alt=\"\" width=\"380\" height=\"253\" srcset=\"https:\/\/archeol.sav.sk\/files\/643-300x200.jpg 300w, https:\/\/archeol.sav.sk\/files\/643-768x512.jpg 768w, https:\/\/archeol.sav.sk\/files\/643-1024x683.jpg 1024w, https:\/\/archeol.sav.sk\/files\/643.jpg 1200w\" sizes=\"(max-width: 380px) 100vw, 380px\" \/><\/p>\n<p>Projekt <strong>\u201eIS Archeologick\u00e9ho \u00fastavu SAV &#8211; Mana\u017ement \u00fadajov\u201c <\/strong>je aktivitou projektu<strong> \u00a0\u201eMana\u017ement \u00fadajov Centr\u00e1lnej archeologickej evidencie Slovenskej republiky\u201c, <\/strong>financovan\u00e9ho z\u00a0programu OPII-2019\/7\/6-DOP &#8211; Mana\u017ement \u00fadajov in\u0161tit\u00facie verejnej spr\u00e1vy. V\u00a0r\u00e1mci rie\u0161enia tejto aktivity bude vytvoren\u00fd a vybudovan\u00fd nov\u00fd jednotn\u00fd informa\u010dn\u00fd syst\u00e9m, ktor\u00fd bude obsahova\u0165 jednotliv\u00e9 moduly na zabezpe\u010denie v\u00fdkonu agendy A\u00da SAV prostredn\u00edctvom vybudovan\u00e9ho IS ako ucelen\u00e9ho diela. Vznikne jeden centr\u00e1lny d\u00e1tov\u00fd sklad pre d\u00e1ta in\u0161tit\u00facie. Novo vybudovan\u00e9 moduly bud\u00fa zabezpe\u010dova\u0165 aj komunik\u00e1ciu a integr\u00e1ciu s ostatn\u00fdmi in\u0161tit\u00faciami \u0161t\u00e1tu, ob\u010danmi, podnikate\u013esk\u00fdmi subjektami a odbornou i laickou verejnos\u0165ou. Nov\u00fd IS bude publikova\u0165 otvoren\u00e9 \u00fadaje.<\/p>\n<p><strong>Hlavn\u00fdm cie\u013eom a motiv\u00e1ciou projektu \u201eIS Archeologick\u00e9ho \u00fastavu SAV &#8211;<\/strong><\/p>\n<p><strong>Mana\u017ement \u00fadajov\u201c:\u00a0<\/strong><\/p>\n<p>Realiz\u00e1ciou projektu sa sleduj\u00fa nasledovn\u00e9 ciele a\u00a0v\u00a0jeho r\u00e1mci je potrebn\u00e9 zrealizova\u0165 nasledovn\u00e9 aktivity a \u010dinnosti:<\/p>\n<ul>\n<li>zavedenie systematick\u00e9ho mana\u017ementu \u00fadajov<\/li>\n<li>dosiahnutie po\u017eadovanej kvality d\u00e1t<\/li>\n<li>realiz\u00e1cia d\u00e1tovej integr\u00e1cie na centr\u00e1lnu platformu<\/li>\n<li>vyhl\u00e1senie referen\u010dn\u00fdch \u00fadajov<\/li>\n<li>automatizovane\u0301 publikovanie otvoren\u00fdch \u00fadajov<\/li>\n<li>zavedenie registra alebo evidencie<\/li>\n<li>intern\u00e1 integr\u00e1cia a konsolid\u00e1cia \u00fadajov<\/li>\n<li>publikovanie elektronick\u00fdch slu\u017eieb.<\/li>\n<\/ul>\n<p>\u00da\u010delom projektu je implementova\u0165 nov\u00fd IS a jeho moduly ako ucelen\u00e9 dielo, ktor\u00e9 zabezpe\u010dia nastavenie systematick\u00e9ho mana\u017ementu \u00fadajov v organiz\u00e1cii, ich zdie\u013eanie a publikovanie vo forme referen\u010dn\u00fdch a otvoren\u00fdch \u00fadajov, vyu\u017e\u00edvanie d\u00e1t v r\u00e1mci procesov v organiz\u00e1cii a dosiahnutie po\u017eadovanej kvality d\u00e1t.<\/p>\n<p>Pripomienky k\u00a0projektov\u00e9mu z\u00e1meru\u00a0<strong>\u201eIS Archeologick\u00e9ho \u00fastavu SAV &#8211; Mana\u017ement \u00fadajov\u201c<\/strong>\u00a0pros\u00edme zasielajte v \u0161trukt\u00farovanej forme prostredn\u00edctvom vyplnenia ni\u017e\u0161ie uveden\u00e9ho formul\u00e1ru do<strong>\u00a027. 1. 2022, 16:00<\/strong>\u00a0hod. na e-mailov\u00fa adresu:\u00a0<a href=\"mailto:peter.bednar@savba.sk\">peter.bednar@savba.sk<\/a>.<\/p>\n<p>Dokumenty na stiahnutie \u2013 projektov\u00fd z\u00e1mer, pr\u00edstup k\u00a0projektu a BC\/CBA s\u00fa k dispoz\u00edcii v Meta IS na nasledovnom linku:<\/p>\n<p><a href=\"https:\/\/metais.vicepremier.gov.sk\/detail\/Projekt\/6a7ca289-4db1-43c9-baca-51618de54b23\/cimaster?tab=basicForm\">https:\/\/metais.vicepremier.gov.sk\/detail\/Projekt\/6a7ca289-4db1-43c9-baca-51618de54b23\/cimaster?tab=basicForm<\/a><\/p>\n<p>&nbsp;<\/p>\n<p>Pr\u00edlohy:<\/p>\n<p><a href=\"http:\/\/archeol.sav.sk\/files\/01_Opis-predmetu-v2_2_CMT_III_def45931.pdf\">Opis predmetu zak\u00e1zky \u201eIS Archeologick\u00e9ho \u00fastavu SAV &#8211; Mana\u017ement \u00fadajov\u201c<\/a><\/p>\n<p><a href=\"http:\/\/archeol.sav.sk\/files\/IS_CAR_formular-pripomienky.xlsx\">Pripomienkov\u00fd formul\u00e1r \u2013 verejn\u00e9 pripomienkovanie<\/a><\/p>\n<p>&nbsp;<\/p>\n","protected":false},"excerpt":{"rendered":"<p>Verejn\u00e9 obstar\u00e1vanie 2022 \u010eal\u0161ia \u010dinnos\u0165 Verejn\u00e9 pripomienkovanie projektov\u00e9ho z\u00e1meru \u201eInforma\u010dn\u00fd syst\u00e9m Archeologick\u00e9ho \u00fastavu SAV &#8211; Mana\u017ement \u00fadajov\u201c Archeologick\u00fd \u00fastav SAV v s\u00falade s \u00a7 7 ods. 4 vyhl\u00e1\u0161ky \u010d. 85\/2020 Z. z. \u00daradu podpredsedu vl\u00e1dy Slovenskej republiky pre invest\u00edcie a informatiz\u00e1ciu zo d\u0148a 14. apr\u00edla 2020 spr\u00edstup\u0148uje na verejn\u00e9 pripomienkovanie projektov\u00fa dokument\u00e1ciu k projektu \u201eInforma\u010dn\u00fd &#8230; <a class=\"read-more\" href=\"https:\/\/archeol.sav.sk\/index.php\/sk\/verejne-obstaravanie-2022\/\">\u010c\u00edtajte viac<\/a><\/p>\n","protected":false},"author":2,"featured_media":0,"parent":0,"menu_order":0,"comment_status":"closed","ping_status":"closed","template":"","meta":[],"_links":{"self":[{"href":"https:\/\/archeol.sav.sk\/index.php\/wp-json\/wp\/v2\/pages\/5892"}],"collection":[{"href":"https:\/\/archeol.sav.sk\/index.php\/wp-json\/wp\/v2\/pages"}],"about":[{"href":"https:\/\/archeol.sav.sk\/index.php\/wp-json\/wp\/v2\/types\/page"}],"author":[{"embeddable":true,"href":"https:\/\/archeol.sav.sk\/index.php\/wp-json\/wp\/v2\/users\/2"}],"replies":[{"embeddable":true,"href":"https:\/\/archeol.sav.sk\/index.php\/wp-json\/wp\/v2\/comments?post=5892"}],"version-history":[{"count":9,"href":"https:\/\/archeol.sav.sk\/index.php\/wp-json\/wp\/v2\/pages\/5892\/revisions"}],"predecessor-version":[{"id":6911,"href":"https:\/\/archeol.sav.sk\/index.php\/wp-json\/wp\/v2\/pages\/5892\/revisions\/6911"}],"wp:attachment":[{"href":"https:\/\/archeol.sav.sk\/index.php\/wp-json\/wp\/v2\/media?parent=5892"}],"curies":[{"name":"wp","href":"https:\/\/api.w.org\/{rel}","templated":true}]}}