{"id":5856,"date":"2021-12-29T18:19:38","date_gmt":"2021-12-29T16:19:38","guid":{"rendered":"http:\/\/archeol.sav.sk\/?page_id=5856"},"modified":"2022-04-06T10:23:19","modified_gmt":"2022-04-06T08:23:19","slug":"vnutorne-predpisy","status":"publish","type":"page","link":"https:\/\/archeol.sav.sk\/index.php\/sk\/vnutorne-predpisy\/","title":{"rendered":"Vn\u00fatorne predpisy"},"content":{"rendered":"<p><a href=\"http:\/\/archeol.sav.sk\/files\/AUSAV_organizacny-poriadok.pdf\">Organiza\u010dn\u00fd poriadok<\/a><\/p>\n<p><a href=\"http:\/\/archeol.sav.sk\/files\/AUSAV_pracovny-poriadok.pdf\">Pracovn\u00fd poriadok<\/a><\/p>\n<p><a href=\"http:\/\/archeol.sav.sk\/files\/AU-SAV_pravidla-hodnotenia-vyskumnych-pracovnikov.pdf\">Pravidl\u00e1 hodnotenie v\u00fdskumn\u00fdch pracovn\u00edkov<\/a><\/p>\n<p><a href=\"http:\/\/archeol.sav.sk\/files\/AU-SAV_pravidla-tvorby-rozpoctu.pdf\">Pravidl\u00e1 tvorby rozpo\u010dtu<\/a><\/p>\n<p><a href=\"http:\/\/archeol.sav.sk\/files\/AU-SAV_volebny-a-nominacny-poriadok-spravna-rada.pdf\">Volebn\u00fd a nomina\u010dn\u00fd poriadok na funkciu \u010dlena spr\u00e1vnej rady<\/a><\/p>\n<p><a href=\"http:\/\/archeol.sav.sk\/files\/AU-SAV_volebny-a-nominacny-poriadok-vedecka-rada.pdf\">Volebn\u00fd a nomina\u010dn\u00fd poriadok na funkciu \u010dlena vedeckej rady<\/a><\/p>\n<p><a href=\"http:\/\/archeol.sav.sk\/files\/AU-SAV_statut.pdf\">\u0160tat\u00fat<\/a><\/p>\n<p><a href=\"http:\/\/archeol.sav.sk\/files\/Zakladacia-listina.pdf\">Zakladacia listina<\/a><\/p>\n","protected":false},"excerpt":{"rendered":"<p>Organiza\u010dn\u00fd poriadok Pracovn\u00fd poriadok Pravidl\u00e1 hodnotenie v\u00fdskumn\u00fdch pracovn\u00edkov Pravidl\u00e1 tvorby rozpo\u010dtu Volebn\u00fd a nomina\u010dn\u00fd poriadok na funkciu \u010dlena spr\u00e1vnej rady Volebn\u00fd a nomina\u010dn\u00fd poriadok na funkciu \u010dlena vedeckej rady \u0160tat\u00fat Zakladacia listina<\/p>\n","protected":false},"author":2,"featured_media":0,"parent":0,"menu_order":0,"comment_status":"closed","ping_status":"closed","template":"","meta":[],"_links":{"self":[{"href":"https:\/\/archeol.sav.sk\/index.php\/wp-json\/wp\/v2\/pages\/5856"}],"collection":[{"href":"https:\/\/archeol.sav.sk\/index.php\/wp-json\/wp\/v2\/pages"}],"about":[{"href":"https:\/\/archeol.sav.sk\/index.php\/wp-json\/wp\/v2\/types\/page"}],"author":[{"embeddable":true,"href":"https:\/\/archeol.sav.sk\/index.php\/wp-json\/wp\/v2\/users\/2"}],"replies":[{"embeddable":true,"href":"https:\/\/archeol.sav.sk\/index.php\/wp-json\/wp\/v2\/comments?post=5856"}],"version-history":[{"count":10,"href":"https:\/\/archeol.sav.sk\/index.php\/wp-json\/wp\/v2\/pages\/5856\/revisions"}],"predecessor-version":[{"id":6066,"href":"https:\/\/archeol.sav.sk\/index.php\/wp-json\/wp\/v2\/pages\/5856\/revisions\/6066"}],"wp:attachment":[{"href":"https:\/\/archeol.sav.sk\/index.php\/wp-json\/wp\/v2\/media?parent=5856"}],"curies":[{"name":"wp","href":"https:\/\/api.w.org\/{rel}","templated":true}]}}