{"id":56,"date":"2015-05-02T23:26:24","date_gmt":"2015-05-02T21:26:24","guid":{"rendered":"http:\/\/chcemlego.sk\/?page_id=56"},"modified":"2025-02-07T12:58:10","modified_gmt":"2025-02-07T10:58:10","slug":"publikacie-2","status":"publish","type":"page","link":"https:\/\/archeol.sav.sk\/index.php\/sk\/publikacie-2\/","title":{"rendered":"Publik\u00e1cie"},"content":{"rendered":"<p><a href=\"https:\/\/archeol.sav.sk\/index.php\/sk\/publikacie-2024\/\">Publik\u00e1cie 2024<\/a><\/p>\n<p><a href=\"http:\/\/archeol.sav.sk\/index.php\/sk\/publikacie-2023\/\">Publik\u00e1cie 2023<\/a><\/p>\n<p><a href=\"http:\/\/archeol.sav.sk\/index.php\/sk\/publikacie-2022\/\">Publik\u00e1cie 2022<\/a><\/p>\n<p><a href=\"http:\/\/archeol.sav.sk\/index.php\/sk\/publikacie-2021\/\">Publik\u00e1cie 2021<\/a><\/p>\n<p><a href=\"http:\/\/archeol.sav.sk\/index.php\/sk\/publikacie-2020\/\">Publik\u00e1cie 2020<\/a><\/p>\n<p><a href=\"http:\/\/archeol.sav.sk\/index.php\/sk\/publikacie-2019\/\">Publik\u00e1cie 2019<\/a><\/p>\n<p><a href=\"http:\/\/archeol.sav.sk\/index.php\/sk\/publikacie-2018\/\">Publik\u00e1cie 2018<\/a><\/p>\n<p><a href=\"http:\/\/archeol.sav.sk\/index.php\/sk\/publikacie-2017\/\">Publik\u00e1cie 2017<\/a><\/p>\n<p><a href=\"http:\/\/archeol.sav.sk\/index.php\/sk\/publikacie-2016\/\">Publik\u00e1cie 2016<\/a><\/p>\n<p><a href=\"http:\/\/archeol.sav.sk\/index.php\/sk\/publikacie-2015\/\">Publik\u00e1cie 2015<\/a><\/p>\n<p><a href=\"http:\/\/archeol.sav.sk\/index.php\/sk\/publikacie-2014\/\">Publik\u00e1cie 2014<\/a><\/p>\n<p><a href=\"http:\/\/archeol.sav.sk\/index.php\/sk\/publikacie-2013\/\">Publik\u00e1cie 2013<\/a><\/p>\n<p><a href=\"http:\/\/archeol.sav.sk\/index.php\/sk\/publikacie-2012\/\">Publik\u00e1cie 2012<\/a><\/p>\n<p><a href=\"http:\/\/archeol.sav.sk\/index.php\/sk\/publikacie-2011\/\">Publik\u00e1cie 2011<\/a><\/p>\n","protected":false},"excerpt":{"rendered":"<p>Publik\u00e1cie 2024 Publik\u00e1cie 2023 Publik\u00e1cie 2022 Publik\u00e1cie 2021 Publik\u00e1cie 2020 Publik\u00e1cie 2019 Publik\u00e1cie 2018 Publik\u00e1cie 2017 Publik\u00e1cie 2016 Publik\u00e1cie 2015 Publik\u00e1cie 2014 Publik\u00e1cie 2013 Publik\u00e1cie 2012 Publik\u00e1cie 2011<\/p>\n","protected":false},"author":1,"featured_media":0,"parent":0,"menu_order":0,"comment_status":"closed","ping_status":"closed","template":"","meta":[],"_links":{"self":[{"href":"https:\/\/archeol.sav.sk\/index.php\/wp-json\/wp\/v2\/pages\/56"}],"collection":[{"href":"https:\/\/archeol.sav.sk\/index.php\/wp-json\/wp\/v2\/pages"}],"about":[{"href":"https:\/\/archeol.sav.sk\/index.php\/wp-json\/wp\/v2\/types\/page"}],"author":[{"embeddable":true,"href":"https:\/\/archeol.sav.sk\/index.php\/wp-json\/wp\/v2\/users\/1"}],"replies":[{"embeddable":true,"href":"https:\/\/archeol.sav.sk\/index.php\/wp-json\/wp\/v2\/comments?post=56"}],"version-history":[{"count":229,"href":"https:\/\/archeol.sav.sk\/index.php\/wp-json\/wp\/v2\/pages\/56\/revisions"}],"predecessor-version":[{"id":7549,"href":"https:\/\/archeol.sav.sk\/index.php\/wp-json\/wp\/v2\/pages\/56\/revisions\/7549"}],"wp:attachment":[{"href":"https:\/\/archeol.sav.sk\/index.php\/wp-json\/wp\/v2\/media?parent=56"}],"curies":[{"name":"wp","href":"https:\/\/api.w.org\/{rel}","templated":true}]}}