{"id":5408,"date":"2020-09-21T15:21:40","date_gmt":"2020-09-21T13:21:40","guid":{"rendered":"http:\/\/archeol.sav.sk\/?page_id=5408"},"modified":"2021-01-23T12:41:02","modified_gmt":"2021-01-23T10:41:02","slug":"books-2020","status":"publish","type":"page","link":"https:\/\/archeol.sav.sk\/index.php\/sk\/books-2020\/","title":{"rendered":"Books 2020"},"content":{"rendered":"<p><img decoding=\"async\" loading=\"lazy\" class=\"size-medium wp-image-5577 alignleft\" src=\"http:\/\/archeol.sav.sk\/files\/Obalka-4-202x300.jpg\" alt=\"\" width=\"202\" height=\"300\" srcset=\"https:\/\/archeol.sav.sk\/files\/Obalka-4-202x300.jpg 202w, https:\/\/archeol.sav.sk\/files\/Obalka-4-768x1139.jpg 768w, https:\/\/archeol.sav.sk\/files\/Obalka-4-691x1024.jpg 691w\" sizes=\"(max-width: 202px) 100vw, 202px\" \/><strong><a href=\"http:\/\/archeol.sav.sk\/files\/Sidliska-z-doby-latenskej_obsah.pdf\">S\u00eddlisk\u00e1 z doby lat\u00e9nskej v Nitre<\/a><\/strong><br \/>\nAutor: <strong>Gertr\u00fada B\u0159ezinov\u00e1 \u2013Bohuslav Chropovsk\u00fd<\/strong><br \/>\nVydal: <strong>Archeologick\u00fd \u00fastav SAV\/VEDA<\/strong><br \/>\nRok vydania: <strong>2020<\/strong><br \/>\nISBN <strong>978-80-8196-038-3<\/strong><br \/>\nPo\u010det str\u00e1n: <strong>192<\/strong><\/p>\n<p>&nbsp;<\/p>\n<p>&nbsp;<\/p>\n<p>&nbsp;<\/p>\n<p>&nbsp;<\/p>\n<p>&nbsp;<\/p>\n<p><strong><a href=\"http:\/\/archeol.sav.sk\/files\/Diversity-of-Male_na-net_2x.pdf\"><img decoding=\"async\" loading=\"lazy\" class=\"alignleft wp-image-5441 size-medium\" src=\"http:\/\/archeol.sav.sk\/files\/Diversity-of-Male_obalka-na-net-215x300.jpg\" alt=\"\" width=\"215\" height=\"300\" srcset=\"https:\/\/archeol.sav.sk\/files\/Diversity-of-Male_obalka-na-net-215x300.jpg 215w, https:\/\/archeol.sav.sk\/files\/Diversity-of-Male_obalka-na-net-768x1072.jpg 768w, https:\/\/archeol.sav.sk\/files\/Diversity-of-Male_obalka-na-net-734x1024.jpg 734w\" sizes=\"(max-width: 215px) 100vw, 215px\" \/><\/a><\/strong><\/p>\n<p><a href=\"http:\/\/archeol.sav.sk\/files\/Diversity-of-Male_na-net_2x.pdf\"><strong>Diversity of Male Identities in Early and Middle La T\u00e8ne Period Cemeteries in Central Europe<\/strong><\/a><br \/>\nAutor: <strong>Peter C. Ramsl<\/strong><br \/>\nVydal: <strong>Archeologick\u00fd \u00fastav SAV\/VEDA<\/strong><br \/>\nRok vydania: <strong>2020<\/strong><br \/>\nISBN <strong>978-80-8196-040-6<\/strong><br \/>\nPo\u010det str\u00e1n: <strong>220<\/strong><\/p>\n<p>&nbsp;<\/p>\n<p>&nbsp;<\/p>\n<p>&nbsp;<\/p>\n<p>&nbsp;<\/p>\n<p><strong><a href=\"http:\/\/archeol.sav.sk\/files\/Multiple-identities_na-internet.pdf\"><img decoding=\"async\" loading=\"lazy\" class=\"alignleft wp-image-5380 size-medium\" src=\"http:\/\/archeol.sav.sk\/files\/Obalka-3-215x300.jpg\" alt=\"\" width=\"215\" height=\"300\" srcset=\"https:\/\/archeol.sav.sk\/files\/Obalka-3-215x300.jpg 215w, https:\/\/archeol.sav.sk\/files\/Obalka-3.jpg 565w\" sizes=\"(max-width: 215px) 100vw, 215px\" \/><\/a><\/strong><\/p>\n<p>&nbsp;<\/p>\n<p><a href=\"http:\/\/archeol.sav.sk\/files\/Multiple-identities_na-internet.pdf\"><strong>Multiple identities in prehistory, early history and presence<\/strong><\/a><br \/>\nAutori: <strong>Alena Bist\u00e1kov\u00e1 \u2013 Gertr\u00fada B\u0159ezinov\u00e1 \u2013 Peter C. Ramsl<\/strong><br \/>\nVydal:\u00a0<strong>Archeologick\u00fd \u00fastav SAV\/VEDA<\/strong><br \/>\nRok vydania:\u00a0<strong>2020<\/strong><br \/>\nISBN <strong>978-80-8196-035-2<\/strong><br \/>\nPo\u010det str\u00e1n: <strong>140<\/strong><\/p>\n","protected":false},"excerpt":{"rendered":"<p>S\u00eddlisk\u00e1 z doby lat\u00e9nskej v Nitre Autor: Gertr\u00fada B\u0159ezinov\u00e1 \u2013Bohuslav Chropovsk\u00fd Vydal: Archeologick\u00fd \u00fastav SAV\/VEDA Rok vydania: 2020 ISBN 978-80-8196-038-3 Po\u010det str\u00e1n: 192 &nbsp; &nbsp; &nbsp; &nbsp; &nbsp; Diversity of Male Identities in Early and Middle La T\u00e8ne Period Cemeteries in Central Europe Autor: Peter C. Ramsl Vydal: Archeologick\u00fd \u00fastav SAV\/VEDA Rok vydania: 2020 ISBN &#8230; <a class=\"read-more\" href=\"https:\/\/archeol.sav.sk\/index.php\/sk\/books-2020\/\">\u010c\u00edtajte viac<\/a><\/p>\n","protected":false},"author":2,"featured_media":0,"parent":0,"menu_order":0,"comment_status":"closed","ping_status":"closed","template":"","meta":[],"_links":{"self":[{"href":"https:\/\/archeol.sav.sk\/index.php\/wp-json\/wp\/v2\/pages\/5408"}],"collection":[{"href":"https:\/\/archeol.sav.sk\/index.php\/wp-json\/wp\/v2\/pages"}],"about":[{"href":"https:\/\/archeol.sav.sk\/index.php\/wp-json\/wp\/v2\/types\/page"}],"author":[{"embeddable":true,"href":"https:\/\/archeol.sav.sk\/index.php\/wp-json\/wp\/v2\/users\/2"}],"replies":[{"embeddable":true,"href":"https:\/\/archeol.sav.sk\/index.php\/wp-json\/wp\/v2\/comments?post=5408"}],"version-history":[{"count":3,"href":"https:\/\/archeol.sav.sk\/index.php\/wp-json\/wp\/v2\/pages\/5408\/revisions"}],"predecessor-version":[{"id":5580,"href":"https:\/\/archeol.sav.sk\/index.php\/wp-json\/wp\/v2\/pages\/5408\/revisions\/5580"}],"wp:attachment":[{"href":"https:\/\/archeol.sav.sk\/index.php\/wp-json\/wp\/v2\/media?parent=5408"}],"curies":[{"name":"wp","href":"https:\/\/api.w.org\/{rel}","templated":true}]}}