{"id":5022,"date":"2019-12-30T13:55:09","date_gmt":"2019-12-30T11:55:09","guid":{"rendered":"http:\/\/archeol.sav.sk\/?page_id=5022"},"modified":"2020-01-20T16:05:08","modified_gmt":"2020-01-20T14:05:08","slug":"studijne-zvesti-no-suppl-1-2","status":"publish","type":"page","link":"https:\/\/archeol.sav.sk\/index.php\/en\/studijne-zvesti-no-suppl-1-2\/","title":{"rendered":"\u0160tudijn\u00e9 zvesti, No. Suppl 1"},"content":{"rendered":"<h2 class=\"title\"><a href=\"http:\/\/archeol.sav.sk\/files\/Mirossayova_Kniha_web.pdf\">\u0160tudijn\u00e9 zvesti<\/a><\/h2>\n<p class=\"bold\">Volume 2019, 2019, No. Suppl 1<\/p>\n<div class=\"bold\">ISSN 0560-2793<\/div>\n<div>\n<p>Lucia Benedikov\u00e1 \u2013 Gertr\u00fada B\u0159ezinov\u00e1 \u2013 Eva Horv\u00e1thov\u00e1 \u2013 Susanne Stegmann-Rajt\u00e1r (editors)<\/p>\n<p><a href=\"http:\/\/archeol.sav.sk\/files\/Mirossayova_Kniha_web.pdf\"><strong>Fragmenty \u010dasu : Venovan\u00e9 Elene Miro\u0161\u0161ayovej k 70. narodenin\u00e1m<\/strong><\/a><\/p>\n<p>The \u0160tudijn\u00e9 zvesti A\u00da SAV journal \u2013 Supplementum 1, 2019<\/p>\n<p>&nbsp;<\/p>\n<\/div>\n<div>\n<p><em>Marianna B\u00e1lint \u2013 Alexandra Scard \u2013 Robert G. Scholtz<\/em><\/p>\n<p><a href=\"https:\/\/doi.org\/10.31577\/szausav.2019.suppl.1.1\">A Scythian Age sunken circular structure in the vicinity of Hajd\u00fab\u00f6sz\u00f6rm\u00e9ny (Hungary)<\/a><\/p>\n<p>DOI: <a href=\"https:\/\/doi.org\/10.31577\/szausav.2019.suppl.1.1\">https:\/\/doi.org\/10.31577\/szausav.2019.suppl.1.1<\/a><\/p>\n<p><strong>\u00a0<\/strong><\/p>\n<p><em>Lucia Benedikov\u00e1 \u2013 Martin Furman \u2013 Zora Bielichov\u00e1 \u2013 Jana Mih\u00e1lyiov\u00e1 \u2013 J\u00e1n Tirp\u00e1k<\/em><\/p>\n<p><a href=\"https:\/\/doi.org\/10.31577\/szausav.2019.suppl.1.2\">What\u00b4s (old)new below Roha\u010dka?<\/a><\/p>\n<p>DOI: <a href=\"https:\/\/doi.org\/10.31577\/szausav.2019.suppl.1.2\">https:\/\/doi.org\/10.31577\/szausav.2019.suppl.1.2<\/a><\/p>\n<p>&nbsp;<\/p>\n<p><em>Jan Bouzek<\/em><\/p>\n<p><a href=\"https:\/\/doi.org\/10.31577\/szausav.2019.suppl.1.3\">What inspired the Vekerzug pottery?<\/a><\/p>\n<p>DOI: <a href=\"https:\/\/doi.org\/10.31577\/szausav.2019.suppl.1.3\">https:\/\/doi.org\/10.31577\/szausav.2019.suppl.1.3<\/a><\/p>\n<p>&nbsp;<\/p>\n<p><em>Gertr\u00fada B\u0159ezinov\u00e1<\/em><\/p>\n<p><a href=\"https:\/\/doi.org\/10.31577\/szausav.2019.suppl.1.4\">Miniature artefacts from the territory of Southwestern Slovakia<\/a><\/p>\n<p>DOI: <a href=\"https:\/\/doi.org\/10.31577\/szausav.2019.suppl.1.4\">https:\/\/doi.org\/10.31577\/szausav.2019.suppl.1.4<\/a><\/p>\n<p>&nbsp;<\/p>\n<p><em>Mari\u00e1n \u010curn\u00fd<\/em><\/p>\n<p><a href=\"https:\/\/doi.org\/10.31577\/szausav.2019.suppl.1.5\">Unknown bronze pin from Ov\u010diarsko near \u017dilina<\/a><\/p>\n<p>DOI: <a href=\"https:\/\/doi.org\/10.31577\/szausav.2019.suppl.1.5\">https:\/\/doi.org\/10.31577\/szausav.2019.suppl.1.5<\/a><\/p>\n<p>&nbsp;<\/p>\n<p><em>Marko Dizdar \u2013 Tomislav Hr\u0161ak \u2013 Daria Lo\u017enjak Dizdar<\/em><\/p>\n<p><a href=\"https:\/\/doi.org\/10.31577\/szausav.2019.suppl.1.6\">On some pottery forms from the Batina-Sredno cemetery from the beginning of the Early Iron Age<\/a><\/p>\n<p>DOI: <a href=\"https:\/\/doi.org\/10.31577\/szausav.2019.suppl.1.6\">https:\/\/doi.org\/10.31577\/szausav.2019.suppl.1.6.<\/a><\/p>\n<p><strong>\u00a0<\/strong><\/p>\n<p><em>Karol Dzi\u0119gielewski \u2013 Aldona Garbacz-Klempka \u2013 Krzysztof Tunia<\/em><\/p>\n<p><a href=\"https:\/\/doi.org\/10.31577\/szausav.2019.suppl.1.7.\">A strange specimen in an unusual place<\/a><\/p>\n<p>DOI: <a href=\"https:\/\/doi.org\/10.31577\/szausav.2019.suppl.1.7.\">https:\/\/doi.org\/10.31577\/szausav.2019.suppl.1.7.<\/a><\/p>\n<p>&nbsp;<\/p>\n<p><em>Michal Felcan \u2013 Susanne Stegmann-Rajt\u00e1r \u2013 J\u00e1n Tirp\u00e1k<\/em><\/p>\n<p>New data on constructions and technologies of Hallstatt period jewellery production from Smolenice-Molp\u00edr<\/p>\n<p>DOI: https:\/\/doi.org\/10.31577\/szausav.2019.suppl.1.8.<\/p>\n<p>&nbsp;<\/p>\n<p><em>Jacek G\u00f3rski<\/em><\/p>\n<p>Aus den Studien zur Erforschung der Enklave der Lausitzer Kultur in der umgebung von Krakau<\/p>\n<p>DOI: https:\/\/doi.org\/10.31577\/szausav.2019.suppl.1.9.<\/p>\n<p>&nbsp;<\/p>\n<p><em>Szilvia Guba \u2013 K\u00e1roly Tank\u00f3<\/em><\/p>\n<p>Der eponyme Fundplatz von Piliny<\/p>\n<p>DOI: https:\/\/doi.org\/10.31577\/szausav.2019.suppl.1.10.<\/p>\n<p>&nbsp;<\/p>\n<p><em>Anja Hellmuth Kramberger \u2013 Radoslav \u010cambal<\/em><\/p>\n<p>Eine Schrift der Reiternomaden im 1. Jt. v. Chr.?<\/p>\n<p>DOI: https:\/\/doi.org\/10.31577\/szausav.2019.suppl.1.11.<\/p>\n<p>&nbsp;<\/p>\n<p><em>Katar\u00edna Hlad\u00edkov\u00e1 \u2013 Petra Kme\u0165ov\u00e1<\/em><\/p>\n<p>Getreide, Brot, Brei, Obst und Wein<\/p>\n<p>DOI: https:\/\/doi.org\/10.31577\/szausav.2019.suppl.1.12.<\/p>\n<p>&nbsp;<\/p>\n<p><em>Eva Horv\u00e1thov\u00e1 \u2013 L\u00fddia Ga\u010dkov\u00e1<\/em><\/p>\n<p>Newly discovered settlement finds of the La\u017e\u0148any group from Rusk\u00e1, Michalovce district<\/p>\n<p>DOI: https:\/\/doi.org\/10.31577\/szausav.2019.suppl.1.13.<\/p>\n<p>&nbsp;<\/p>\n<p><em>G\u00e1bor Ilon<\/em><\/p>\n<p>Daten zur Frage der prehistorischen oder antiken goldenen Stimmarke und der keltischen Silberm\u00fcnzen: M\u00e9nf\u0151csanak, West-Transdanubien, Ungarn<\/p>\n<p>DOI: https:\/\/doi.org\/10.31577\/szausav.2019.suppl.1.14.<\/p>\n<p>&nbsp;<\/p>\n<p><em>Miriam Jakub\u010dinov\u00e1<\/em><\/p>\n<p>Finding of a prehistoric miniature vessel in the pit-house at the early medieval hillfort Valy in Bojn\u00e1<\/p>\n<p>DOI: https:\/\/doi.org\/10.31577\/szausav.2019.suppl.1.15.<\/p>\n<p>&nbsp;<\/p>\n<p><em>Carol Kacs\u00f3<\/em><\/p>\n<p>Beitr\u00e4ge zur Kenntnis der Sp\u00e4tbronzezeit im Norden Transsilvaniens<\/p>\n<p>DOI: https:\/\/doi.org\/10.31577\/szausav.2019.suppl.1.16.<\/p>\n<p>&nbsp;<\/p>\n<p><em>Marta Korczy\u0144ska \u2013 Maria Lity\u0144ska-Zaj\u0105c \u2013 Magdalena Moskal-del Hoyo<\/em><\/p>\n<p>Eig\u2018ner Herd ist goldes Wert<\/p>\n<p>DOI: https:\/\/doi.org\/10.31577\/szausav.2019.suppl.1.17.<\/p>\n<p>&nbsp;<\/p>\n<p><em>Kl\u00e1ra Kuzmov\u00e1 \u2013 J\u00e1n R\u00e1ko\u0161<\/em><\/p>\n<p>Terra sigillata in the context of a Przeworsk culture settlement at Trsten\u00e9 pri Horn\u00e1de<\/p>\n<p>DOI: https:\/\/doi.org\/10.31577\/szausav.2019.suppl.1.18.<\/p>\n<p>&nbsp;<\/p>\n<p><em>Erika Makarov\u00e1<\/em><\/p>\n<p>Belt from the cemetery in Moravi\u010dany as an evidence of the supra-regional contacts of the Plat\u011bnice culture<\/p>\n<p>DOI: https:\/\/doi.org\/10.31577\/szausav.2019.suppl.1.19.<\/p>\n<p><strong>\u00a0<\/strong><\/p>\n<p><em>Andrea N\u00e1merov\u00e1 \u2013 Marta Ku\u010derov\u00e1<\/em><\/p>\n<p>Preliminary evaluation of ceramic collection from Jerusalem hill site in Ke\u017emarok<\/p>\n<p>DOI: https:\/\/doi.org\/10.31577\/szausav.2019.suppl.1.20.<\/p>\n<p>&nbsp;<\/p>\n<p><em>Gabriel Neviz\u00e1nsky \u2013 P\u00e9ter Proh\u00e1szka<\/em><\/p>\n<p>Beitrag zur Forschungsgeschichte bronzezeitlicher Fundorte in Doman\u00edky und Sebechleby<\/p>\n<p>DOI: https:\/\/doi.org\/10.31577\/szausav.2019.suppl.1.21.<\/p>\n<p>&nbsp;<\/p>\n<p><em>David Parma \u2013 Susanne Stegmann-Rajt\u00e1r<\/em><\/p>\n<p>A unique find of a fin-shaped chape from Ivanovice na Han\u00e9, Vy\u0161kov district, in the context of development of the Urnfield culture in Moravia<\/p>\n<p>DOI: https:\/\/doi.org\/10.31577\/szausav.2019.suppl.1.22.<\/p>\n<p>&nbsp;<\/p>\n<p><em>Karol Pieta<\/em><\/p>\n<p>The Early La T\u00e8ne belt hook from Pra\u0161n\u00edk<\/p>\n<p>DOI: https:\/\/doi.org\/10.31577\/szausav.2019.suppl.1.23.<\/p>\n<p><strong>\u00a0<\/strong><\/p>\n<p><em>Martin Prist\u00e1\u0161<\/em><\/p>\n<p>Two assemblages of archaeological artefacts from the village of Zempl\u00edn<\/p>\n<p>DOI: https:\/\/doi.org\/10.31577\/szausav.2019.suppl.1.24.<\/p>\n<p><strong>\u00a0<\/strong><\/p>\n<p><em>Aurel Rustoiu<\/em><\/p>\n<p>Evolution of environment and human habitation in Maramure\u015f from the Neolithic to the early Middle Age<\/p>\n<p>DOI: https:\/\/doi.org\/10.31577\/szausav.2019.suppl.1.25.<\/p>\n<p>&nbsp;<\/p>\n<p><em>Andrea Slan\u00e1<\/em><\/p>\n<p>Bronze components of ceremonial female costume of the Middle-Danube Barrow culture<\/p>\n<p>DOI: https:\/\/doi.org\/10.31577\/szausav.2019.suppl.1.26.<\/p>\n<p>&nbsp;<\/p>\n<p><em>Mari\u00e1n Soj\u00e1k \u2013 Peter Fecko<\/em><\/p>\n<p>Contribution to new La T\u00e8ne Period archaeological findings from Spi\u0161 region<\/p>\n<p>DOI: <a href=\"https:\/\/doi.org\/10.31577\/szausav.2019.suppl.1.27.\">https:\/\/doi.org\/10.31577\/szausav.20<\/a>1<a href=\"https:\/\/doi.org\/10.31577\/szausav.2019.suppl.1.27.\">9.suppl.1.27.<\/a><\/p>\n<p>&nbsp;<\/p>\n<p><em>Peter \u0160alkovsk\u00fd<\/em><\/p>\n<p><a href=\"https:\/\/doi.org\/10.31577\/szausav.2019.suppl.1.28.\">Die Kelten \u2013 das klassische und moderne Paradigma<\/a><\/p>\n<p>DOI: <a href=\"https:\/\/doi.org\/10.31577\/szausav.2019.suppl.1.28.\">https:\/\/doi.org\/10.31577\/szausav.2019.suppl.1.28.<\/a><\/p>\n<p><strong>\u00a0<\/strong><\/p>\n<p><em>Farkas M\u00e1rton T\u00f3th<\/em><\/p>\n<p><a href=\"https:\/\/doi.org\/10.31577\/szausav.2019.suppl.1.29.\">New sites from the Scythian Period on the right bank of the Danube<\/a><\/p>\n<p>DOI: <a href=\"https:\/\/doi.org\/10.31577\/szausav.2019.suppl.1.29.\">https:\/\/doi.org\/10.31577\/szausav.2019.suppl.1.29.<\/a><\/p>\n<p><strong>\u00a0<\/strong><\/p>\n<p><em>Katarzyna Tryba\u0142a-Zawi\u015blak<\/em><\/p>\n<p><a href=\"https:\/\/doi.org\/10.31577\/szausav.2019.suppl.1.30.\">Vessels with diagonal and vertical plastic strips in the materials of the late phase of the Tarnobrzeg Lusatian culture<\/a><\/p>\n<p>DOI: <a href=\"https:\/\/doi.org\/10.31577\/szausav.2019.suppl.1.30.\">https:\/\/doi.org\/10.31577\/szausav.2019.suppl.1.30.<\/a><\/p>\n<p><strong>\u00a0<\/strong><\/p>\n<p><em>Mari\u00e1n Uli\u010dn\u00fd<\/em><\/p>\n<p><a href=\"https:\/\/doi.org\/10.31577\/szausav.2019.suppl.1.31.\">The Early Middle Ages Settlement in Rusk\u00e1, Michalovce District<\/a><\/p>\n<p>DOI: <a href=\"https:\/\/doi.org\/10.31577\/szausav.2019.suppl.1.31.\">https:\/\/doi.org\/10.31577\/szausav.2019.suppl.1.31.<\/a><\/p>\n<p>&nbsp;<\/p>\n<\/div>\n","protected":false},"excerpt":{"rendered":"<p>\u0160tudijn\u00e9 zvesti Volume 2019, 2019, No. Suppl 1 ISSN 0560-2793 Lucia Benedikov\u00e1 \u2013 Gertr\u00fada B\u0159ezinov\u00e1 \u2013 Eva Horv\u00e1thov\u00e1 \u2013 Susanne Stegmann-Rajt\u00e1r (editors) Fragmenty \u010dasu : Venovan\u00e9 Elene Miro\u0161\u0161ayovej k 70. narodenin\u00e1m The \u0160tudijn\u00e9 zvesti A\u00da SAV journal \u2013 Supplementum 1, 2019 &nbsp; Marianna B\u00e1lint \u2013 Alexandra Scard \u2013 Robert G. Scholtz A Scythian Age sunken &#8230; <a class=\"read-more\" href=\"https:\/\/archeol.sav.sk\/index.php\/en\/studijne-zvesti-no-suppl-1-2\/\">\u010c\u00edtajte viac<\/a><\/p>\n","protected":false},"author":2,"featured_media":0,"parent":0,"menu_order":0,"comment_status":"closed","ping_status":"closed","template":"","meta":[],"_links":{"self":[{"href":"https:\/\/archeol.sav.sk\/index.php\/wp-json\/wp\/v2\/pages\/5022"}],"collection":[{"href":"https:\/\/archeol.sav.sk\/index.php\/wp-json\/wp\/v2\/pages"}],"about":[{"href":"https:\/\/archeol.sav.sk\/index.php\/wp-json\/wp\/v2\/types\/page"}],"author":[{"embeddable":true,"href":"https:\/\/archeol.sav.sk\/index.php\/wp-json\/wp\/v2\/users\/2"}],"replies":[{"embeddable":true,"href":"https:\/\/archeol.sav.sk\/index.php\/wp-json\/wp\/v2\/comments?post=5022"}],"version-history":[{"count":4,"href":"https:\/\/archeol.sav.sk\/index.php\/wp-json\/wp\/v2\/pages\/5022\/revisions"}],"predecessor-version":[{"id":5075,"href":"https:\/\/archeol.sav.sk\/index.php\/wp-json\/wp\/v2\/pages\/5022\/revisions\/5075"}],"wp:attachment":[{"href":"https:\/\/archeol.sav.sk\/index.php\/wp-json\/wp\/v2\/media?parent=5022"}],"curies":[{"name":"wp","href":"https:\/\/api.w.org\/{rel}","templated":true}]}}