{"id":4841,"date":"2019-10-02T23:14:01","date_gmt":"2019-10-02T21:14:01","guid":{"rendered":"http:\/\/archeol.sav.sk\/?page_id=4841"},"modified":"2020-12-17T16:23:28","modified_gmt":"2020-12-17T14:23:28","slug":"publikacie-2019","status":"publish","type":"page","link":"https:\/\/archeol.sav.sk\/index.php\/sk\/publikacie-2019\/","title":{"rendered":"Publik\u00e1cie 2019"},"content":{"rendered":"<p>Objedn\u00e1vky: 037\/6943209, e-mail:\u00a0<a href=\"mailto:gabriela.holkova@savba.sk\">gabriela.holkova@savba.sk<\/a><\/p>\n<p>&nbsp;<\/p>\n<p><b><img decoding=\"async\" loading=\"lazy\" class=\" wp-image-5499 alignleft\" src=\"http:\/\/archeol.sav.sk\/files\/Str_001-21-198x300.jpg\" alt=\"\" width=\"168\" height=\"254\" srcset=\"https:\/\/archeol.sav.sk\/files\/Str_001-21-198x300.jpg 198w, https:\/\/archeol.sav.sk\/files\/Str_001-21-768x1165.jpg 768w, https:\/\/archeol.sav.sk\/files\/Str_001-21-675x1024.jpg 675w\" sizes=\"(max-width: 168px) 100vw, 168px\" \/><a href=\"http:\/\/archeol.sav.sk\/index.php\/sk\/studijne-zvesti-no-suppl-1\/\">\u0160tudijn\u00e9 Zvesti , No. Supp. 1<\/a><\/b><br \/>\n<strong>Autori: Lucia Benedikov\u00e1, Gertr\u00fada B\u0159ezinov\u00e1, Eva Horv\u00e1thov\u00e1, Susanne Stegmann-Rajt\u00e1r<\/strong> <b>(eds.)<\/b><br \/>\nVydal:\u00a0<b>Archeologick\u00fd \u00fastav SAV<\/b><br \/>\nRok vydania:\u00a0<strong>2019<\/strong><br \/>\nISSN\u00a0 0560-2793<br \/>\nPo\u010det str\u00e1n:\u00a0<strong>518<\/strong><\/p>\n<p>&nbsp;<\/p>\n<p>&nbsp;<\/p>\n<p>&nbsp;<\/p>\n<p>&nbsp;<\/p>\n<p>&nbsp;<\/p>\n<p><b><a href=\"http:\/\/archeol.sav.sk\/files\/Str_001-19.jpg\"><img decoding=\"async\" loading=\"lazy\" class=\"alignleft wp-image-5494\" src=\"http:\/\/archeol.sav.sk\/files\/Str_001-19-197x300.jpg\" alt=\"\" width=\"173\" height=\"263\" srcset=\"https:\/\/archeol.sav.sk\/files\/Str_001-19-197x300.jpg 197w, https:\/\/archeol.sav.sk\/files\/Str_001-19-768x1171.jpg 768w, https:\/\/archeol.sav.sk\/files\/Str_001-19-672x1024.jpg 672w\" sizes=\"(max-width: 173px) 100vw, 173px\" \/><\/a><a href=\"http:\/\/archeol.sav.sk\/files\/SZ-66-2019_na-net.pdf\">\u0160tudijn\u00e9 Zvesti 66<\/a><\/b><br \/>\nAutori:\u00a0<b>Gertr\u00fada B\u0159ezinov\u00e1, Alena Bist\u00e1kov\u00e1 (zost.)<\/b><br \/>\nVydal:\u00a0<b>Archeologick\u00fd \u00fastav SAV<\/b><br \/>\nRok vydania:\u00a0<strong>2019<\/strong><br \/>\nISSN\u00a0 0560-2793<br \/>\nPo\u010det str\u00e1n:\u00a0<strong>171<\/strong><\/p>\n<p>&nbsp;<\/p>\n<p>&nbsp;<\/p>\n<p>&nbsp;<\/p>\n<p>&nbsp;<\/p>\n<p><b><a href=\"http:\/\/archeol.sav.sk\/files\/Str_001-20.jpg\"><img decoding=\"async\" loading=\"lazy\" class=\"alignleft wp-image-5495\" src=\"http:\/\/archeol.sav.sk\/files\/Str_001-20-202x300.jpg\" alt=\"\" width=\"164\" height=\"244\" srcset=\"https:\/\/archeol.sav.sk\/files\/Str_001-20-202x300.jpg 202w, https:\/\/archeol.sav.sk\/files\/Str_001-20-768x1141.jpg 768w, https:\/\/archeol.sav.sk\/files\/Str_001-20-689x1024.jpg 689w\" sizes=\"(max-width: 164px) 100vw, 164px\" \/><\/a><\/b><\/p>\n<p><a href=\"http:\/\/archeol.sav.sk\/files\/SlA_2019_2.pdf\"><b>Slovensk\u00e1 archeol\u00f3gia LXVII-2<\/b><\/a><br \/>\nAutor:\u00a0<b>Gabriel Fusek (zost.)<\/b><br \/>\nVydal:\u00a0<b>Archeologick\u00fd \u00fastav SAV<\/b><br \/>\nISSN 1355-0102<br \/>\nRok vydania:\u00a0<b>2019<\/b><br \/>\nPo\u010det str\u00e1n:\u00a0<b>414<\/b><\/p>\n<p>&nbsp;<\/p>\n<p>&nbsp;<\/p>\n<p>&nbsp;<\/p>\n<p>&nbsp;<\/p>\n<p><strong><img decoding=\"async\" loading=\"lazy\" class=\" wp-image-5116 alignleft\" src=\"http:\/\/archeol.sav.sk\/files\/Obalka-2-211x300.jpg\" alt=\"\" width=\"170\" height=\"242\" srcset=\"https:\/\/archeol.sav.sk\/files\/Obalka-2-211x300.jpg 211w, https:\/\/archeol.sav.sk\/files\/Obalka-2.jpg 608w\" sizes=\"(max-width: 170px) 100vw, 170px\" \/><a href=\"http:\/\/archeol.sav.sk\/files\/Obsah-4.pdf\">Radzovce in der Zeit der Urnenfelderkulturen<\/a><\/strong><br \/>\nAutor: V\u00e1clav Furm\u00e1nek<br \/>\nVydal: <strong>Archeologick\u00fd \u00fastav SAV\/VEDA<\/strong><br \/>\nRok vydania:\u00a0<strong>2019<\/strong><br \/>\nISBN <strong>978-80-8196-014-17<\/strong><br \/>\nPo\u010det str\u00e1n: 195<\/p>\n<p>&nbsp;<\/p>\n<p>&nbsp;<\/p>\n<p>&nbsp;<\/p>\n<p>&nbsp;<\/p>\n<p>&nbsp;<\/p>\n<p><img decoding=\"async\" loading=\"lazy\" class=\"wp-image-5111 alignleft\" src=\"http:\/\/archeol.sav.sk\/files\/Obalka-1-216x300.jpg\" alt=\"\" width=\"157\" height=\"218\" srcset=\"https:\/\/archeol.sav.sk\/files\/Obalka-1-216x300.jpg 216w, https:\/\/archeol.sav.sk\/files\/Obalka-1.jpg 619w\" sizes=\"(max-width: 157px) 100vw, 157px\" \/><a href=\"http:\/\/archeol.sav.sk\/files\/Obsah2.pdf\"><strong>Archeologick\u00fd v\u00fdskum Kaplnky sv. Michala v Ko\u0161iciach<\/strong><\/a><br \/>\nAutor: <strong>M\u00e1rio Bielich <\/strong>s pr\u00edspevkami \u010fal\u0161\u00edch autorov (J. Tirp\u00e1k, M. \u010curn\u00fd, J. Hunka,<br \/>\nT. \u0160tolcov\u00e1 a J. Zajonc J. Mih\u00e1lyiov\u00e1, J. Jahn)<br \/>\nVydal: <strong>Archeologick\u00fd \u00fastav SAV\/VEDA<\/strong><br \/>\nRok vydania:\u00a0<strong>2019<\/strong><br \/>\nISBN <strong>978-80-89315-69-7<\/strong><br \/>\nPo\u010det str\u00e1n: 128<\/p>\n<p>&nbsp;<\/p>\n<p>&nbsp;<\/p>\n<p><strong><a href=\"http:\/\/archeol.sav.sk\/files\/Obalka.jpg\"><img decoding=\"async\" loading=\"lazy\" class=\"alignleft wp-image-5108\" src=\"http:\/\/archeol.sav.sk\/files\/Obalka-201x300.jpg\" alt=\"\" width=\"152\" height=\"227\" srcset=\"https:\/\/archeol.sav.sk\/files\/Obalka-201x300.jpg 201w, https:\/\/archeol.sav.sk\/files\/Obalka.jpg 554w\" sizes=\"(max-width: 152px) 100vw, 152px\" \/><\/a><a href=\"http:\/\/archeol.sav.sk\/files\/Obsah-3.pdf\">\u013dudsk\u00e9 kostrov\u00e9 pozostatky z Nitrianskeho hradu<\/a><\/strong><br \/>\nAutor: <strong>M\u00e1ria Kro\u0161l\u00e1kov\u00e1 \u2013 M\u00e1ria Vondr\u00e1kov\u00e1 \u2013 Branislav Kolena \u2013 Peter Bedn\u00e1r<\/strong><br \/>\nVydal:\u00a0<strong>Archeologick\u00fd \u00fastav SAV\/VEDA<\/strong><br \/>\nRok vydania:\u00a0<strong>2019<\/strong><br \/>\nISBN <strong>978-80-8196-024-6<\/strong><br \/>\nPo\u010det str\u00e1n: 92<\/p>\n<p>&nbsp;<\/p>\n<p>&nbsp;<\/p>\n<p>&nbsp;<\/p>\n<p><strong><a href=\"http:\/\/archeol.sav.sk\/files\/Hole\u0161\u010d\u00e1k-obsah.pdf\"><img decoding=\"async\" loading=\"lazy\" class=\"alignleft wp-image-5013\" src=\"http:\/\/archeol.sav.sk\/files\/Hole\u0161\u010d\u00e1k-ob\u00e1lka-202x300.jpg\" alt=\"\" width=\"154\" height=\"228\" srcset=\"https:\/\/archeol.sav.sk\/files\/Hole\u0161\u010d\u00e1k-ob\u00e1lka-202x300.jpg 202w, https:\/\/archeol.sav.sk\/files\/Hole\u0161\u010d\u00e1k-ob\u00e1lka-768x1141.jpg 768w, https:\/\/archeol.sav.sk\/files\/Hole\u0161\u010d\u00e1k-ob\u00e1lka-689x1024.jpg 689w\" sizes=\"(max-width: 154px) 100vw, 154px\" \/><\/a><a href=\"http:\/\/archeol.sav.sk\/files\/Hole\u0161\u010d\u00e1k-obsah.pdf\">Medieval Archery Equipment from the Territory of Slovakia<\/a><\/strong><br \/>\nAutor: <strong>Michal Hole\u0161\u010d\u00e1k<\/strong><br \/>\nVydal:\u00a0<strong>Archeologick\u00fd \u00fastav SAV\/VEDA<\/strong><br \/>\nRok vydania:\u00a0<strong>2019<\/strong><br \/>\nISBN <strong>978-80-8196-033-8<\/strong><br \/>\nPo\u010det str\u00e1n: 124<\/p>\n<p>&nbsp;<\/p>\n<p>&nbsp;<\/p>\n<p>&nbsp;<\/p>\n<p>&nbsp;<\/p>\n<p><strong><a href=\"https:\/\/www.academia.edu\/40718781\/Kolaps_o%C4%8Dami_archeol%C3%B3gie\"><img decoding=\"async\" loading=\"lazy\" class=\"alignleft wp-image-5012\" src=\"http:\/\/archeol.sav.sk\/files\/kolaps5-3-212x300.jpg\" alt=\"\" width=\"157\" height=\"223\" srcset=\"https:\/\/archeol.sav.sk\/files\/kolaps5-3-212x300.jpg 212w, https:\/\/archeol.sav.sk\/files\/kolaps5-3-768x1086.jpg 768w, https:\/\/archeol.sav.sk\/files\/kolaps5-3-724x1024.jpg 724w\" sizes=\"(max-width: 157px) 100vw, 157px\" \/><\/a><a href=\"https:\/\/www.academia.edu\/40718781\/Kolaps_o%C4%8Dami_archeol%C3%B3gie\">Kolaps o\u010dami archeol\u00f3gie<\/a><\/strong><br \/>\nAutor: <strong>Matej Ruttkay, Branislav Kov\u00e1r<\/strong><br \/>\nVydal:\u00a0<strong>Archeologick\u00fd \u00fastav SAV\/VEDA<\/strong><br \/>\nRok vydania:\u00a0<strong>2019<\/strong><br \/>\nISBN <strong>978-80-8196-027-7<\/strong><br \/>\nPo\u010det str\u00e1n: <strong>203<\/strong><\/p>\n<p>&nbsp;<\/p>\n<p>&nbsp;<\/p>\n<p>&nbsp;<\/p>\n<p style=\"font-weight: 400;\"><a href=\"https:\/\/www.snm.sk\/swift_data\/source\/archeologicke_muzeum\/supplenenta\/12\/12.htm\"><strong><img decoding=\"async\" loading=\"lazy\" class=\" wp-image-5010 alignleft\" src=\"http:\/\/archeol.sav.sk\/files\/ZSNM-ob\u00e1lka-206x300.jpg\" alt=\"\" width=\"159\" height=\"232\" srcset=\"https:\/\/archeol.sav.sk\/files\/ZSNM-ob\u00e1lka-206x300.jpg 206w, https:\/\/archeol.sav.sk\/files\/ZSNM-ob\u00e1lka-768x1119.jpg 768w, https:\/\/archeol.sav.sk\/files\/ZSNM-ob\u00e1lka-703x1024.jpg 703w\" sizes=\"(max-width: 159px) 100vw, 159px\" \/>Zborn\u00edk Slovensk\u00e9ho n\u00e1rodn\u00e9ho m\u00fazea Archeol\u00f3gia<\/strong>\u00a0<strong>Supplementum<\/strong><strong>\u00a012, 2019<\/strong><\/a><\/p>\n<p style=\"font-weight: 400;\"><a href=\"https:\/\/www.snm.sk\/swift_data\/source\/archeologicke_muzeum\/supplenenta\/12\/12.htm\">\u013dudia a\u00a0hory \u2013 archeologick\u00e1 perspekt\u00edva<\/a><\/p>\n<p style=\"font-weight: 400;\"><a href=\"https:\/\/www.snm.sk\/swift_data\/source\/archeologicke_muzeum\/supplenenta\/12\/12.htm\">Interakcie \u013eudsk\u00fdch spolo\u010denstiev horsk\u00fdch a\u00a0podhorsk\u00fdch oblast\u00ed z\u00e1padn\u00e9ho Slovenska<\/a><br \/>\nZostavovatelia: <strong>I. Bazovsk\u00fd, G. B\u0159ezinov\u00e1<\/strong><br \/>\nVydal: <strong>Archeologick\u00fd \u00fastav SAV, Archeologick\u00e9 m\u00fazeum SNM<\/strong><br \/>\nRok vydania 2019<\/p>\n<p>ISBN <strong>978\u201380\u20138060\u2013458\u20135<\/strong><br \/>\nPo\u010det str\u00e1n: <strong>241<\/strong><\/p>\n<p>&nbsp;<\/p>\n<p><a href=\"https:\/\/www.academia.edu\/40729245\/Archaeology_of_Failaka_and_Kuwaiti_coast_current_research\"><img decoding=\"async\" loading=\"lazy\" class=\"alignleft wp-image-5008\" src=\"http:\/\/archeol.sav.sk\/files\/Failaka-204x300.jpg\" alt=\"\" width=\"161\" height=\"237\" srcset=\"https:\/\/archeol.sav.sk\/files\/Failaka-204x300.jpg 204w, https:\/\/archeol.sav.sk\/files\/Failaka.jpg 570w\" sizes=\"(max-width: 161px) 100vw, 161px\" \/><\/a><a href=\"https:\/\/www.academia.edu\/40729245\/Archaeology_of_Failaka_and_Kuwaiti_coast_current_research\"><strong>Archaeology of Failaka and Kuwaiti Coast<\/strong><\/a><br \/>\nAutor: <strong>Matej Ruttkay, Branislav Kov\u00e1r, Karol Pieta<\/strong><br \/>\nVydal:\u00a0<strong>Archeologick\u00fd \u00fastav SAV\/VEDA<\/strong><br \/>\nRok vydania:\u00a0<strong>2019<\/strong><br \/>\nISBN <strong>978-80-8196-028-4<\/strong><br \/>\nPo\u010det str\u00e1n: <strong>204<\/strong><\/p>\n<p>&nbsp;<\/p>\n<p>&nbsp;<\/p>\n<p>&nbsp;<\/p>\n<p><img decoding=\"async\" loading=\"lazy\" class=\" wp-image-4866 alignleft\" src=\"http:\/\/archeol.sav.sk\/files\/Str_001-18-204x300.jpg\" alt=\"\" width=\"156\" height=\"229\" srcset=\"https:\/\/archeol.sav.sk\/files\/Str_001-18-204x300.jpg 204w, https:\/\/archeol.sav.sk\/files\/Str_001-18-768x1131.jpg 768w, https:\/\/archeol.sav.sk\/files\/Str_001-18-695x1024.jpg 695w\" sizes=\"(max-width: 156px) 100vw, 156px\" \/><a href=\"http:\/\/archeol.sav.sk\/files\/J.Z\u00e1bojn\u00edk.pdf\"><strong>Pohrebisko z obdobia avarsk\u00e9ho kagan\u00e1tu v Obide<\/strong><\/a><br \/>\nAutor: <strong>Jozef Z\u00e1bojn\u00edk<\/strong><br \/>\nVydal:\u00a0<strong>Archeologick\u00fd \u00fastav SAV<\/strong><br \/>\nRok vydania:\u00a0<strong>2019<\/strong><br \/>\nISBN <strong>978-80-8196-013-0<\/strong><\/p>\n<p>Po\u010det str\u00e1n: 335, plus dvd nosi\u010d<\/p>\n<p>&nbsp;<\/p>\n<p>&nbsp;<\/p>\n<p>&nbsp;<\/p>\n<p><b><a href=\"http:\/\/archeol.sav.sk\/files\/SZ-65-2019_na-net.pdf\"><img decoding=\"async\" loading=\"lazy\" class=\"alignleft wp-image-5006\" src=\"http:\/\/archeol.sav.sk\/files\/\u0160Z-65-2019-titul-1-204x300.jpg\" alt=\"\" width=\"153\" height=\"225\" srcset=\"https:\/\/archeol.sav.sk\/files\/\u0160Z-65-2019-titul-1-204x300.jpg 204w, https:\/\/archeol.sav.sk\/files\/\u0160Z-65-2019-titul-1-768x1128.jpg 768w, https:\/\/archeol.sav.sk\/files\/\u0160Z-65-2019-titul-1-697x1024.jpg 697w\" sizes=\"(max-width: 153px) 100vw, 153px\" \/><\/a><a href=\"http:\/\/archeol.sav.sk\/files\/SZ-65-2019_na-net.pdf\">\u0160tudijn\u00e9 Zvesti 65<\/a><\/b><\/p>\n<p>Autori:\u00a0<b>Gertr\u00fada B\u0159ezinov\u00e1, Alena Bist\u00e1kov\u00e1 (zost.)<\/b><br \/>\nVydal:\u00a0<b>Archeologick\u00fd \u00fastav SAV<\/b><br \/>\nRok vydania:\u00a0<strong>2019<\/strong><br \/>\nISSN\u00a0 0560-2793<br \/>\nPo\u010det str\u00e1n:\u00a0<strong>219<\/strong><\/p>\n<p>&nbsp;<\/p>\n<p>&nbsp;<\/p>\n<p>&nbsp;<\/p>\n<p><b><a href=\"http:\/\/archeol.sav.sk\/files\/SlA-1-2019.pdf\"><img decoding=\"async\" loading=\"lazy\" class=\" wp-image-5005 alignleft\" src=\"http:\/\/archeol.sav.sk\/files\/Str_003-1-204x300.jpg\" alt=\"\" width=\"155\" height=\"228\" srcset=\"https:\/\/archeol.sav.sk\/files\/Str_003-1-204x300.jpg 204w, https:\/\/archeol.sav.sk\/files\/Str_003-1-768x1127.jpg 768w, https:\/\/archeol.sav.sk\/files\/Str_003-1-698x1024.jpg 698w\" sizes=\"(max-width: 155px) 100vw, 155px\" \/><\/a><a href=\"http:\/\/archeol.sav.sk\/files\/SlA-1-2019.pdf\">Slovensk\u00e1 archeol\u00f3gia LXVII-1<\/a><\/b><\/p>\n<p>Autor:\u00a0<b>Gabriel Fusek (zost.)<\/b><\/p>\n<p>Vydal:\u00a0<b>Archeologick\u00fd \u00fastav SAV<\/b><\/p>\n<p>ISSN 1355-0102<\/p>\n<p>Rok vydania:\u00a0<b>2019<\/b><\/p>\n<p>Po\u010det str\u00e1n:\u00a0<b>199<\/b><\/p>\n<p>&nbsp;<\/p>\n<p>&nbsp;<\/p>\n<p><a href=\"http:\/\/archeol.sav.sk\/files\/AVANS-2014.pdf\"><img decoding=\"async\" loading=\"lazy\" class=\"wp-image-5002 alignleft\" src=\"http:\/\/archeol.sav.sk\/files\/Str_002-3-206x300.jpg\" alt=\"\" width=\"158\" height=\"230\" srcset=\"https:\/\/archeol.sav.sk\/files\/Str_002-3-206x300.jpg 206w, https:\/\/archeol.sav.sk\/files\/Str_002-3-768x1120.jpg 768w, https:\/\/archeol.sav.sk\/files\/Str_002-3-702x1024.jpg 702w\" sizes=\"(max-width: 158px) 100vw, 158px\" \/><\/a><\/p>\n<p>&nbsp;<\/p>\n<p><a href=\"http:\/\/archeol.sav.sk\/files\/AVANS-2014.pdf\"><b>Archeologick\u00e9 v\u00fdskumy a n\u00e1lezy na Slovensku<\/b><\/a><br \/>\nAutor: <strong>Ivan Cheben, Klaudia Da\u0148ov\u00e1, Marek Vojte\u010dek\u00a0\u00a0(zost.)<\/strong><br \/>\nVydal:\u00a0<strong>Archeologick\u00fd \u00fastav SAV<\/strong><br \/>\nRok vydania:\u00a0<strong>2019<\/strong><br \/>\nISSN <strong>0231-925X<\/strong><\/p>\n<p>Po\u010det str\u00e1n:\u00a0<strong>158<\/strong><\/p>\n<p>&nbsp;<\/p>\n<p>&nbsp;<\/p>\n","protected":false},"excerpt":{"rendered":"<p>Objedn\u00e1vky: 037\/6943209, e-mail:\u00a0gabriela.holkova@savba.sk &nbsp; \u0160tudijn\u00e9 Zvesti , No. Supp. 1 Autori: Lucia Benedikov\u00e1, Gertr\u00fada B\u0159ezinov\u00e1, Eva Horv\u00e1thov\u00e1, Susanne Stegmann-Rajt\u00e1r (eds.) Vydal:\u00a0Archeologick\u00fd \u00fastav SAV Rok vydania:\u00a02019 ISSN\u00a0 0560-2793 Po\u010det str\u00e1n:\u00a0518 &nbsp; &nbsp; &nbsp; &nbsp; &nbsp; \u0160tudijn\u00e9 Zvesti 66 Autori:\u00a0Gertr\u00fada B\u0159ezinov\u00e1, Alena Bist\u00e1kov\u00e1 (zost.) Vydal:\u00a0Archeologick\u00fd \u00fastav SAV Rok vydania:\u00a02019 ISSN\u00a0 0560-2793 Po\u010det str\u00e1n:\u00a0171 &nbsp; &nbsp; &nbsp; &nbsp; &#8230; <a class=\"read-more\" href=\"https:\/\/archeol.sav.sk\/index.php\/sk\/publikacie-2019\/\">\u010c\u00edtajte viac<\/a><\/p>\n","protected":false},"author":2,"featured_media":0,"parent":0,"menu_order":0,"comment_status":"closed","ping_status":"closed","template":"","meta":[],"_links":{"self":[{"href":"https:\/\/archeol.sav.sk\/index.php\/wp-json\/wp\/v2\/pages\/4841"}],"collection":[{"href":"https:\/\/archeol.sav.sk\/index.php\/wp-json\/wp\/v2\/pages"}],"about":[{"href":"https:\/\/archeol.sav.sk\/index.php\/wp-json\/wp\/v2\/types\/page"}],"author":[{"embeddable":true,"href":"https:\/\/archeol.sav.sk\/index.php\/wp-json\/wp\/v2\/users\/2"}],"replies":[{"embeddable":true,"href":"https:\/\/archeol.sav.sk\/index.php\/wp-json\/wp\/v2\/comments?post=4841"}],"version-history":[{"count":20,"href":"https:\/\/archeol.sav.sk\/index.php\/wp-json\/wp\/v2\/pages\/4841\/revisions"}],"predecessor-version":[{"id":5500,"href":"https:\/\/archeol.sav.sk\/index.php\/wp-json\/wp\/v2\/pages\/4841\/revisions\/5500"}],"wp:attachment":[{"href":"https:\/\/archeol.sav.sk\/index.php\/wp-json\/wp\/v2\/media?parent=4841"}],"curies":[{"name":"wp","href":"https:\/\/api.w.org\/{rel}","templated":true}]}}