{"id":4832,"date":"2019-10-02T23:10:29","date_gmt":"2019-10-02T21:10:29","guid":{"rendered":"http:\/\/archeol.sav.sk\/?page_id=4832"},"modified":"2019-10-02T23:15:43","modified_gmt":"2019-10-02T21:15:43","slug":"publikacie-2013","status":"publish","type":"page","link":"https:\/\/archeol.sav.sk\/index.php\/sk\/publikacie-2013\/","title":{"rendered":"Publik\u00e1cie 2013"},"content":{"rendered":"<p>Objedn\u00e1vky: 037\/6943209, e-mail: <a href=\"mailto:gabriela.holkova@savba.sk\">gabriela.holkova@savba.sk<\/a><\/p>\n<p><br clear=\"ALL\" \/><img decoding=\"async\" loading=\"lazy\" src=\"http:\/\/archeol.sav.sk\/pics_knihy\/2013_staslo.jpg\" alt=\"kniha\" width=\"150\" height=\"216\" align=\"left\" hspace=\"10\" \/><b>STAR\u00c9 SLOVENSKO 1. Archeol\u00f3gia ako historick\u00e1 veda<\/b><\/p>\n<p>Autor: <b>Jozef Bujna, V\u00e1clav Furm\u00e1nek, Egon Wiedermann (zost.)<\/b><br \/>\nVydal: <b>Archeologick\u00fd \u00fastav SAV<\/b><br \/>\nRok vydania: <b>2013<\/b><br \/>\nPo\u010det str\u00e1n: <b>244<\/b><br \/>\nISBN 978-80-89315-44-4 (viaz.)<br \/>\nCena: <b>48 Eur<\/b><\/p>\n<p>&nbsp;<\/p>\n<p><br clear=\"ALL\" \/><img decoding=\"async\" loading=\"lazy\" src=\"http:\/\/archeol.sav.sk\/pics_knihy\/2013_robak.jpg\" alt=\"kniha\" width=\"150\" height=\"216\" align=\"left\" hspace=\"10\" \/><b>Studia nad okuciami rzemieni w typie karoli\u0144skim VIII-X wiek. I cz\u0119\u015b\u0107<\/b><\/p>\n<p>Autor: <b>Zbigniew Robak<\/b><br \/>\nVydal: <b>Archeologick\u00fd \u00fastav SAV<\/b><br \/>\nRok vydania: <b>2013<\/b><br \/>\nPo\u010det str\u00e1n: <b>245<\/b><br \/>\nISBN 978-80-89315-51-2 (viaz.)<br \/>\nCena: <b>40 Eur<\/b><\/p>\n<p>&nbsp;<\/p>\n<p><br clear=\"ALL\" \/><img decoding=\"async\" loading=\"lazy\" src=\"http:\/\/archeol.sav.sk\/pics_knihy\/2013_hunka.jpg\" alt=\"kniha\" width=\"150\" height=\"216\" align=\"left\" hspace=\"10\" \/><b>Mince Arp\u00e1dovcov z rokov 1000-1301. Ich podiel na v\u00fdvoji hospod\u00e1rstva stredovek\u00e9ho Slovenska<\/b><\/p>\n<p>Autor: <b>J\u00e1n Hunka<\/b><br \/>\nVydal: <b>Archeologick\u00fd \u00fastav SAV<\/b><br \/>\nRok vydania: <b>2013<\/b><br \/>\nPo\u010det str\u00e1n: <b>179<\/b><br \/>\nISBN 978-80-89315-50-5 (viaz.)<br \/>\nCena: <b>78 Eur<\/b><\/p>\n<p>&nbsp;<\/p>\n<p><br clear=\"ALL\" \/><img decoding=\"async\" loading=\"lazy\" src=\"http:\/\/archeol.sav.sk\/pics_knihy\/2013_novotna_sojak.jpg\" alt=\"kniha\" width=\"150\" height=\"216\" align=\"left\" hspace=\"10\" \/><b>Ve\u013ek\u00e1 Lomnica \u2013 Burchbrich. Urzeitliches Dorf unter den Hohen Tatra<\/b><\/p>\n<p>Autor: <b>M\u00e1ria Novotn\u00e1, Mari\u00e1n Soj\u00e1k<\/b><br \/>\nVydal: <b>Archeologick\u00fd \u00fastav SAV<\/b><br \/>\nRok vydania: <b>2013<\/b><br \/>\nPo\u010det str\u00e1n: <b>260<\/b><br \/>\nISBN 978-80-89315-49-9 (viaz.)<br \/>\nCena: <b>80 Eur<\/b><\/p>\n<p>&nbsp;<\/p>\n<p><br clear=\"ALL\" \/><img decoding=\"async\" loading=\"lazy\" src=\"http:\/\/archeol.sav.sk\/pics_knihy\/2013_vp_X.jpg\" alt=\"kniha\" width=\"150\" height=\"200\" align=\"left\" hspace=\"10\" \/><b>V\u00fdchodoslovensk\u00fd pravek X<\/b><\/p>\n<p>Autor: <b>kolekt\u00edv autorov<\/b><br \/>\nVydal: <b>Archeologick\u00fd \u00fastav SAV<\/b><br \/>\nRok vydania: <b>2013<\/b><br \/>\nPo\u010det str\u00e1n: <b>339<\/b><br \/>\nISBN 978-80-89315-45-1 (viaz.)<br \/>\nCena: <b>74 Eur<\/b><\/p>\n<p>&nbsp;<\/p>\n<p><br clear=\"ALL\" \/><img decoding=\"async\" loading=\"lazy\" src=\"http:\/\/archeol.sav.sk\/pics_knihy\/2013_olexa_novacek.jpg\" alt=\"kniha\" width=\"150\" height=\"200\" align=\"left\" hspace=\"10\" \/><b>Pohrebisko zo star\u0161ej doby bronzovej v Ni\u017enej My\u0161li. Katal\u00f3g I (hroby 1-310)<\/b><\/p>\n<p>Autor: <b>Ladislav Olexa, Tom\u00e1\u0161 Nov\u00e1\u010dek<\/b><br \/>\nVydal: <b>Archeologick\u00fd \u00fastav SAV<\/b><br \/>\nRok vydania: <b>2013<\/b><br \/>\nPo\u010det str\u00e1n: <b>297<\/b><br \/>\nISBN 978-80-89315-46-8 (viaz.)<br \/>\nCena: <b>81 Eur<\/b><\/p>\n<p>&nbsp;<\/p>\n<p><br clear=\"ALL\" \/><img decoding=\"async\" loading=\"lazy\" src=\"http:\/\/archeol.sav.sk\/pics_knihy\/2013_neruda_kaminska.jpg\" alt=\"kniha\" width=\"150\" height=\"200\" align=\"left\" hspace=\"10\" \/><b>Neanderthals at Bojnice in the Context of Central Europe<\/b><\/p>\n<p>Autor: <b>Petr Neruda, \u013dubom\u00edra Kaminsk\u00e1<\/b><br \/>\nVydal: <b>Archeologick\u00fd \u00fastav SAV, Moravsk\u00e9 Zemsk\u00e9 Muzem Brno<\/b><br \/>\nRok vydania: <b>2013<\/b><br \/>\nPo\u010det str\u00e1n: <b>249<\/b><br \/>\nISBN 978-80-7028-407-0 (bro\u017e.)<br \/>\nCena: <b>16 Eur<\/b><\/p>\n<p>&nbsp;<\/p>\n<p><br clear=\"ALL\" \/><img decoding=\"async\" loading=\"lazy\" src=\"http:\/\/archeol.sav.sk\/pics_knihy\/2013_neolit.jpg\" alt=\"kniha\" width=\"150\" height=\"200\" align=\"left\" hspace=\"10\" \/><b>Ot\u00e1zky neolitu a eneolitu na\u0161ich kraj\u00edn \u2013 2010<\/b><\/p>\n<p>Autor: <b>Ivan Cheben, Mari\u00e1n Soj\u00e1k (eds.)<\/b><br \/>\nVydal: <b>Archeologick\u00fd \u00fastav SAV<\/b><br \/>\nRok vydania: <b>2013<\/b><br \/>\nPo\u010det str\u00e1n: <b>412<\/b><br \/>\nISBN 978-80-89315-43-7 (viaz.)<br \/>\nCena: <b>80 Eur<\/b><\/p>\n","protected":false},"excerpt":{"rendered":"<p>Objedn\u00e1vky: 037\/6943209, e-mail: gabriela.holkova@savba.sk STAR\u00c9 SLOVENSKO 1. Archeol\u00f3gia ako historick\u00e1 veda Autor: Jozef Bujna, V\u00e1clav Furm\u00e1nek, Egon Wiedermann (zost.) Vydal: Archeologick\u00fd \u00fastav SAV Rok vydania: 2013 Po\u010det str\u00e1n: 244 ISBN 978-80-89315-44-4 (viaz.) Cena: 48 Eur &nbsp; Studia nad okuciami rzemieni w typie karoli\u0144skim VIII-X wiek. I cz\u0119\u015b\u0107 Autor: Zbigniew Robak Vydal: Archeologick\u00fd \u00fastav SAV Rok &#8230; <a class=\"read-more\" href=\"https:\/\/archeol.sav.sk\/index.php\/sk\/publikacie-2013\/\">\u010c\u00edtajte viac<\/a><\/p>\n","protected":false},"author":2,"featured_media":0,"parent":0,"menu_order":0,"comment_status":"closed","ping_status":"closed","template":"","meta":[],"_links":{"self":[{"href":"https:\/\/archeol.sav.sk\/index.php\/wp-json\/wp\/v2\/pages\/4832"}],"collection":[{"href":"https:\/\/archeol.sav.sk\/index.php\/wp-json\/wp\/v2\/pages"}],"about":[{"href":"https:\/\/archeol.sav.sk\/index.php\/wp-json\/wp\/v2\/types\/page"}],"author":[{"embeddable":true,"href":"https:\/\/archeol.sav.sk\/index.php\/wp-json\/wp\/v2\/users\/2"}],"replies":[{"embeddable":true,"href":"https:\/\/archeol.sav.sk\/index.php\/wp-json\/wp\/v2\/comments?post=4832"}],"version-history":[{"count":2,"href":"https:\/\/archeol.sav.sk\/index.php\/wp-json\/wp\/v2\/pages\/4832\/revisions"}],"predecessor-version":[{"id":4846,"href":"https:\/\/archeol.sav.sk\/index.php\/wp-json\/wp\/v2\/pages\/4832\/revisions\/4846"}],"wp:attachment":[{"href":"https:\/\/archeol.sav.sk\/index.php\/wp-json\/wp\/v2\/media?parent=4832"}],"curies":[{"name":"wp","href":"https:\/\/api.w.org\/{rel}","templated":true}]}}