{"id":4826,"date":"2019-10-02T23:07:43","date_gmt":"2019-10-02T21:07:43","guid":{"rendered":"http:\/\/archeol.sav.sk\/?page_id=4826"},"modified":"2019-10-02T23:16:28","modified_gmt":"2019-10-02T21:16:28","slug":"publikacie-2014","status":"publish","type":"page","link":"https:\/\/archeol.sav.sk\/index.php\/sk\/publikacie-2014\/","title":{"rendered":"Publik\u00e1cie 2014"},"content":{"rendered":"<p>Objedn\u00e1vky: 037\/6943209, e-mail: <a href=\"mailto:gabriela.holkova@savba.sk\">gabriela.holkova@savba.sk<\/a><\/p>\n<p>&nbsp;<\/p>\n<div><img decoding=\"async\" loading=\"lazy\" class=\"\" src=\"http:\/\/archeol.sav.sk\/files\/Str_0011.jpg\" alt=\"kniha\" width=\"150\" height=\"216\" align=\"left\" hspace=\"10\" \/><b>Star\u00e9 Slovensko 2<\/b><\/div>\n<div><\/div>\n<div>Autor: <b>\u013dubom\u00edra Kaminsk\u00e1 (zost.)<\/b><br \/>\nVydal: <b>Archeologick\u00fd \u00fastav SAV<\/b><br \/>\nRok vydania: <b>2014<\/b><br \/>\nPo\u010det str\u00e1n: <b>366<\/b><br \/>\nISBN: 978-80-89315-57-4<\/div>\n<p>&nbsp;<\/p>\n<p>&nbsp;<\/p>\n<div>\n<p><img decoding=\"async\" loading=\"lazy\" class=\"\" src=\"http:\/\/archeol.sav.sk\/pics_knihy\/2014_robak.jpg\" alt=\"kniha\" width=\"150\" height=\"216\" align=\"left\" hspace=\"10\" \/><b>Studia nad okuciami rzemieni w typie karoli\u0144skim VIII-X wiek. II cz\u0119\u015b\u0107<\/b><\/p>\n<p>Autor: <b>Zbigniew Robak<\/b><br \/>\nVydal: <b>Archeologick\u00fd \u00fastav SAV<\/b><br \/>\nRok vydania: <b>2014<\/b><br \/>\nPo\u010det str\u00e1n: <b>220<\/b><br \/>\nISBN 978-80-89315-58-1 (viaz.)<br \/>\nCena: <b>40 Eur<\/b><\/p>\n<\/div>\n<p>&nbsp;<\/p>\n<p>&nbsp;<\/p>\n<div>\n<p><br clear=\"ALL\" \/><img decoding=\"async\" loading=\"lazy\" src=\"http:\/\/archeol.sav.sk\/pics_knihy\/2014_sa_LXII_2.jpg\" alt=\"kniha\" width=\"150\" height=\"216\" align=\"left\" hspace=\"10\" \/><b><a href=\"http:\/\/www.archeol.sav.sk\/pub_slovarch.php#s22014\" target=\"_self\" rel=\"noopener noreferrer\">Slovensk\u00e1 archeol\u00f3gia LXII-2<\/a><\/b><\/p>\n<p>Autor: <b>Gabriel Fusek (zost.)<\/b><br \/>\nVydal: <b>Archeologick\u00fd \u00fastav SAV<\/b><br \/>\nRok vydania: <b>2014<\/b><br \/>\nPo\u010det str\u00e1n: <b>199<\/b><br \/>\nCena: <b>79 Eur<\/b><\/p>\n<\/div>\n<p>&nbsp;<\/p>\n<p>&nbsp;<\/p>\n<div>\n<p><br clear=\"ALL\" \/><img decoding=\"async\" loading=\"lazy\" src=\"http:\/\/archeol.sav.sk\/pics_knihy\/2014_sz56.jpg\" alt=\"kniha\" width=\"150\" height=\"216\" align=\"left\" hspace=\"10\" \/><b><a href=\"http:\/\/archeol.sav.sk\/docs_studijnezvesti\/sz56.pdf\">\u0160tudijn\u00e9 Zvesti 56<\/a><\/b><\/p>\n<p>Autor: <b>Gertr\u00fada B\u0159ezinov\u00e1, Alena Bist\u00e1kov\u00e1 (zost.)<\/b><br \/>\nVydal: <b>Archeologick\u00fd \u00fastav SAV<\/b><br \/>\nRok vydania: <b>2014<\/b><br \/>\nPo\u010det str\u00e1n: <b>188<\/b><br \/>\nCena: <b>74 Eur<\/b><\/p>\n<\/div>\n<p>&nbsp;<\/p>\n<p>&nbsp;<\/p>\n<div>\n<p><br clear=\"ALL\" \/><img decoding=\"async\" loading=\"lazy\" src=\"http:\/\/archeol.sav.sk\/pics_knihy\/2014_sa_LXII_1.jpg\" alt=\"kniha\" width=\"150\" height=\"216\" align=\"left\" hspace=\"10\" \/><b><a href=\"http:\/\/www.archeol.sav.sk\/pub_slovarch.php#s12014\" target=\"_self\" rel=\"noopener noreferrer\">Slovensk\u00e1 archeol\u00f3gia LXII-1<\/a><\/b><\/p>\n<p>Autor: <b>Gabriel Fusek (zost.)<\/b><br \/>\nVydal: <b>Archeologick\u00fd \u00fastav SAV<\/b><br \/>\nRok vydania: <b>2014<\/b><br \/>\nPo\u010det str\u00e1n: <b>211<\/b><br \/>\nCena: <b>79 Eur<\/b><\/p>\n<\/div>\n<p>&nbsp;<\/p>\n<p>&nbsp;<\/p>\n<div>\n<p><br clear=\"ALL\" \/><img decoding=\"async\" loading=\"lazy\" src=\"http:\/\/archeol.sav.sk\/pics_knihy\/2014_sz55.jpg\" alt=\"kniha\" width=\"150\" height=\"216\" align=\"left\" hspace=\"10\" \/><b><a href=\"http:\/\/archeol.sav.sk\/docs_studijnezvesti\/sz55.pdf\">\u0160tudijn\u00e9 Zvesti 55<\/a><\/b><\/p>\n<p>Autor: <b>Gertr\u00fada B\u0159ezinov\u00e1, Alena Bist\u00e1kov\u00e1 (zost.)<\/b><br \/>\nVydal: <b>Archeologick\u00fd \u00fastav SAV<\/b><br \/>\nRok vydania: <b>2014<\/b><br \/>\nPo\u010det str\u00e1n: <b>236<\/b><br \/>\nCena: <b>74 Eur<\/b><\/p>\n<\/div>\n<p>&nbsp;<\/p>\n<p>&nbsp;<\/p>\n<div>\n<p><br clear=\"ALL\" \/><img decoding=\"async\" loading=\"lazy\" src=\"http:\/\/archeol.sav.sk\/pics_knihy\/2014_beljak_pazinova_sk.jpg\" alt=\"kniha\" width=\"150\" height=\"216\" align=\"left\" hspace=\"10\" \/><b>Archeologick\u00fd v\u00fdskum na stavbe VTL plynovodu SK\/HU v roku 2013 : O \u017eivote v minulosti alebo svet pravek\u00fdch komun\u00edt v Kiarove<\/b><\/p>\n<p>Autor: <b>Beljak Pa\u017einov\u00e1 No\u00e9mi, Beljak J\u00e1n<\/b><br \/>\nVydal: <b>Archeologick\u00fd \u00fastav SAV<\/b><br \/>\nRok vydania: <b>2014<\/b><br \/>\nPo\u010det str\u00e1n: <b>70<\/b><br \/>\nCena: <b>5 Eur<\/b><\/p>\n<\/div>\n<p>&nbsp;<\/p>\n<p>&nbsp;<\/p>\n<div>\n<p><img decoding=\"async\" loading=\"lazy\" src=\"http:\/\/archeol.sav.sk\/pics_knihy\/2014_beljak_pazinova_en.jpg\" alt=\"kniha\" width=\"150\" height=\"216\" align=\"left\" hspace=\"10\" \/><b>Archaeological investigation on the high-pressure Gas interconnection Pipeline SK-HU in 2013 : Life in Early Times or the World of Prehistoric Communities in Kiarov<\/b><\/p>\n<p>Author: <b>Beljak Pa\u017einov\u00e1 No\u00e9mi, Beljak J\u00e1n<\/b><br \/>\nIssued by: <b>Archaeological Institute SAS<\/b><br \/>\nImprint date: <b>2014<\/b><br \/>\nPages: <b>70<\/b><br \/>\nPrice: <b>5 Eur<\/b><\/p>\n<\/div>\n","protected":false},"excerpt":{"rendered":"<p>Objedn\u00e1vky: 037\/6943209, e-mail: gabriela.holkova@savba.sk &nbsp; Star\u00e9 Slovensko 2 Autor: \u013dubom\u00edra Kaminsk\u00e1 (zost.) Vydal: Archeologick\u00fd \u00fastav SAV Rok vydania: 2014 Po\u010det str\u00e1n: 366 ISBN: 978-80-89315-57-4 &nbsp; &nbsp; Studia nad okuciami rzemieni w typie karoli\u0144skim VIII-X wiek. II cz\u0119\u015b\u0107 Autor: Zbigniew Robak Vydal: Archeologick\u00fd \u00fastav SAV Rok vydania: 2014 Po\u010det str\u00e1n: 220 ISBN 978-80-89315-58-1 (viaz.) Cena: 40 &#8230; <a class=\"read-more\" href=\"https:\/\/archeol.sav.sk\/index.php\/sk\/publikacie-2014\/\">\u010c\u00edtajte viac<\/a><\/p>\n","protected":false},"author":2,"featured_media":0,"parent":0,"menu_order":0,"comment_status":"closed","ping_status":"closed","template":"","meta":[],"_links":{"self":[{"href":"https:\/\/archeol.sav.sk\/index.php\/wp-json\/wp\/v2\/pages\/4826"}],"collection":[{"href":"https:\/\/archeol.sav.sk\/index.php\/wp-json\/wp\/v2\/pages"}],"about":[{"href":"https:\/\/archeol.sav.sk\/index.php\/wp-json\/wp\/v2\/types\/page"}],"author":[{"embeddable":true,"href":"https:\/\/archeol.sav.sk\/index.php\/wp-json\/wp\/v2\/users\/2"}],"replies":[{"embeddable":true,"href":"https:\/\/archeol.sav.sk\/index.php\/wp-json\/wp\/v2\/comments?post=4826"}],"version-history":[{"count":5,"href":"https:\/\/archeol.sav.sk\/index.php\/wp-json\/wp\/v2\/pages\/4826\/revisions"}],"predecessor-version":[{"id":4847,"href":"https:\/\/archeol.sav.sk\/index.php\/wp-json\/wp\/v2\/pages\/4826\/revisions\/4847"}],"wp:attachment":[{"href":"https:\/\/archeol.sav.sk\/index.php\/wp-json\/wp\/v2\/media?parent=4826"}],"curies":[{"name":"wp","href":"https:\/\/api.w.org\/{rel}","templated":true}]}}