{"id":4548,"date":"2019-04-26T13:36:53","date_gmt":"2019-04-26T11:36:53","guid":{"rendered":"http:\/\/archeol.sav.sk\/?page_id=4548"},"modified":"2019-04-26T13:36:54","modified_gmt":"2019-04-26T11:36:54","slug":"skryte-poklady","status":"publish","type":"page","link":"https:\/\/archeol.sav.sk\/index.php\/sk\/skryte-poklady\/","title":{"rendered":"Skryt\u00e9 poklady"},"content":{"rendered":"\n<p>Kniha Skryt\u00e9 poklady 01 \u2013 V\u00fdskum archeologick\u00fdch lokal\u00edt Tvrdo\u0161oviec je prv\u00fdm publika\u010dn\u00fdm v\u00fdstupom prebiehaj\u00faceho systematick\u00e9ho archeologick\u00e9ho v\u00fdskumu polykult\u00farnej lokality v\u00a0Tvrdo\u0161ovciach. Archeologick\u00fd v\u00fdskum tu prebieha od roku 2015 pod veden\u00edm Mgr. I. Bazovsk\u00e9ho, PhD. a\u00a0Mgr. R. \u010cambala, PhD. zo SNM-Archeologick\u00e9ho m\u00fazea v\u00a0Bratislave. Na v\u00fdskume spolupracovali aj Dr. Marek Budaj zo SNM-Historick\u00e9ho m\u00fazea, a Igor Furugl\u00e1\u0161, ako aj \u010fal\u0161\u00ed dobrovo\u013en\u00edci.<\/p>\n\n\n\n<figure class=\"wp-block-image\"><img decoding=\"async\" loading=\"lazy\" width=\"1024\" height=\"640\" src=\"http:\/\/archeol.sav.sk\/files\/2-4-1024x640.jpg\" alt=\"\" class=\"wp-image-4550\" srcset=\"https:\/\/archeol.sav.sk\/files\/2-4-1024x640.jpg 1024w, https:\/\/archeol.sav.sk\/files\/2-4-300x187.jpg 300w, https:\/\/archeol.sav.sk\/files\/2-4-768x480.jpg 768w, https:\/\/archeol.sav.sk\/files\/2-4.jpg 2048w\" sizes=\"(max-width: 1024px) 100vw, 1024px\" \/><\/figure>\n\n\n\n<p>V\u00fdskum &nbsp;je realizovan\u00fd za\npodpory <a href=\"https:\/\/www.apvv.sk\/\">Agent\u00fary na podporu v\u00fdskumu\na&nbsp;v\u00fdvoja<\/a> na z\u00e1klade Zmluvy \u010d.&nbsp;\nAPVV-15-0491. Jeho s\u00fa\u010das\u0165ou je nede\u0161trukt\u00edvna prospekcia,\nprebiehaj\u00faca pomocou detektorov kovov.<\/p>\n\n\n\n<p>V&nbsp;r\u00e1mci v\u00fdskumu s\u00fa pou\u017e\u00edvan\u00e9 modern\u00e9 met\u00f3dy\nprieskumu v&nbsp;podobe geofyzik\u00e1lnych meran\u00ed, ktor\u00e9 boli realizovan\u00e9 na\nploch\u00e1ch, vytypovan\u00fdch na z\u00e1klade satelitn\u00fdch sn\u00edmok lokality, na ktor\u00fdch sa\nobjavuje \u0161trukt\u00fara os\u00eddlenia v&nbsp;podobe do zeme zah\u013aben\u00fdch objektov. Tieto\n\u0161trukt\u00fary boli overen\u00e9 a&nbsp;meran\u00e9 magnetometrom.<\/p>\n\n\n\n<p>Na z\u00e1klade v\u00fdsledkov meran\u00ed boli zatia\u013e presk\u00faman\u00e9 tri\ns\u00eddliskov\u00e9 objekty. Dva z&nbsp;nich poch\u00e1dzaj\u00fa zo strednej doby lat\u00e9nskej, zo\nz\u00e1veru 3. storo\u010dia pred Kr. Ide o&nbsp;dve zemnice s&nbsp;dvoj resp. troj\nkolovou nadzemnou kon\u0161trukciou. Jedna chata sedem kolovej nadzemnej kon\u0161trukcie\npatr\u00ed do z&nbsp;mlad\u0161ej doby r\u00edmskej.<\/p>\n\n\n\n<p>Ter\u00e9nne pr\u00e1ce na v\u00fdskume boli dokumentovan\u00e9 dronom pre potreby fotogrametrie a\u00a03D modelovania. Okrem toho z\u00a0v\u00fdskumu poch\u00e1dzaj\u00fa unik\u00e1tne n\u00e1lezy v\u00a0podobe antropomorfn\u00e9ho ucha n\u00e1doby, fragment r\u00edmskeho vojensk\u00e9ho diplomu \u010di stovky \u010fal\u0161\u00edch predmetov z\u00a0farebn\u00fdch kovov (spony, kovania, mince z\u00a0doby lat\u00e9nskej, r\u00edmskej a\u00a0stredoveku) ako aj mno\u017estvo\u00a0keramiky.<\/p>\n\n\n\n<figure class=\"wp-block-image\"><img decoding=\"async\" loading=\"lazy\" width=\"1024\" height=\"683\" src=\"http:\/\/archeol.sav.sk\/files\/3-4-1024x683.jpg\" alt=\"\" class=\"wp-image-4551\" srcset=\"https:\/\/archeol.sav.sk\/files\/3-4-1024x683.jpg 1024w, https:\/\/archeol.sav.sk\/files\/3-4-300x200.jpg 300w, https:\/\/archeol.sav.sk\/files\/3-4-768x512.jpg 768w, https:\/\/archeol.sav.sk\/files\/3-4.jpg 2048w\" sizes=\"(max-width: 1024px) 100vw, 1024px\" \/><\/figure>\n\n\n\n<p>Publik\u00e1cia je bohato ilustrovan\u00e1 fotografiami n\u00e1lezov z\u00a0lokality, po\u010d\u00edta\u010dov\u00fdmi vizualiz\u00e1ciami a\u00a0rekon\u0161trukciami zisten\u00fdch obytn\u00fdch objektov. Je koncipovan\u00e1 jednak pre laick\u00fa ako aj odborn\u00fa verejnos\u0165. S\u00fa\u010das\u0165ou publik\u00e1cie je aj bohat\u00fd katal\u00f3g n\u00e1lezov a\u00a0minc\u00ed, aj s\u00a0pou\u017eitou literat\u00farou. Publik\u00e1cia obsahuje v\u00fdber viac ako 200 n\u00e1lezov artefaktov a minc\u00ed. V kni\u017eke je na 220 str\u00e1nkach viac ako 500 kvalitn\u00fdch a detailn\u00fdch fotografi\u00ed. Na z\u00e1ver je zoznam pou\u017eitej literat\u00fary. <\/p>\n\n\n\n<p><a href=\"http:\/\/www.skrytepoklady.sk\/\">Igor Furugl\u00e1\u0161 \u2013  Igor Bazovsk\u00fd \u2013 Radoslav\u00a0 \u010cambal \u2013  Marek Budaj: <\/a><strong><a href=\"http:\/\/www.skrytepoklady.sk\/\">Skryt\u00e9 poklady 01<\/a><\/strong><a href=\"http:\/\/www.skrytepoklady.sk\/\"> V\u00fdskum archeologick\u00fdch lokal\u00edt Tvrdo\u0161oviec, Praha 2019, s. 220, ISBN 978-80-973032-1-1.<\/a><\/p>\n\n\n\n<figure class=\"wp-block-image\"><img decoding=\"async\" loading=\"lazy\" width=\"1024\" height=\"683\" src=\"http:\/\/archeol.sav.sk\/files\/5-6-1024x683.jpg\" alt=\"\" class=\"wp-image-4554\" srcset=\"https:\/\/archeol.sav.sk\/files\/5-6-1024x683.jpg 1024w, https:\/\/archeol.sav.sk\/files\/5-6-300x200.jpg 300w, https:\/\/archeol.sav.sk\/files\/5-6-768x512.jpg 768w, https:\/\/archeol.sav.sk\/files\/5-6.jpg 2048w\" sizes=\"(max-width: 1024px) 100vw, 1024px\" \/><\/figure>\n","protected":false},"excerpt":{"rendered":"<p>Kniha Skryt\u00e9 poklady 01 \u2013 V\u00fdskum archeologick\u00fdch lokal\u00edt Tvrdo\u0161oviec je prv\u00fdm publika\u010dn\u00fdm v\u00fdstupom prebiehaj\u00faceho systematick\u00e9ho archeologick\u00e9ho v\u00fdskumu polykult\u00farnej lokality v\u00a0Tvrdo\u0161ovciach. Archeologick\u00fd v\u00fdskum tu prebieha od roku 2015 pod veden\u00edm Mgr. I. Bazovsk\u00e9ho, PhD. a\u00a0Mgr. R. \u010cambala, PhD. zo SNM-Archeologick\u00e9ho m\u00fazea v\u00a0Bratislave. Na v\u00fdskume spolupracovali aj Dr. Marek Budaj zo SNM-Historick\u00e9ho m\u00fazea, a Igor Furugl\u00e1\u0161, ako &#8230; <a class=\"read-more\" href=\"https:\/\/archeol.sav.sk\/index.php\/sk\/skryte-poklady\/\">\u010c\u00edtajte viac<\/a><\/p>\n","protected":false},"author":2,"featured_media":0,"parent":0,"menu_order":0,"comment_status":"closed","ping_status":"closed","template":"","meta":[],"_links":{"self":[{"href":"https:\/\/archeol.sav.sk\/index.php\/wp-json\/wp\/v2\/pages\/4548"}],"collection":[{"href":"https:\/\/archeol.sav.sk\/index.php\/wp-json\/wp\/v2\/pages"}],"about":[{"href":"https:\/\/archeol.sav.sk\/index.php\/wp-json\/wp\/v2\/types\/page"}],"author":[{"embeddable":true,"href":"https:\/\/archeol.sav.sk\/index.php\/wp-json\/wp\/v2\/users\/2"}],"replies":[{"embeddable":true,"href":"https:\/\/archeol.sav.sk\/index.php\/wp-json\/wp\/v2\/comments?post=4548"}],"version-history":[{"count":3,"href":"https:\/\/archeol.sav.sk\/index.php\/wp-json\/wp\/v2\/pages\/4548\/revisions"}],"predecessor-version":[{"id":4555,"href":"https:\/\/archeol.sav.sk\/index.php\/wp-json\/wp\/v2\/pages\/4548\/revisions\/4555"}],"wp:attachment":[{"href":"https:\/\/archeol.sav.sk\/index.php\/wp-json\/wp\/v2\/media?parent=4548"}],"curies":[{"name":"wp","href":"https:\/\/api.w.org\/{rel}","templated":true}]}}