{"id":442,"date":"2015-06-26T07:33:01","date_gmt":"2015-06-26T05:33:01","guid":{"rendered":"http:\/\/archeol.sav.sk\/?page_id=442"},"modified":"2024-06-07T13:24:36","modified_gmt":"2024-06-07T11:24:36","slug":"zverejnovanie-dokladov","status":"publish","type":"page","link":"https:\/\/archeol.sav.sk\/index.php\/sk\/zverejnovanie-dokladov\/","title":{"rendered":"Zverej\u0148ovanie dokladov"},"content":{"rendered":"<p><a href=\"https:\/\/www.sav.sk\/index.php?lang=sk&amp;doc=ins-org-ins&amp;institute_no=2&amp;action=contracts\"><strong>Zverej\u0148ovanie zml\u00fav, objedn\u00e1vok a fakt\u00far<\/strong><\/a><\/p>\n<p><strong><a href=\"https:\/\/archeol.sav.sk\/index.php\/sk\/projekty-a-studie\/\">Projekty a \u0161t\u00fadie<\/a><\/strong><\/p>\n<p class=\"entry-title\"><a href=\"https:\/\/archeol.sav.sk\/index.php\/sk\/expozicia-kniezacej-hrobky-z-popradu\/\"><strong>Expoz\u00edcia knie\u017eacej hrobky z Popradu<\/strong><\/a><\/p>\n<p>&nbsp;<\/p>\n","protected":false},"excerpt":{"rendered":"<p>Zverej\u0148ovanie zml\u00fav, objedn\u00e1vok a fakt\u00far Projekty a \u0161t\u00fadie Expoz\u00edcia knie\u017eacej hrobky z Popradu &nbsp;<\/p>\n","protected":false},"author":2,"featured_media":0,"parent":0,"menu_order":0,"comment_status":"closed","ping_status":"open","template":"","meta":[],"_links":{"self":[{"href":"https:\/\/archeol.sav.sk\/index.php\/wp-json\/wp\/v2\/pages\/442"}],"collection":[{"href":"https:\/\/archeol.sav.sk\/index.php\/wp-json\/wp\/v2\/pages"}],"about":[{"href":"https:\/\/archeol.sav.sk\/index.php\/wp-json\/wp\/v2\/types\/page"}],"author":[{"embeddable":true,"href":"https:\/\/archeol.sav.sk\/index.php\/wp-json\/wp\/v2\/users\/2"}],"replies":[{"embeddable":true,"href":"https:\/\/archeol.sav.sk\/index.php\/wp-json\/wp\/v2\/comments?post=442"}],"version-history":[{"count":5,"href":"https:\/\/archeol.sav.sk\/index.php\/wp-json\/wp\/v2\/pages\/442\/revisions"}],"predecessor-version":[{"id":7094,"href":"https:\/\/archeol.sav.sk\/index.php\/wp-json\/wp\/v2\/pages\/442\/revisions\/7094"}],"wp:attachment":[{"href":"https:\/\/archeol.sav.sk\/index.php\/wp-json\/wp\/v2\/media?parent=442"}],"curies":[{"name":"wp","href":"https:\/\/api.w.org\/{rel}","templated":true}]}}