{"id":4329,"date":"2019-03-06T15:01:20","date_gmt":"2019-03-06T13:01:20","guid":{"rendered":"http:\/\/archeol.sav.sk\/?page_id=4329"},"modified":"2019-03-06T15:01:21","modified_gmt":"2019-03-06T13:01:21","slug":"cinnost-v-roku-2018-2","status":"publish","type":"page","link":"https:\/\/archeol.sav.sk\/index.php\/sk\/cinnost-v-roku-2018-2\/","title":{"rendered":"\u010cinnos\u0165 v roku 2018"},"content":{"rendered":"\n<p><strong>Teoretick\u00e1 pr\u00e1ca.<\/strong>\nPredov\u0161etk\u00fdm sa rozpracovali sa tri monografie, a&nbsp;to \u201eZaniknut\u00e1 stredovek\u00e1 dedina v&nbsp;Nededzi \u2013\nkatal\u00f3g\u201c, \u201eArcheologick\u00e1 topografia stredovek\u00e9ho a novovek\u00e9ho dedinsk\u00e9ho\nos\u00eddlenia Kys\u00fac\u201c a \u201eV\u010dasnostredovek\u00e9 hradisko Ve\u013ek\u00fd vrch v&nbsp;Divinke\u201c. Do\ntla\u010de sa odovzdalo sedem \u0161t\u00fadi\u00ed a&nbsp;v\u00fdsledky pr\u00e1ce na projekte sa\nprezentovali na \u0161tyroch dom\u00e1cich i&nbsp;medzin\u00e1rodn\u00fdch konferenci\u00e1ch.<\/p>\n\n\n\n<p><strong>Hradisko Ve\u013ek\u00fd vrch v&nbsp;Divinke.<\/strong>\nUskuto\u010dnila sa u\u017e \u0161iesta v\u00fdskumn\u00e1 kampa\u0148 na hradisku a&nbsp;v&nbsp;jeho z\u00e1zem\u00ed.\nV polohe Ve\u013ek\u00e9 Sala\u0161ky sa pokra\u010dovalo vo v\u00fdskume br\u00e1ny chr\u00e1niacej pr\u00edstup na\nhradisko z&nbsp;Pova\u017eia. V&nbsp;polohe Lovi\u0161ky sa sk\u00famal val.<\/p>\n\n\n\n<p><strong>Stredovek\u00fd\nhr\u00e1dok v Divinke.<\/strong> V&nbsp;polohe Hradisko sa za\u010dala sa prv\u00e1 etapa v\u00fdskumu\nhr\u00e1dku. Okrem samotn\u00fdch vykop\u00e1vok sa tu urobil aj geofyzik\u00e1lny prieskum a\nn\u00e1lezisko sa geodeticky zameralo<\/p>\n\n\n\n<p><strong>Lidarov\u00e9 sn\u00edmkovanie\na&nbsp;povrchov\u00fd prieskum.<\/strong> Pokra\u010dovalo sa v&nbsp;leteckom skenovan\u00ed\nvybrat\u00fdch \u00fazem\u00ed Kys\u00fac, dosia\u013e sa ter\u00e9n zosn\u00edmkoval na ploche 286 km\u00b2. Na z\u00edskan\u00e9\nmap\u00e1ch sa identifikovali a&nbsp;n\u00e1sledne v&nbsp;ter\u00e9ne vyh\u013ead\u00e1vali\na&nbsp;overovali relikty d\u00e1vneho os\u00eddlenia a&nbsp;\u013eudsk\u00fdch z\u00e1sahov\nv&nbsp;krajine v&nbsp;katastroch obc\u00ed Svr\u010dinovec, \u010cierne, Skalit\u00e9, O\u0161\u010dadnica a\nKlubina.<\/p>\n","protected":false},"excerpt":{"rendered":"<p>Teoretick\u00e1 pr\u00e1ca. Predov\u0161etk\u00fdm sa rozpracovali sa tri monografie, a&nbsp;to \u201eZaniknut\u00e1 stredovek\u00e1 dedina v&nbsp;Nededzi \u2013 katal\u00f3g\u201c, \u201eArcheologick\u00e1 topografia stredovek\u00e9ho a novovek\u00e9ho dedinsk\u00e9ho os\u00eddlenia Kys\u00fac\u201c a \u201eV\u010dasnostredovek\u00e9 hradisko Ve\u013ek\u00fd vrch v&nbsp;Divinke\u201c. Do tla\u010de sa odovzdalo sedem \u0161t\u00fadi\u00ed a&nbsp;v\u00fdsledky pr\u00e1ce na projekte sa prezentovali na \u0161tyroch dom\u00e1cich i&nbsp;medzin\u00e1rodn\u00fdch konferenci\u00e1ch. Hradisko Ve\u013ek\u00fd vrch v&nbsp;Divinke. Uskuto\u010dnila sa u\u017e \u0161iesta v\u00fdskumn\u00e1 &#8230; <a class=\"read-more\" href=\"https:\/\/archeol.sav.sk\/index.php\/sk\/cinnost-v-roku-2018-2\/\">\u010c\u00edtajte viac<\/a><\/p>\n","protected":false},"author":2,"featured_media":0,"parent":0,"menu_order":0,"comment_status":"closed","ping_status":"closed","template":"","meta":[],"_links":{"self":[{"href":"https:\/\/archeol.sav.sk\/index.php\/wp-json\/wp\/v2\/pages\/4329"}],"collection":[{"href":"https:\/\/archeol.sav.sk\/index.php\/wp-json\/wp\/v2\/pages"}],"about":[{"href":"https:\/\/archeol.sav.sk\/index.php\/wp-json\/wp\/v2\/types\/page"}],"author":[{"embeddable":true,"href":"https:\/\/archeol.sav.sk\/index.php\/wp-json\/wp\/v2\/users\/2"}],"replies":[{"embeddable":true,"href":"https:\/\/archeol.sav.sk\/index.php\/wp-json\/wp\/v2\/comments?post=4329"}],"version-history":[{"count":1,"href":"https:\/\/archeol.sav.sk\/index.php\/wp-json\/wp\/v2\/pages\/4329\/revisions"}],"predecessor-version":[{"id":4334,"href":"https:\/\/archeol.sav.sk\/index.php\/wp-json\/wp\/v2\/pages\/4329\/revisions\/4334"}],"wp:attachment":[{"href":"https:\/\/archeol.sav.sk\/index.php\/wp-json\/wp\/v2\/media?parent=4329"}],"curies":[{"name":"wp","href":"https:\/\/api.w.org\/{rel}","templated":true}]}}

Činnosť v roku 2018

<p><strong>Teoretická práca.</strong>
Predovšetkým sa rozpracovali sa tri monografie, a&nbsp;to „Zaniknutá stredoveká dedina v&nbsp;Nededzi –
katalóg“, „Archeologická topografia stredovekého a novovekého dedinského
osídlenia Kysúc“ a „Včasnostredoveké hradisko Veľký vrch v&nbsp;Divinke“. Do
tlače sa odovzdalo sedem štúdií a&nbsp;výsledky práce na projekte sa
prezentovali na štyroch domácich i&nbsp;medzinárodných konferenciách.</p>



<p><strong>Hradisko Veľký vrch v&nbsp;Divinke.</strong>
Uskutočnila sa už šiesta výskumná kampaň na hradisku a&nbsp;v&nbsp;jeho zázemí.
V polohe Veľké Salašky sa pokračovalo vo výskume brány chrániacej prístup na
hradisko z&nbsp;Považia. V&nbsp;polohe Lovišky sa skúmal val.</p>



<p><strong>Stredoveký
hrádok v Divinke.</strong> V&nbsp;polohe Hradisko sa začala sa prvá etapa výskumu
hrádku. Okrem samotných vykopávok sa tu urobil aj geofyzikálny prieskum a
nálezisko sa geodeticky zameralo</p>



<p><strong>Lidarové snímkovanie
a&nbsp;povrchový prieskum.</strong> Pokračovalo sa v&nbsp;leteckom skenovaní
vybratých území Kysúc, dosiaľ sa terén zosnímkoval na ploche 286 km². Na získané
mapách sa identifikovali a&nbsp;následne v&nbsp;teréne vyhľadávali
a&nbsp;overovali relikty dávneho osídlenia a&nbsp;ľudských zásahov
v&nbsp;krajine v&nbsp;katastroch obcí Svrčinovec, Čierne, Skalité, Oščadnica a
Klubina.</p>

<p>Teoretická práca. Predovšetkým sa rozpracovali sa tri monografie, a&nbsp;to „Zaniknutá stredoveká dedina v&nbsp;Nededzi – katalóg“, „Archeologická topografia stredovekého a novovekého dedinského osídlenia Kysúc“ a „Včasnostredoveké hradisko Veľký vrch v&nbsp;Divinke“. Do tlače sa odovzdalo sedem štúdií a&nbsp;výsledky práce na projekte sa prezentovali na štyroch domácich i&nbsp;medzinárodných konferenciách. Hradisko Veľký vrch v&nbsp;Divinke. Uskutočnila sa už šiesta výskumná &#8230; <a class="read-more" href="https://archeol.sav.sk/index.php/sk/cinnost-v-roku-2018-2/">Čítajte viac</a></p>
