{"id":4252,"date":"2019-01-12T20:06:40","date_gmt":"2019-01-12T18:06:40","guid":{"rendered":"http:\/\/archeol.sav.sk\/?page_id=4252"},"modified":"2019-01-12T20:06:40","modified_gmt":"2019-01-12T18:06:40","slug":"cinnost-v-roku-2017","status":"publish","type":"page","link":"https:\/\/archeol.sav.sk\/index.php\/sk\/cinnost-v-roku-2017\/","title":{"rendered":"\u010cinnos\u0165 v roku 2017"},"content":{"rendered":"<figure id=\"attachment_3182\" aria-describedby=\"caption-attachment-3182\" style=\"width: 271px\" class=\"wp-caption alignright\"><a href=\"http:\/\/archeol.sav.sk\/files\/okrasny-kotuc-z-Nitry_Hornych-Kr\u0161kanoch.jpg\"><img decoding=\"async\" loading=\"lazy\" class=\"wp-image-3182 size-medium\" src=\"http:\/\/archeol.sav.sk\/files\/okrasny-kotuc-z-Nitry_Hornych-Kr\u0161kanoch-281x300.jpg\" alt=\"okrasny-kotuc-z-nitry_hornych-krskanoch\" width=\"281\" height=\"300\" srcset=\"https:\/\/archeol.sav.sk\/files\/okrasny-kotuc-z-Nitry_Hornych-Kr\u0161kanoch-281x300.jpg 281w, https:\/\/archeol.sav.sk\/files\/okrasny-kotuc-z-Nitry_Hornych-Kr\u0161kanoch.jpg 570w\" sizes=\"(max-width: 281px) 100vw, 281px\" \/><\/a><figcaption id=\"caption-attachment-3182\" class=\"wp-caption-text\">Okrasn\u00fd kot\u00fa\u010d z pohrebiska v Nitre-Horn\u00fdch Kr\u0161kanoch<\/figcaption><\/figure>\n<p><strong>1. Pramenn\u00e1 z\u00e1klad\u0148a.<\/strong>\u00a0Po\u010das prv\u00e9ho polroka rie\u0161enia projektu, zredukovan\u00e9ho z\u00a0objekt\u00edvnych pr\u00ed\u010din o\u00a0tri mesiace, sa postupovalo pod\u013ea vypracovan\u00e9ho harmonogramu. V\u00a0s\u00falade so stanovenou \u0161trukt\u00farou zhroma\u017e\u010fovali rie\u0161itelia v\u00fdchodiskov\u00fa pramenn\u00fa datab\u00e1zu, \u0161tudovali zverejnen\u00e9 publika\u010dn\u00e9 v\u00fdstupy i\u00a0arch\u00edvne materi\u00e1ly, ktor\u00e9 vytvoria obsahov\u00fa n\u00e1pl\u0148 pr\u00edslu\u0161n\u00fdch tematick\u00fdch okruhov.<\/p>\n<p><strong>\u00a02.\u00a0<\/strong><strong>Tvorba pracovnej datab\u00e1zy.<\/strong>\u00a0Prist\u00fapilo sa k\u00a0selekcii stredovek\u00fdch n\u00e1lez\u00edsk z\u00a0centr\u00e1lnej datab\u00e1zy ISAU, v\u00a0ktorej je evidovan\u00fdch 1131 n\u00e1lezov\u00fdch spr\u00e1v mapuj\u00facich os\u00eddlenie Nitry od praveku po novovek.<\/p>\n<p><strong>3. Publika\u010dn\u00e1 \u010dinnos\u0165.<\/strong>\u00a0Z\u00a0pripravovanej monografickej \u0161t\u00fadie do intern\u00e9ho \u010dasopisu s\u00a0titulom \u201ePohrebisko z\u00a010. storo\u010dia v\u00a0Nitre-Horn\u00fdch Kr\u0161kanoch\u201c je ukon\u010den\u00e1 textov\u00e1 \u010das\u0165 katal\u00f3gu, a\u00a0prvej kapitoly. Rozpracovali sa ilustra\u010dn\u00e9 tabu\u013eky s\u00a0pl\u00e1nmi hrobov a\u00a0kresbami n\u00e1lezov.<\/p>\n<p><strong>4. Vedeck\u00e9 podujatia.<\/strong>\u00a0Dvaja pracovn\u00edci sa z\u00fa\u010dastnili, vedeck\u00e9ho podujatia organizovan\u00e9ho v\u00a0Rak\u00fasku, na ktorom predniesli dva refer\u00e1ty. Ich p\u00edsomn\u00e1 verzia bude publikovan\u00e1 v\u00a0konferen\u010dnom zborn\u00edku.<\/p>\n","protected":false},"excerpt":{"rendered":"<p>1. Pramenn\u00e1 z\u00e1klad\u0148a.\u00a0Po\u010das prv\u00e9ho polroka rie\u0161enia projektu, zredukovan\u00e9ho z\u00a0objekt\u00edvnych pr\u00ed\u010din o\u00a0tri mesiace, sa postupovalo pod\u013ea vypracovan\u00e9ho harmonogramu. V\u00a0s\u00falade so stanovenou \u0161trukt\u00farou zhroma\u017e\u010fovali rie\u0161itelia v\u00fdchodiskov\u00fa pramenn\u00fa datab\u00e1zu, \u0161tudovali zverejnen\u00e9 publika\u010dn\u00e9 v\u00fdstupy i\u00a0arch\u00edvne materi\u00e1ly, ktor\u00e9 vytvoria obsahov\u00fa n\u00e1pl\u0148 pr\u00edslu\u0161n\u00fdch tematick\u00fdch okruhov. \u00a02.\u00a0Tvorba pracovnej datab\u00e1zy.\u00a0Prist\u00fapilo sa k\u00a0selekcii stredovek\u00fdch n\u00e1lez\u00edsk z\u00a0centr\u00e1lnej datab\u00e1zy ISAU, v\u00a0ktorej je evidovan\u00fdch 1131 n\u00e1lezov\u00fdch spr\u00e1v &#8230; <a class=\"read-more\" href=\"https:\/\/archeol.sav.sk\/index.php\/sk\/cinnost-v-roku-2017\/\">\u010c\u00edtajte viac<\/a><\/p>\n","protected":false},"author":2,"featured_media":0,"parent":0,"menu_order":0,"comment_status":"closed","ping_status":"closed","template":"","meta":[],"_links":{"self":[{"href":"https:\/\/archeol.sav.sk\/index.php\/wp-json\/wp\/v2\/pages\/4252"}],"collection":[{"href":"https:\/\/archeol.sav.sk\/index.php\/wp-json\/wp\/v2\/pages"}],"about":[{"href":"https:\/\/archeol.sav.sk\/index.php\/wp-json\/wp\/v2\/types\/page"}],"author":[{"embeddable":true,"href":"https:\/\/archeol.sav.sk\/index.php\/wp-json\/wp\/v2\/users\/2"}],"replies":[{"embeddable":true,"href":"https:\/\/archeol.sav.sk\/index.php\/wp-json\/wp\/v2\/comments?post=4252"}],"version-history":[{"count":1,"href":"https:\/\/archeol.sav.sk\/index.php\/wp-json\/wp\/v2\/pages\/4252\/revisions"}],"predecessor-version":[{"id":4253,"href":"https:\/\/archeol.sav.sk\/index.php\/wp-json\/wp\/v2\/pages\/4252\/revisions\/4253"}],"wp:attachment":[{"href":"https:\/\/archeol.sav.sk\/index.php\/wp-json\/wp\/v2\/media?parent=4252"}],"curies":[{"name":"wp","href":"https:\/\/api.w.org\/{rel}","templated":true}]}}