{"id":3791,"date":"2018-09-27T16:03:46","date_gmt":"2018-09-27T14:03:46","guid":{"rendered":"http:\/\/archeol.sav.sk\/?page_id=3791"},"modified":"2018-10-03T14:16:21","modified_gmt":"2018-10-03T12:16:21","slug":"ostatne","status":"publish","type":"page","link":"https:\/\/archeol.sav.sk\/index.php\/sk\/ostatne\/","title":{"rendered":"Ostatn\u00e9"},"content":{"rendered":"<h1 style=\"margin: 0cm; margin-bottom: .0001pt; background: white;\"><strong><span style=\"font-size: 12pt;\">Nin, Chorv\u00e1tsko, kostol Sv. Kr\u00ed\u017ea \u2013 9. storo\u010die<\/span><\/strong><\/h1>\n<p><iframe loading=\"lazy\" src=\"https:\/\/www.youtube.com\/embed\/F_4oreV0Nuk?rel=0\" width=\"560\" height=\"315\" frameborder=\"0\" allowfullscreen=\"allowfullscreen\"><\/iframe><\/p>\n<p>&nbsp;<\/p>\n<h1 style=\"margin: 0cm; margin-bottom: .0001pt; text-align: justify; line-height: 150%; background: white;\"><strong><span style=\"font-size: 12pt; line-height: 150%;\">Nitra, Star\u00e9 Mesto, hrad, parkovisko \u2013 v\u010dasnostredovek\u00fd hrob<\/span><\/strong><\/h1>\n<p><iframe loading=\"lazy\" src=\"https:\/\/www.youtube.com\/embed\/PCyfR26NqAI?rel=0\" width=\"560\" height=\"315\" frameborder=\"0\" allowfullscreen=\"allowfullscreen\"><\/iframe><\/p>\n<p><a href=\"http:\/\/archeol.sav.sk\/index.php\/sk\/autorske-prava\/\">Autorsk\u00e9 pr\u00e1va<\/a><\/p>\n","protected":false},"excerpt":{"rendered":"<p>Nin, Chorv\u00e1tsko, kostol Sv. Kr\u00ed\u017ea \u2013 9. storo\u010die &nbsp; Nitra, Star\u00e9 Mesto, hrad, parkovisko \u2013 v\u010dasnostredovek\u00fd hrob Autorsk\u00e9 pr\u00e1va<\/p>\n","protected":false},"author":2,"featured_media":0,"parent":0,"menu_order":0,"comment_status":"closed","ping_status":"closed","template":"","meta":[],"_links":{"self":[{"href":"https:\/\/archeol.sav.sk\/index.php\/wp-json\/wp\/v2\/pages\/3791"}],"collection":[{"href":"https:\/\/archeol.sav.sk\/index.php\/wp-json\/wp\/v2\/pages"}],"about":[{"href":"https:\/\/archeol.sav.sk\/index.php\/wp-json\/wp\/v2\/types\/page"}],"author":[{"embeddable":true,"href":"https:\/\/archeol.sav.sk\/index.php\/wp-json\/wp\/v2\/users\/2"}],"replies":[{"embeddable":true,"href":"https:\/\/archeol.sav.sk\/index.php\/wp-json\/wp\/v2\/comments?post=3791"}],"version-history":[{"count":2,"href":"https:\/\/archeol.sav.sk\/index.php\/wp-json\/wp\/v2\/pages\/3791\/revisions"}],"predecessor-version":[{"id":3829,"href":"https:\/\/archeol.sav.sk\/index.php\/wp-json\/wp\/v2\/pages\/3791\/revisions\/3829"}],"wp:attachment":[{"href":"https:\/\/archeol.sav.sk\/index.php\/wp-json\/wp\/v2\/media?parent=3791"}],"curies":[{"name":"wp","href":"https:\/\/api.w.org\/{rel}","templated":true}]}}