{"id":3352,"date":"2018-04-09T14:19:21","date_gmt":"2018-04-09T12:19:21","guid":{"rendered":"http:\/\/archeol.sav.sk\/?page_id=3352"},"modified":"2018-04-09T14:42:30","modified_gmt":"2018-04-09T12:42:30","slug":"smernica","status":"publish","type":"page","link":"https:\/\/archeol.sav.sk\/index.php\/sk\/o-nas\/doktorandske-studium\/smernica\/","title":{"rendered":"Smernica"},"content":{"rendered":"<h2><a href=\"http:\/\/archeol.sav.sk\/docs_ostatne\/smernica_ausav_pre_ds.pdf\" target=\"_blank\">Smernica Archeologick\u00e9ho \u00fastavu SAV pre doktorandsk\u00e9 \u0161t\u00fadium vo form\u00e1te *.pdf<\/a><\/h2>\n","protected":false},"excerpt":{"rendered":"<p>Smernica Archeologick\u00e9ho \u00fastavu SAV pre doktorandsk\u00e9 \u0161t\u00fadium vo form\u00e1te *.pdf<\/p>\n","protected":false},"author":2,"featured_media":0,"parent":750,"menu_order":0,"comment_status":"closed","ping_status":"closed","template":"","meta":[],"_links":{"self":[{"href":"https:\/\/archeol.sav.sk\/index.php\/wp-json\/wp\/v2\/pages\/3352"}],"collection":[{"href":"https:\/\/archeol.sav.sk\/index.php\/wp-json\/wp\/v2\/pages"}],"about":[{"href":"https:\/\/archeol.sav.sk\/index.php\/wp-json\/wp\/v2\/types\/page"}],"author":[{"embeddable":true,"href":"https:\/\/archeol.sav.sk\/index.php\/wp-json\/wp\/v2\/users\/2"}],"replies":[{"embeddable":true,"href":"https:\/\/archeol.sav.sk\/index.php\/wp-json\/wp\/v2\/comments?post=3352"}],"version-history":[{"count":1,"href":"https:\/\/archeol.sav.sk\/index.php\/wp-json\/wp\/v2\/pages\/3352\/revisions"}],"predecessor-version":[{"id":3353,"href":"https:\/\/archeol.sav.sk\/index.php\/wp-json\/wp\/v2\/pages\/3352\/revisions\/3353"}],"up":[{"embeddable":true,"href":"https:\/\/archeol.sav.sk\/index.php\/wp-json\/wp\/v2\/pages\/750"}],"wp:attachment":[{"href":"https:\/\/archeol.sav.sk\/index.php\/wp-json\/wp\/v2\/media?parent=3352"}],"curies":[{"name":"wp","href":"https:\/\/api.w.org\/{rel}","templated":true}]}}