{"id":3237,"date":"2018-02-08T13:59:39","date_gmt":"2018-02-08T11:59:39","guid":{"rendered":"http:\/\/archeol.sav.sk\/?page_id=3237"},"modified":"2018-02-08T14:12:25","modified_gmt":"2018-02-08T12:12:25","slug":"projektove-aktivity-v-roku-2017","status":"publish","type":"page","link":"https:\/\/archeol.sav.sk\/index.php\/sk\/projektove-aktivity-v-roku-2017\/","title":{"rendered":"Projektov\u00e9 aktivity v roku 2017"},"content":{"rendered":"<p>V\u00a0nadv\u00e4znosti na prv\u00fa etapu projektu pokra\u010dovalo dop\u013a\u0148anie datab\u00e1z existuj\u00facich lokal\u00edt a\u00a0ich overovanie v\u00a0ter\u00e9ne prieskumom a\u00a0v\u00fdskumom.<\/p>\n<p>&nbsp;<\/p>\n<h3><strong>Ter\u00e9nne aktivity<\/strong><\/h3>\n<p><u>Rie\u0161ite\u013esk\u00e1 organiz\u00e1cia (SNM \u2013 Archeologick\u00e9 m\u00fazeum)<\/u> pokra\u010dovala v\u00a0roku 2017 v\u00a0prieskumoch v\u00a0oblasti juhoz\u00e1padn\u00e9ho Slovenska so zameran\u00edm sa najm\u00e4 na pohorie Mal\u00fdch Karp\u00e1t a\u00a0pri\u013eahl\u00e9 \u00fazemia \u2013 Z\u00e1horsk\u00fa n\u00ed\u017einu a\u00a0Trnavsk\u00fa tabu\u013eu. Vybavovanie povolen\u00ed a\u00a0n\u00e1sledn\u00fa sond\u00e1\u017e na mieste n\u00e1lezu depotu z\u00a0mlad\u0161ej doby bronzovej vo Sv\u00e4tom Jure (J. BART\u00cdK, P. JEL\u00cdNEK).\u00a0 V\u00a0Mal\u00fdch Karpatoch pri obci Bukov\u00e1 sond\u00e1\u017e v\u00a0mieste n\u00e1lezu pec\u00ed (Z. FARKA\u0160), zameranie a\u00a03D fotogrametria n\u00e1lezu (J. BART\u00cdK). Najviac realizovan\u00fdch prieskumov bolo zameran\u00fdch predov\u0161etk\u00fdm na dobu lat\u00e9nsku a\u00a0dobu r\u00edmsku (I. BAZOVSK\u00dd, R. \u010cAMBAL). V\u00a0spolupr\u00e1ci s\u00a0A\u00da SAV realizovan\u00fd prieskum a\u00a0sond\u00e1\u017eny v\u00fdskum novo objaven\u00e9ho germ\u00e1nskeho pohrebiska v\u00a0Z\u00e1vode.\u00a0 Jeho cie\u013eom bolo zistenie jeho rozsahu, zachovalosti a\u00a0datovania \u2013 pohrebisko je takmer \u00faplne zni\u010den\u00e9 zemn\u00fdmi pr\u00e1cami s\u00favisiacimi s\u00a0vyr\u00faban\u00edm a\u00a0v\u00fdsadbou lesa. Na poznatky z\u00a0prech\u00e1dzaj\u00faceho roku nadviazal systematick\u00fd prieskum v\u00a0katastri obce Tvrdo\u0161ovce. Na jeho z\u00e1klade a\u00a0na z\u00e1klade leteck\u00fdch sn\u00edmok sa realizoval geofyzik\u00e1lny prieskum vytypovanej plochy. Jeho v\u00fdsledky boli podkladom pre \u00a0archeologick\u00fd v\u00fdskum dvoch vybran\u00fdch objektov s\u00a0cie\u013eom overenia ich datovania a\u00a0funkcie. Zisten\u00fd pr\u00edbytok 2-kolovej kon\u0161trukcie, tvor\u00ed s\u00fa\u010das\u0165 radovej z\u00e1stavby z\u00a0doby lat\u00e9nskej. Odobrali sa vzorky pre paleobotaniku. Druh\u00fd sk\u00faman\u00fd objekt zisten\u00fd sond\u00e1\u017eou je datovan\u00fd do doby r\u00edmskej \u2013 jeho presk\u00famanie sa pl\u00e1nuje v\u00a0roku 2018.<\/p>\n<p><u>Spolurie\u0161ite\u013esk\u00e1 organiz\u00e1cia (Archeologick\u00fd \u00fastav SAV)<\/u> sa po prvej etape, ktor\u00e1 bola zameran\u00e1 hlavne na doplnenie existuj\u00facich datab\u00e1z lokal\u00edt, s\u00fastredila na vyu\u017eitie nov\u00fdch nede\u0161trukt\u00edvnych met\u00f3d sledovania jednotliv\u00fdch vybran\u00fdch lokal\u00edt, ide o\u00a0sn\u00edmkovanie LIDAR, presn\u00e1 met\u00f3da 3D zobrazenia konkr\u00e9tnych v\u00fdsekov zemsk\u00e9ho povrchu. Z\u00edskan\u00e9 sn\u00edmky posl\u00fa\u017eia na identifik\u00e1ciu mnoh\u00fdch doteraz nezn\u00e1mych objektov v ter\u00e9ne \u2013 opevnenia, cesty, hr\u00e1dze, priekopy, objekty, domy a pod. \u00a0Taktie\u017e boli uroben\u00e9 anal\u00fdzy vybran\u00fdch archeologick\u00fdch predmetov na spresnenie datovania pomocou met\u00f3dy rozpadu uhl\u00edka C14.<\/p>\n<p>V\u00a0roku 2017 sa s\u00edce nepokra\u010dovalo v\u00a0prieskumnej \u010dinnosti lokal\u00edt v\u00a0okrese Pova\u017esk\u00e1 Bystrica a P\u00fachov, no venovala sa ve\u013ek\u00e1 pozornos\u0165 administrat\u00edvnej pr\u00edprave ter\u00e9nnych v\u00fdskumov (\u017eiadosti o vydanie s\u00fahlasu vlastn\u00edkom pozemkov, \u017eiadosti o vydanie rozhodnutia na KP\u00da), bez ktorej sa vzh\u013eadom na pr\u00e1vne normy platn\u00e9 v\u00a0SR \u017eiadna ter\u00e9nna \u010dinnos\u0165 realizova\u0165 ned\u00e1. Takto predpripraven\u00e9 prieskumy\/v\u00fdskumy s\u00fa napl\u00e1novan\u00e9 na rok 2018: Podskalie, Podskalsk\u00fd Roh\u00e1\u010d, Pova\u017esk\u00e1 Bystrica-Pova\u017esk\u00e1 Tepl\u00e1, Mal\u00fd Man\u00edn, \u010eur\u010fov\u00e9, Richt\u00e1rska, Pru\u017eina (L. BENEDIKOV\u00c1\/J. \u010eURI\u0160\/E. BLA\u017dOV\u00c1\/B. KOV\u00c1R). V\u00a0roku 2017 sa pokra\u010dovalo v\u00a0sk\u00faman\u00ed lokality na hrade v\u00a0Bratislave (B. KOV\u00c1R).<\/p>\n<p><strong>\u00a0<\/strong><\/p>\n<h3><strong>Spracov\u00e1vanie a\u00a0vyhodnocovanie materi\u00e1lu<\/strong><\/h3>\n<p>\u010eal\u0161ou aktivitou v\u00a0r\u00e1mci projektu je spracov\u00e1vanie a\u00a0vyhodnocovanie materi\u00e1lu zo star\u0161\u00edch v\u00fdskumov, ako aj n\u00e1lezov z\u00edskan\u00fdch v\u00a0r\u00e1mci projektu. Realizovala sa pl\u00e1novan\u00e1 anal\u00fdza kovov\u00fdch n\u00e1lezov zo zbierok m\u00fazea.<\/p>\n<p>V\u00a0roku 2017 SNM \u2013 Archeologick\u00e9 m\u00fazeum pokra\u010dovalo v\u00a0zhroma\u017e\u010fovan\u00ed \u00fadajov o\u00a0archeologick\u00fdch lokalit\u00e1ch. Existuj\u00faca datab\u00e1za bola ter\u00e9nnymi prieskumami doplnen\u00e1 o\u00a0nieko\u013eko nov\u00fdch lokal\u00edt. Pri systematickom prieskume bola vyu\u017eit\u00e1 geofyzik\u00e1lna prospekcia ako podklad pre\u00a0 v\u00fdskum vybran\u00fdch archeologick\u00fdch objektov. Boli odobran\u00e9 vzorky z\u00a0v\u00fdplne objektu z\u00a0doby lat\u00e9nskej v\u00a0Tvrdo\u0161ovciach pre pl\u00e1novan\u00fa paleobotanick\u00fa anal\u00fdzu. Tie\u017e boli odobrat\u00e9 a\u00a0vyhodnoten\u00e9 vzorky na anal\u00fdzu izotopu C<sup>14 <\/sup>\u00a0z\u00a0troch objektov tzv. \u201eLitzenkeramik\u201c zo star\u0161ej a\u00a0strednej dobe bronzovej. Bolo roben\u00fdch 8 anal\u00fdz po 2 vzork\u00e1ch (s\u00eddlisk\u00e1 v\u00a0Trnave a\u00a0Budmericiach, hrob zo \u0160oporne). Analyzovan\u00e9 boli kovy nede\u0161trukt\u00edvnou r\u00f6ntgenovo-fruorescen\u010dnou met\u00f3dou kovov\u00e9 predmety z\u00a0doby lat\u00e9nskej a\u00a0r\u00edmskej z\u00edskan\u00e9 prieskumom. Cie\u013eom bolo zistenie ich zlo\u017eenia (napr\u00edklad niektor\u00e9 predmety, ktor\u00e9 boli p\u00f4vodne pova\u017eovan\u00e9 za postriebren\u00e9,\u00a0 s\u00fa poc\u00ednovan\u00e9). Spracoval sa n\u00e1lezov\u00fd materi\u00e1l z\u00a0viacer\u00fdch lokal\u00edt, resp. v\u00fdnimo\u010dn\u00e9 predmety z\u00edskan\u00e9 prieskumom. Niektor\u00e9 z\u00a0tzv. \u201estratov\u00fdch n\u00e1lezov\u201c m\u00f4\u017eu by\u0165 d\u00f4le\u017eit\u00fdmi indik\u00e1tormi obchodn\u00fdch ciest ved\u00facich \u010dasto hornat\u00fdm ter\u00e9nom.<\/p>\n<p>Pracovn\u00edci A\u00da SAV sa po po\u010diato\u010dnom obdob\u00ed rie\u0161enia projektu, kde sme sa venovali v\u00fdberu k\u013e\u00fa\u010dov\u00fdch oblast\u00ed a\u00a0regi\u00f3nov, sa za\u010dalo so systematickou pr\u00edpravou ich sledovania. Zabezpe\u010den\u00e9 LIDAR sn\u00edmkovanie, odber vzoriek na C14, v\u00fdber lokal\u00edt na 3D rekon\u0161trukcie a\u00a0podobne. \u010clenovia grantu sa z\u00fa\u010dastnili a\u00a0aj prezentovali v\u00fdsledky pr\u00e1ce na troch medzin\u00e1rodn\u00fdch konferenci\u00e1ch. Pripravili sa podmienky na cielen\u00fd v\u00fdskum a\u00a0prieskum, ktor\u00fd by sa mal zrealizova\u0165 v\u00a0roku 2018. Ide hlavne o\u00a0lokality v\u00a0okrese Pova\u017esk\u00e1 Bystrica a P\u00fachov.<\/p>\n<p>Z\u00a0ned\u00e1vno realizovan\u00fdch v\u00fdskumov je to spracovanie n\u00e1lezov\u00e9ho fondu z\u00a0Bratislavy-Vydrice (B. KOV\u00c1R) a\u00a0z\u00a0Chorv\u00e1tskeho Grobu, poloha Triblavina (G. B\u0158EZINOV\u00c1), ktor\u00e9 s\u00fa predmetom rie\u0161enia v\u00a0roku 2018 aj s\u00a0konkr\u00e9tnymi v\u00fdstupmi. Po\u010d\u00edta sa op\u00e4\u0165 s\u00a0v\u00fdberom vzoriek na anal\u00fdzu, ako aj s odberom nov\u00fdch vzoriek z\u00a0v\u00fdskumov, ktor\u00e9 sa uskuto\u010dnia v\u00a0roku 2018.<\/p>\n<p>V\u00a0r\u00e1mci populariz\u00e1cie v\u00fdsledkov rie\u0161enia projektu s\u00a0cie\u013eom informova\u0165 verejnos\u0165 o\u00a0pr\u00ednosoch v\u00fdsledkov projektu, sa uskuto\u010dnili predn\u00e1\u0161ky pre \u0161tudentov i\u00a0verejnos\u0165. Boli realizovan\u00e9 v\u00a0obciach, kde sa nach\u00e1dzaj\u00fa sk\u00faman\u00e9 lokality. Cie\u013eom je, aby obyvatelia vedeli o\u00a0t\u00fdchto v\u00fdnimo\u010dn\u00fdch n\u00e1lezoch a\u00a0pok\u00fasili sa ich ochr\u00e1ni\u0165 pred vykr\u00e1da\u010dmi. R. \u010cAMBAL v\u00a0spolupr\u00e1ci s\u00a0M. Budajom zo SNM-Historick\u00e9ho m\u00fazea v\u00a0Bratislave uskuto\u010dnil cyklus predn\u00e1\u0161ok\u00a0 vo forme powerpointov\u00fdch prezent\u00e1ci\u00ed\u00a0 zameran\u00fdch na mlad\u0161iu dobu lat\u00e9nsku s\u00a0n\u00e1zvom \u201eKelti na juhoz\u00e1padnom Slovensku\u201c. Predn\u00e1\u0161ky sa uskuto\u010dnili na Katedre klasickej archeol\u00f3gie Trnavskej univerzity (30 \u0161tudentov archeol\u00f3gie + profesorsk\u00fd zbor \u2013 5. 4), v\u00a0Malack\u00e1ch (27.4: &#8211; 21 \u013eud\u00ed), Doln\u00fdch Ore\u0161anoch (28.7. &#8211; ca. 70 \u013eud\u00ed) , Andovciach (22.9. \u2013 10 \u013eud\u00ed). Tvrdo\u0161ovciach (4.10. cca. 40 \u013eud\u00ed + live prenos cez Facebook) a\u00a0v Bratislave (26.10. &#8211; cca. 35 \u013eud\u00ed). I\u0161lo o\u00a0prezent\u00e1ciu star\u0161\u00edch ako aj najnov\u0161\u00edch archeologick\u00fdch n\u00e1lezov a\u00a0n\u00e1lez\u00edsk, zisten\u00fdch po\u010das ostatn\u00e9ho obdobia v\u00a0r\u00e1mci projektu<\/p>\n<p>Postupne sa aktualizuje aj web str\u00e1nka projektu, kde s\u00fa v\u0161etky inform\u00e1cie t\u00fdkaj\u00face sa aktiv\u00edt jej rie\u0161ite\u013eov, ako aj <a href=\"http:\/\/archeol.sav.sk\/index.php\/sk\/kontakt\/vyskum\/projekty-apvv\/proces-a-zakonitosti-osidlenia-horskych-a-podhorskych-oblasti-zapadneho-slovenska\/\">publika\u010dn\u00fdch v\u00fdstupov za jednotliv\u00e9 roky rie\u0161enia projektu<\/a>.<\/p>\n<p><strong>\u00a0<\/strong><\/p>\n<h3><strong>Konferencie<\/strong><\/h3>\n<p>V\u00a0r\u00e1mci prezentovania v\u00fdsledkov projektu sa rie\u0161ite\u013esk\u00fd kolekt\u00edv oboch in\u0161tit\u00faci\u00ed z\u00fa\u010dastnil na t\u00fdchto konferenci\u00e1ch.<\/p>\n<p><strong><em>Konferencia environment\u00e1lnej archeol\u00f3gie (KEA). 13. medzin\u00e1rodn\u00e1 Konferencia environment\u00e1lnej archeol\u00f3gie (KEA) s n\u00e1zvom \u201e\u010clovek a\u00a0krajina\u201c sa konala v\u00a0d\u0148och 6. a 7. febru\u00e1ra 2017 <\/em><\/strong>na Filozofickej fakulte Univerzity Kon\u0161tant\u00edna Filozofa v\u00a0Nitre. Za usporiadan\u00edm celej akcie treba vidie\u0165 snahu slovensk\u00fdch odborn\u00edkov pod veden\u00edm archeobotani\u010dky M\u00e1rie Hajnalovej a\u00a0archeologi\u010dky No\u00e9mi Beljak Pa\u017einovej z\u00a0Katedry archeol\u00f3gie FF UKF zorganizova\u0165 konferenciu KEA po prv\u00fd kr\u00e1t mimo \u00fazemia \u010ceskej republiky a\u00a0propagova\u0165 tak v\u00fdsledky a\u00a0met\u00f3dy interdisciplin\u00e1rne zameran\u00fdch vedeck\u00fdch v\u00fdskumov a projektov. Konferencie sa z\u00fa\u010dastnilo 93 b\u00e1date\u013eov z\u00a0\u010ciech, Slovenska a\u00a0Po\u013eska. V\u00a0\u0161iestich sekci\u00e1ch odznelo 28 refer\u00e1tov a\u00a0vo forme v\u00fdvesiek sa prezentovalo 20 v\u00fdvesiek na t\u00e9mu integr\u00e1cie paleoenvironment\u00e1lneho a\u00a0archeologick\u00e9ho z\u00e1znamu, adapt\u00e1cie \u010dloveka na zmeny krajiny a\u00a0odolnosti krajiny vo\u010di \u013eudsk\u00fdm z\u00e1sahom. V\u0161etky abstrakty z\u00a0pr\u00edspevkov s\u00fa dostupn\u00e9 vo forme knihy abstraktov (Eds. M\u00e1ria Hajnalov\u00e1, No\u00e9mi Beljak Pa\u017einov\u00e1, Katar\u00edna \u0160imunkov\u00e1, Nitra: Univerzita Kon\u0161tant\u00edna Filozofa v Nitre, Filozofick\u00e1 fakulta, 2017, 88 pp., ISBN 978-80-558-1140-6). \u010clenovia rie\u0161ite\u013esk\u00e9ho kolekt\u00edvu vedeck\u00e9ho projektu APVV-15-0491 sa konferencie akt\u00edvne z\u00fa\u010dastnili a\u00a0prezentovali v\u00fdsledky archeozoologick\u00e9ho v\u00fdskumu zo stredovekej lokality Glanzenberg v\u00a0Banskej \u0160tiavnici a\u00a0v\u00fdskumu paleoenvironmentu a\u00a0paleodi\u00e9ty, ktor\u00e9 sa podarilo z\u00edska\u0165 v\u010faka v\u00fdnimo\u010dne zachovan\u00fdm, vodou konzervovan\u00fdm organick\u00fdm n\u00e1lezom z germ\u00e1nskeho s\u00eddliska z\u00a0Hurbanova. Za mno\u017estvo zauj\u00edmav\u00fdch pr\u00edspevkov, skvel\u00fa organiz\u00e1ciu i\u00a0atmosf\u00e9ru celej akcie po\u010fakoval organiza\u010dn\u00e9mu t\u00edmu i\u00a0v\u0161etk\u00fdm \u00fa\u010dastn\u00edkom Jarom\u00edr Bene\u0161 z\u00a0vedeck\u00e9ho v\u00fdboru KEA a\u00a0odpor\u00fa\u010dal publikovanie pr\u00e1c v\u00a0online \u010dasopise <em>Interdisciplinaria Archaeologica \u2013 Natural Sciences in Archaeology<\/em>, ktor\u00fd s vysok\u00fdm vedeck\u00fdm ohlasom vych\u00e1dza v\u00a0Olomouci (www.iansa.eu). Tu pl\u00e1nujeme publikova\u0165 i\u00a0v\u00fdsledky b\u00e1dania v\u00a0Hurbanove. \u00da\u010dastn\u00edci z\u00a0grantov\u00e9ho projektu: BIELICHOV\u00c1, Z., ktor\u00e1 bola aj \u010dlenkou organiza\u010dn\u00e9ho t\u00edmu, B\u0158EZINOV\u00c1, G., BENEDIKOV\u00c1, L. a\u00a0KOV\u00c1R, B.).<\/p>\n<p>&nbsp;<\/p>\n<p><strong><em>Iron Age Connectivity in the Carpathian Basin : T\u00e2rgu Mure\u015f, Romania, 13. \u2013 15. Okt\u00f3ber 2017, T\u00e2rgu Mure\u015f : Museum, Rum<\/em><\/strong><em>unsko. <\/em>Medzinrodn\u00e1 konferencia na ktorej sa z\u00fa\u010dast\u0148uj\u00fa pravidelne odborn\u00edci na dobu \u017eelezn\u00fa z\u00a0celej strednej Eur\u00f3py. V\u017edy je venovan\u00e1 jednej t\u00e9me. Z\u00fa\u010dastnil sa jej B. Kov\u00e1r aj s\u00a0refer\u00e1tom, ktor\u00fd sa zameral na neskorolat\u00e9nske os\u00eddlenie oppida v\u00a0Bratislave. <u>KOV\u00c1R, Branislav<\/u>\u00a0\u2013 \u010cAMBAL, Radoslav \u2013 BUDAJ, Marek: Late La T\u00e8ne Oppidum in Bratislava. In Iron Age Connectivity in the Carpathian Basin : T\u00e2rgu Mure\u015f, Romania, 13. \u2013 15. Okt\u00f3ber 2017, T\u00e2rgu Mure\u015f : Museum, 2017<\/p>\n<p>&nbsp;<\/p>\n<p><strong><em>International round-table, Bratislava Castle, Lapidary under the Court of Honour, Slovakia, 4. \u2013 5. September 2017, Bratislava : Mestsk\u00e9 m\u00fazeum, 2017<\/em><\/strong><em>. <\/em>Medzin\u00e1rodn\u00fd okr\u00fahly st\u00f4l bol organizovan\u00fd v r\u00e1mci spolupr\u00e1ce medzi Mestsk\u00fdm \u00fastavom ochrany pamiatok a Bibracte \/ Centre arch\u00e9ologique europ\u00e9en. Organiz\u00e1cia workshopu bola podporen\u00e1 aj ve\u013evyslanectvom Franc\u00fazska na Slovensku, Slovenskou archeologickou spolo\u010dnos\u0165ou, Archeologick\u00fdm \u00fastavom Slovenskej akad\u00e9mie vied a Slovensk\u00fdm n\u00e1rodn\u00fdm m\u00fazeom. Z\u00fa\u010dastnili sa ho odborn\u00edci na problematiku neskorej doby lat\u00e9nskej a\u00a0doby r\u00edmskej z 10 kraj\u00edn. S\u00a0refer\u00e1tom sa z\u00fa\u010dastnili:\u00a0 <u>KOV\u00c1R, Branislav:<\/u> The Celtic settlement in the Bratislava Forecastle Vydrica. <u>\u010cAMBAL, Radoslav<\/u> \u2013 <u>BAZOVSK\u00dd, Igor<\/u> \u2013 Marek BUDAJ: \u00a0Late La T\u00e8ne Settlement in the SW Slovakia. In: Bratislava in the 1st century BC &#8211; Celtic oppida on the Middle Danube : International round-table, Bratislava Castle, Lapidary under the Court of Honour, Slovakia, 4. \u2013 5. September 2017, Bratislava : Mestsk\u00e9 m\u00fazeum, 2017.<\/p>\n<p>&nbsp;<\/p>\n<p><strong><em>XIII Protohistorick\u00e1 konferencia Archeol\u00f3gia barbarov 2017. FF\u00daK v\u00a0Bratislave, 19.-20.10. 2017. <\/em><\/strong>Konferencia s\u00a0medzin\u00e1rodnou \u00fa\u010das\u0165ou zameran\u00e1 na dobu lat\u00e9nsku a\u00a0dobu r\u00edmsku. S\u00a0refer\u00e1tom sa z\u00fa\u010dastnili: <u>BAZOVSK\u00dd, Igor<\/u> \u2013 BUDAJ, Marek \u2013 <u>\u010cAMBAL, Radoslav<\/u> \u2013 FURMAN, Martin: Predbe\u017en\u00e9 v\u00fdsledky archeologick\u00e9ho a\u00a0geofyzik\u00e1lneho prieskum s\u00eddliska z\u00a0doby r\u00edmskej v\u00a0Tvrdo\u0161ovciach (okres Nov\u00e9 Z\u00e1mky).<\/p>\n<p><strong><em>\u00a0<\/em><\/strong><\/p>\n<p><strong><em>Doba lat\u00e9nska ve st\u0159edn\u00ed Evrop\u011b. Die Lat\u00e8nezeit in Mitteleuropa. Keltov\u00e9\/Die Kelten Plumlov 2017. 18. Medzin\u00e1rodn\u00ed konference\/ 18 internationale Konferenz. <\/em><\/strong><\/p>\n<p>Medzin\u00e1rodn\u00e1 konferencia venovan\u00e1 problematike mlad\u0161ej doby \u017eeleznej v\u00a0eur\u00f3pskom priestore, ktorej hlavn\u00fdmi organiz\u00e1tormi s\u00fa skupina pre \u010cesko-slovensk\u00fa dobu \u017eelezn\u00fa. BAZOVSK\u00dd, Igor \u2013 \u010cAMBAL, Radoslav: S\u00eddliskov\u00e9 objekty z\u00a0neskorej doby lat\u00e9nskej v\u00a0Bernol\u00e1kove, polohe Triblavina \/ Sp\u00e4tlat\u00e8nezeitliche Siedlungsobjekte in Bernol\u00e1kovo. R. \u010cAMBAL: S\u00eddlisko z\u00a0doby lat\u00e9nskej v\u00a0Studienke (v\u00fdskum L. Zachara 19080-1984)\/ Latenezeitliche Sielung in Studienka (Grabung von L. Zachar 1980-1984)<\/p>\n<p>&nbsp;<\/p>\n<p><strong><em>Absolute und Relative Chronologie der sp\u00e4ten Lat\u0113nezeit im mittleren Donauraum. Magdalensberg. (12.-13.7.)<\/em><\/strong> Predn\u00e1\u0161ka: <u>\u010cAMBAL, Radoslav<\/u> (Bratislava) \u2013 <u>BAZOVSK\u00dd, Igor<\/u> (Bratislava) \u2013 BUDAJ, Marek\u00a0 (Bratislava): Ein Vorschlag zur Chronologie der Sp\u00e4tlat\u00e8nezeit in der S\u00fcdwestslowakei,<\/p>\n<p>Medzin\u00e1rodn\u00e1 konferencia venovan\u00e1 ot\u00e1zkam chronol\u00f3gie neskorej dobe lat\u00e9nskej v\u00a0oblasti stredn\u00e9ho Podunajska. Jedn\u00fdm z\u00a0jej cie\u013eov bolo zjednoti\u0165 absol\u00fatne datovanie chronol\u00f3gie stup\u0148a LT D1 v\u00a0sledovanom regi\u00f3ne.<\/p>\n<p>&nbsp;<\/p>\n<p><strong><em>Die Fr\u00fchbronzezeit in Mitteleuropa, Mistelbach 25. medzin\u00e1rodn\u00e1 konferencia v\u00a0Mistelbachu (Rak\u00fasko, 10.-12.10).\u00a0 <\/em><\/strong>Predn\u00e1\u0161ka: <u>JEL\u00cdNEK, P.<\/u> \u2013 HOR\u00c1KOV\u00c1, L.:\u00a0 Symbolism of\u00a0 Birch Tree in the bronze Age. Postery: BART\u00cdK, J.:\u00a0 Ein Zierschild der Aunjetitzer-Kultur aus Gajary. MELLNEROV\u00c1-\u0160UTEKOV\u00c1, J.\u00a0 \u2013 <u>JEL\u00cdNEK, P<\/u>. :\u00a0Wieselburg settlement feature in Bratislava-Rusovce. The problems of cultural dating on the example of Late Eneolithic\/ Early Bronze Age pottery. Poster.<\/p>\n<ol start=\"25\">\n<li>stretnutie \u0161pecialistov na star\u0161iu dobu bronzov\u00fa v\u00a0r\u00e1mci pravidelne organizovanej medzin\u00e1rodnej konferencie, ktorej sa z\u00fa\u010dastnili b\u00e1datelia z\u00a0\u010ceskej republiky, Slovenskej republiky a\u00a0Rak\u00faska a\u00a0Ma\u010farska.<\/li>\n<\/ol>\n<p>&nbsp;<\/p>\n<h3><strong>Zoznam v\u00fdstupov a\u00a0pr\u00ednosov (s uveden\u00fdm n\u00e1zvom projektu):<\/strong><\/h3>\n<p>V\u00a0roku 2017 v r\u00e1mci rie\u0161en\u00e9ho projektu v\u00a0uveden\u00fdch kateg\u00f3ri\u00e1ch vy\u0161lo 14 publika\u010dn\u00fdch v\u00fdstupov\u00a0 \u2013 \u00a0z\u00a0toto 11 v\u00a0recenzovan\u00fdch vedeck\u00fdch \u010dasopisoch SR,\u00a0 1 v\u00a0zahrani\u010dnom recenzovanom \u010dasopise v\u00a0SR a\u00a02 v\u00a0nerecentovan\u00fdch vedeck\u00fdch \u010dasopisoch. Zoznam je uveden\u00fd v\u00a0pr\u00edlohe.<\/p>\n<p>&nbsp;<\/p>\n<h3><strong>Upresnenie harmonogramu pr\u00e1c a\u00a0cie\u013eov na nasleduj\u00faci rok<\/strong><\/h3>\n<p>V roku 2018 bude pokra\u010dova\u0165 doplnenie existuj\u00facich datab\u00e1z lokal\u00edt a ich overovanie v ter\u00e9ne prieskumom a v\u00fdskumom. Bude dokon\u010den\u00fd z\u00e1kladn\u00fd s\u00fapis datab\u00e1zy lokal\u00edt, ktor\u00e9 bude sl\u00fa\u017ei\u0165 ako podklad pre \u010fal\u0161\u00ed prieskum.<\/p>\n<p><u>Rie\u0161ite\u013esk\u00e1 organiz\u00e1cia SNM \u2013 Archeologick\u00e9 m\u00fazeum<\/u> pl\u00e1nuje v\u00a0roku 2018 pokra\u010dova\u0165 v\u00a0systematick\u00fdch prieskumoch na Z\u00e1hor\u00ed a\u00a0JV predpol\u00ed Mal\u00fdch Karp\u00e1t, ako aj v\u00a0archeologickom v\u00fdskume na vedeck\u00e9 a\u00a0dokumenta\u010dn\u00e9 \u00fa\u010dely v\u00a0Tvrdo\u0161ovciach (I. BAZOVSKY, R. \u010cAMBAL). Bud\u00fa tie\u017e pokra\u010dova\u0165 anal\u00fdzy kovov\u00a0a\u00a0anal\u00fdzy C<sup>14<\/sup> a\u00a0pri mapovan\u00ed vybran\u00fdch lokal\u00edt bude vyu\u017eit\u00e9 snimkovanie technol\u00f3giou LIDAR. Pl\u00e1nuje sa anal\u00fdza paleobotanick\u00fdch zvy\u0161kov z\u00a0 Tvrdo\u0161oviec. J. BART\u00cdK\u00a0 pokra\u010duje v\u00a0spracovan\u00ed n\u00e1lezov tzv. Litzenkeramik a v\u00a0spracovan\u00ed hromadn\u00e9ho n\u00e1lezu bronzov zo Sv\u00e4t\u00e9ho Jura (spolu s\u00a0P. Jelinkom) a\u00a0pl\u00e1nuje spracova\u0165 pohrebisko zo star\u0161ej doby bronzovej v\u00a0\u0160oporni. P. JEL\u00cdNEK sa venuje spracovaniu n\u00e1lezov zo s\u00eddliska z\u00a0doby bronzovej v\u00a0Budmericiach. I.\u00a0 BAZOVSK\u00dd pl\u00e1nuje spracova\u0165 nov\u00e9 n\u00e1lezy z\u00edskan\u00e9 v\u00a0r\u00e1mci projektu &#8211; honosn\u00fa uzdu z\u00a0doby r\u00edmskej z\u00a0Borinky, polymetalick\u00fa antropomorfn\u00fa plastiku z\u00a0Tvrdo\u0161oviec nov\u00e9 n\u00e1lezy r\u00edmskych vojensk\u00fdch diplomov z\u00a0JZ Slovenska. R. \u010cAMBAL pl\u00e1nuje spracova\u0165 n\u00e1lez v\u010dasnolat\u00e9nskej spony z\u00a0Horn\u00fdch Ore\u0161ian \u2013 Slep\u00e9ho vrchu, v\u00a0spolupr\u00e1ci s\u00a0B. KOV\u00c1ROM pl\u00e1nuje dokon\u010di\u0165 spracovanie n\u00e1lezov z\u00a0Bratislavy-Vydrice, v\u00a0spolupr\u00e1ci s\u00a0P. C. Ramslom spracovanie hrobov\u00e9ho n\u00e1lezu z\u00a0Ple\u0161ivca (do zborn\u00edka prof. J. Bujnu), v\u00a0spolupr\u00e1ci s\u00a0A. Helmuth hal\u0161tatsk\u00e9 zna\u010dkovan\u00e9 hroty z\u00a0vrchu Molp\u00edr pri Smoleniciach (do zborn\u00edka venovan\u00e9ho E. Miro\u0161ayovej). P. JEL\u00cdNEK bude pokra\u010dova\u0165 vo spracovan\u00ed n\u00e1lezov z\u00a0v\u00fdskumu v\u00a0Budmericiach, V. Tur\u010dan pokra\u010duje v\u00a0spracovan\u00ed n\u00e1lezov zo slovansk\u00e9ho obdobia. V\u00fdsledky projektu bud\u00fa i\u00a0na\u010falej priebe\u017ene prezentovan\u00e9 na konferenci\u00e1ch a\u00a0kolokvi\u00e1ch.<\/p>\n<p>V\u00a0prvom polroku 2018 pl\u00e1nujeme uskuto\u010dni\u0165 kolokvium rie\u0161ite\u013esk\u00e9ho t\u00edmu, na ktorom by sme sa navz\u00e1jom informovali o\u00a0dosiahnut\u00fdch v\u00fdsledkoch a\u00a0z\u00e1rove\u0148 by sme sa dohodli na spolo\u010dnom smerovan\u00ed k\u00a0realiz\u00e1cii \u010fal\u0161\u00edch v\u00fdstupov do tla\u010de a\u00a0in\u00fdch m\u00e9di\u00ed.<\/p>\n<p><u>Spourie\u0161ite\u013esk\u00e1 organiz\u00e1cia Archeologick\u00fd \u00fastav SAV<\/u> pl\u00e1nuje vyda\u0165 v\u00e4\u010d\u0161\u00ed v\u00fdstup &#8211; napr. monografiu o architekt\u00fare domu v neolite\/eneolite v \u0161ir\u0161\u00edch s\u00favislostiach (architekt\u00fara domu v\u00a0intenci\u00e1ch dostupn\u00fdch n\u00e1lezov\u00fdch okolnost\u00ed neolitu a eneolitu na\u00a0Slovensku: opis a\u00a0interpret\u00e1cia n\u00e1lezov\u00fdch okolnost\u00ed \u2013 reprezentat\u00edvnych stavieb, p\u00f4dorysy, existuj\u00face modely, s\u00fahrn typol\u00f3gii p\u00f4dorysn\u00fdch dispoz\u00edcii) \u2013 J. \u010eURI\u0160. V\u00a0r\u00e1mci roka 2017 autor rozpracoval rozsiahly katal\u00f3g (cca 67 lokal\u00edt z\u00a0neolitu\/eneolitu zo Slovenska) a\u00a0pripravil si podklady k\u00a0vedeck\u00e9mu vyhodnoteniu t\u00fdchto pamiatok, ktor\u00e9 pl\u00e1nuje dokon\u010di\u0165 v\u00a0roku 2018 a\u00a0post\u00fapi\u0165 rukopis na redak\u010dn\u00e9 spracovanie.<\/p>\n<p>V\u00a0m\u00e1ji roku 2018 sa uskuto\u010dn\u00ed v\u00fdznamn\u00e9 medzin\u00e1rodne podujatie o\u00a0dobe \u017eeleznej v\u00a0strednej Eur\u00f3pe v\u00a0Prahe, kde sa so svojimi pr\u00edspevkami s\u00favisiacimi s\u00a0t\u00e9mou rie\u0161en\u00e9ho projektu z\u00fa\u010dastnia viacer\u00ed \u010dlenovia rie\u0161ite\u013esk\u00e9ho kolekt\u00edvu (G. B\u0158EZINOV\u00c1, B. KOV\u00c1R, L. BENEDIKOV\u00c1, R. \u010cAMBAL). \u00a0Ukon\u010d\u00ed sa spracovanie lat\u00e9nskych objektov v Triblavine (G. B\u0158EZINOV\u00c1), ktor\u00e9 s\u00fa predmetom rie\u0161enia v\u00a0roku 2018 aj s\u00a0konkr\u00e9tnymi v\u00fdstupmi (prezent\u00e1cie na konferenci\u00e1ch, publika\u010dn\u00fd v\u00fdstup). Po\u010d\u00edta sa op\u00e4\u0165 s\u00a0v\u00fdberom vzoriek na anal\u00fdzu, ako aj s odberom nov\u00fdch vzoriek z\u00a0v\u00fdskumov, ktor\u00e9 sa uskuto\u010dnia v\u00a0roku 2018: Podskalie, Podskalsk\u00fd Roh\u00e1\u010d, Pova\u017esk\u00e1 Bystrica-Pova\u017esk\u00e1 Tepl\u00e1, Mal\u00fd Man\u00edn, \u010eur\u010fov\u00e9, Richt\u00e1rska, Pru\u017eina (L. BENEDIKOV\u00c1\/J. \u010eURI\u0160\/E. BLA\u017dOV\u00c1\/B. KOV\u00c1R). V\u00a0roku 2017 sa pokra\u010dovalo v\u00a0sk\u00faman\u00ed lokality na hrade v\u00a0Bratislave (B. KOV\u00c1R).<\/p>\n","protected":false},"excerpt":{"rendered":"<p>V\u00a0nadv\u00e4znosti na prv\u00fa etapu projektu pokra\u010dovalo dop\u013a\u0148anie datab\u00e1z existuj\u00facich lokal\u00edt a\u00a0ich overovanie v\u00a0ter\u00e9ne prieskumom a\u00a0v\u00fdskumom. &nbsp; Ter\u00e9nne aktivity Rie\u0161ite\u013esk\u00e1 organiz\u00e1cia (SNM \u2013 Archeologick\u00e9 m\u00fazeum) pokra\u010dovala v\u00a0roku 2017 v\u00a0prieskumoch v\u00a0oblasti juhoz\u00e1padn\u00e9ho Slovenska so zameran\u00edm sa najm\u00e4 na pohorie Mal\u00fdch Karp\u00e1t a\u00a0pri\u013eahl\u00e9 \u00fazemia \u2013 Z\u00e1horsk\u00fa n\u00ed\u017einu a\u00a0Trnavsk\u00fa tabu\u013eu. Vybavovanie povolen\u00ed a\u00a0n\u00e1sledn\u00fa sond\u00e1\u017e na mieste n\u00e1lezu depotu z\u00a0mlad\u0161ej &#8230; <a class=\"read-more\" href=\"https:\/\/archeol.sav.sk\/index.php\/sk\/projektove-aktivity-v-roku-2017\/\">Read more<\/a><\/p>\n","protected":false},"author":2,"featured_media":0,"parent":0,"menu_order":0,"comment_status":"closed","ping_status":"closed","template":"","meta":[],"_links":{"self":[{"href":"https:\/\/archeol.sav.sk\/index.php\/wp-json\/wp\/v2\/pages\/3237"}],"collection":[{"href":"https:\/\/archeol.sav.sk\/index.php\/wp-json\/wp\/v2\/pages"}],"about":[{"href":"https:\/\/archeol.sav.sk\/index.php\/wp-json\/wp\/v2\/types\/page"}],"author":[{"embeddable":true,"href":"https:\/\/archeol.sav.sk\/index.php\/wp-json\/wp\/v2\/users\/2"}],"replies":[{"embeddable":true,"href":"https:\/\/archeol.sav.sk\/index.php\/wp-json\/wp\/v2\/comments?post=3237"}],"version-history":[{"count":3,"href":"https:\/\/archeol.sav.sk\/index.php\/wp-json\/wp\/v2\/pages\/3237\/revisions"}],"predecessor-version":[{"id":3241,"href":"https:\/\/archeol.sav.sk\/index.php\/wp-json\/wp\/v2\/pages\/3237\/revisions\/3241"}],"wp:attachment":[{"href":"https:\/\/archeol.sav.sk\/index.php\/wp-json\/wp\/v2\/media?parent=3237"}],"curies":[{"name":"wp","href":"https:\/\/api.w.org\/{rel}","templated":true}]}}