{"id":3180,"date":"2018-02-02T13:43:25","date_gmt":"2018-02-02T11:43:25","guid":{"rendered":"http:\/\/archeol.sav.sk\/?page_id=3180"},"modified":"2019-01-12T20:18:09","modified_gmt":"2019-01-12T18:18:09","slug":"stredoveka-nitra-v-hmotnych-pramenoch","status":"publish","type":"page","link":"https:\/\/archeol.sav.sk\/index.php\/sk\/kontakt\/vyskum\/projekty-apvv\/stredoveka-nitra-v-hmotnych-pramenoch\/","title":{"rendered":"Stredovek\u00e1 Nitra v hmotn\u00fdch prame\u0148och"},"content":{"rendered":"<p><strong>Zodpovedn\u00fd rie\u0161ite\u013e:<\/strong>\u00a0 PhDr. Milan Hanuliak, DrSc.<\/p>\n<p><strong>Spolurie\u0161itelia:<\/strong> PhDr. Peter Bedn\u00e1r, CSc., Mgr. M\u00e1rio Bielich, PhD., PhDr. Gabriel Fusek, CSc., PhDr. Eva Fottov\u00e1, PhDr. J\u00e1n Hunka, CSc., prof. PhDr. Alexander T. Ruttkay, DrSc., doc. PhDr. Matej Ruttkay, CSc., RNDr. Mgr. Mari\u00e1n Samuel, PhDr. Peter \u0160alkovsk\u00fd, DrSc.,<\/p>\n<p>doc. PhDr. Jozef Z\u00e1bojn\u00edk, \u00a0CSc.,<\/p>\n<p><strong>Doba rie\u0161enia:<\/strong> 1. 7. 2017 \u2013 30. 6. 2021<\/p>\n<p><strong>Registra\u010dn\u00e9 \u010d\u00edslo:<\/strong> APVV-16-0449<\/p>\n<p><strong>Koordin\u00e1tor:<\/strong> Archeologick\u00fd \u00fastav SAV<\/p>\n<p><strong>K\u013e\u00fa\u010dov\u00e9 slov\u00e1:<\/strong>\u00a0stredovek, lokalita, objekt, materi\u00e1lna kult\u00fara, topografia, typol\u00f3gia, \u0161trukt\u00fara a\u00a0v\u00fdvoj os\u00eddlenia<\/p>\n<p>&nbsp;<\/p>\n<figure id=\"attachment_3181\" aria-describedby=\"caption-attachment-3181\" style=\"width: 290px\" class=\"wp-caption alignright\"><a href=\"http:\/\/archeol.sav.sk\/files\/mapa-na-web.jpg\"><img decoding=\"async\" loading=\"lazy\" class=\"wp-image-3181 size-medium\" src=\"http:\/\/archeol.sav.sk\/files\/mapa-na-web-300x146.jpg\" alt=\"mapa-na-web\" width=\"300\" height=\"146\" srcset=\"https:\/\/archeol.sav.sk\/files\/mapa-na-web-300x146.jpg 300w, https:\/\/archeol.sav.sk\/files\/mapa-na-web.jpg 689w\" sizes=\"(max-width: 300px) 100vw, 300px\" \/><\/a><figcaption id=\"caption-attachment-3181\" class=\"wp-caption-text\">Geografick\u00e9 vymedzenie sprac\u00favanej oblasti<\/figcaption><\/figure>\n<p><strong>Ciele projektu<\/strong><\/p>\n<p>K\u00a0cie\u013eom projektu patr\u00ed z\u00e1mer vypracova\u0165 prierezov\u00fd preh\u013ead os\u00eddlenia mikroregi\u00f3nu Nitry na z\u00e1klade archeologick\u00fdch lokal\u00edt, n\u00e1lezov\u00fdch kontextov a\u00a0materi\u00e1lnej kult\u00fary, zostavi\u0165 topografiu os\u00eddlenia dan\u00e9ho \u00fazemia, odborne vyhodnoti\u0165 materi\u00e1l z\u00a0v\u00fdznamn\u00fdch, no dosia\u013e nespracovan\u00fdch lokal\u00edt, rektifikova\u0165 niektor\u00e9 d\u00e1vnej\u0161ie sformulovan\u00e9 uz\u00e1very, aktualizova\u0165 charakteristiky lokal\u00edt, doplni\u0165 vypovedacie schopnosti n\u00e1lezov\u00e9ho fondu. S\u00fastreden\u00edm tejto kolekcie inform\u00e1ci\u00ed vznikne kolekt\u00edvna monografia. Jej obsah bude prezentova\u0165 komplexn\u00fa a\u00a0vedecky fundovan\u00fa koncepciu dejinn\u00e9ho v\u00fdvoja vypracovan\u00fa na z\u00e1klade v\u00fdsledkov archeologick\u00e9ho b\u00e1dania a\u00a0\u010fal\u0161\u00edch sty\u010dn\u00fdch discipl\u00edn.<\/p>\n<p>&nbsp;<\/p>\n<p>&nbsp;<\/p>\n<p><strong><a href=\"http:\/\/archeol.sav.sk\/index.php\/sk\/cinnost-v-roku-2017\/\">\u010cinnos\u0165 v\u00a0roku 201<\/a><a href=\"http:\/\/archeol.sav.sk\/index.php\/sk\/cinnost-v-roku-2017\/\">7<\/a><\/strong><\/p>\n<p><a href=\"http:\/\/archeol.sav.sk\/index.php\/sk\/cinnost-v-roku-2018\/\"><strong>\u010cinnos\u0165 v\u00a0roku 2018<\/strong><\/a><\/p>\n","protected":false},"excerpt":{"rendered":"<p>Zodpovedn\u00fd rie\u0161ite\u013e:\u00a0 PhDr. Milan Hanuliak, DrSc. Spolurie\u0161itelia: PhDr. Peter Bedn\u00e1r, CSc., Mgr. M\u00e1rio Bielich, PhD., PhDr. Gabriel Fusek, CSc., PhDr. Eva Fottov\u00e1, PhDr. J\u00e1n Hunka, CSc., prof. PhDr. Alexander T. Ruttkay, DrSc., doc. PhDr. Matej Ruttkay, CSc., RNDr. Mgr. Mari\u00e1n Samuel, PhDr. Peter \u0160alkovsk\u00fd, DrSc., doc. PhDr. Jozef Z\u00e1bojn\u00edk, \u00a0CSc., Doba rie\u0161enia: 1. 7. 2017 &#8230; <a class=\"read-more\" href=\"https:\/\/archeol.sav.sk\/index.php\/sk\/kontakt\/vyskum\/projekty-apvv\/stredoveka-nitra-v-hmotnych-pramenoch\/\">\u010c\u00edtajte viac<\/a><\/p>\n","protected":false},"author":2,"featured_media":0,"parent":962,"menu_order":0,"comment_status":"closed","ping_status":"closed","template":"","meta":[],"_links":{"self":[{"href":"https:\/\/archeol.sav.sk\/index.php\/wp-json\/wp\/v2\/pages\/3180"}],"collection":[{"href":"https:\/\/archeol.sav.sk\/index.php\/wp-json\/wp\/v2\/pages"}],"about":[{"href":"https:\/\/archeol.sav.sk\/index.php\/wp-json\/wp\/v2\/types\/page"}],"author":[{"embeddable":true,"href":"https:\/\/archeol.sav.sk\/index.php\/wp-json\/wp\/v2\/users\/2"}],"replies":[{"embeddable":true,"href":"https:\/\/archeol.sav.sk\/index.php\/wp-json\/wp\/v2\/comments?post=3180"}],"version-history":[{"count":5,"href":"https:\/\/archeol.sav.sk\/index.php\/wp-json\/wp\/v2\/pages\/3180\/revisions"}],"predecessor-version":[{"id":4263,"href":"https:\/\/archeol.sav.sk\/index.php\/wp-json\/wp\/v2\/pages\/3180\/revisions\/4263"}],"up":[{"embeddable":true,"href":"https:\/\/archeol.sav.sk\/index.php\/wp-json\/wp\/v2\/pages\/962"}],"wp:attachment":[{"href":"https:\/\/archeol.sav.sk\/index.php\/wp-json\/wp\/v2\/media?parent=3180"}],"curies":[{"name":"wp","href":"https:\/\/api.w.org\/{rel}","templated":true}]}}