{"id":3143,"date":"2018-02-02T11:12:32","date_gmt":"2018-02-02T09:12:32","guid":{"rendered":"http:\/\/archeol.sav.sk\/?page_id=3143"},"modified":"2018-02-02T13:51:41","modified_gmt":"2018-02-02T11:51:41","slug":"cinnost-v-roku-2017","status":"publish","type":"page","link":"https:\/\/archeol.sav.sk\/index.php\/sk\/clovek-a-krajina-na-kysuciach-a-prilahlom-povazi-v-stredoveku-a-na-zaciatku-novoveku\/cinnost-v-roku-2017\/","title":{"rendered":"\u010cinnos\u0165 v roku 2017"},"content":{"rendered":"<figure id=\"attachment_3155\" aria-describedby=\"caption-attachment-3155\" style=\"width: 290px\" class=\"wp-caption alignright\"><a href=\"http:\/\/archeol.sav.sk\/files\/Obr-2.jpg\"><img decoding=\"async\" loading=\"lazy\" class=\"wp-image-3155 size-medium\" src=\"http:\/\/archeol.sav.sk\/files\/Obr-2-300x200.jpg\" alt=\"obr-2\" width=\"300\" height=\"200\" srcset=\"https:\/\/archeol.sav.sk\/files\/Obr-2-300x200.jpg 300w, https:\/\/archeol.sav.sk\/files\/Obr-2-768x512.jpg 768w, https:\/\/archeol.sav.sk\/files\/Obr-2-1024x682.jpg 1024w\" sizes=\"(max-width: 300px) 100vw, 300px\" \/><\/a><figcaption id=\"caption-attachment-3155\" class=\"wp-caption-text\">Ve\u013ek\u00fd vrch z \u00fadolia V\u00e1hu<\/figcaption><\/figure>\n<p><strong>\u00a01. Hradisko Ve\u013ek\u00fd vrch v\u00a0Divinke.<\/strong> V\u00a0spolupr\u00e1ci s\u00a0Pova\u017esk\u00fdm m\u00fazeom v\u00a0\u017diline sa tu v\u00a0lete okrem dvojmesa\u010dn\u00e9ho systematick\u00e9ho ter\u00e9nneho archeologick\u00e9ho v\u00fdskumu uskuto\u010dnil aj mesiac trvaj\u00faci z\u00e1chrann\u00fd v\u00fdskum. Zo star\u0161\u00edch v\u00fdskumn\u00fdch sez\u00f3n v\u00a0Divinke sa vyhotovila datab\u00e1za n\u00e1lezov, artefakty sa fotograficky a\u00a0kresbovo zdokumentovali.<\/p>\n<p><strong>2. Nov\u00e1 Bystrica.<\/strong> Za\u010dala sa prv\u00e1 etapa prieskumu zameran\u00e9ho na vyh\u013ead\u00e1vanie reliktov zaniknutej \u017eeleziarskej produkcie v\u00a0katastri obce Nov\u00e1 Bystrica, \u010das\u0165 Vychylovka. V\u00a0are\u00e1li tamoj\u0161ieho skanzenu sa zistili po\u010detn\u00e9 stopy tavby \u017eeleza.<\/p>\n<p><strong>3. Lidarov\u00e9 sn\u00edmkovanie.<\/strong> V\u00a0spolupr\u00e1ci s\u00a0extern\u00fdm dod\u00e1vate\u013eom sa koncom jesene pokra\u010dovalo v\u00a0leteckom skenovan\u00ed vybrat\u00fdch \u00fazem\u00ed Kys\u00fac. V\u00a0tomto roku sa ter\u00e9n sn\u00edmkoval na ploche 142 km\u00b2. Z\u00edskan\u00e9 surov\u00e9 d\u00e1ta bud\u00fa sl\u00fa\u017ei\u0165 aj ako v\u00fdchodisko pre \u010fal\u0161\u00ed ter\u00e9nny prieskum<\/p>\n<p><strong>4.Budat\u00ednsky hrad.<\/strong> Ukon\u010dili sa pr\u00e1ce s\u00favisiace s\u00a0grafickou dokument\u00e1ciou v\u00fdskumov Budat\u00ednskeho hradu. V\u00a0spolupr\u00e1ci s\u00a0Pova\u017esk\u00fdm m\u00fazeom v\u00a0\u017diline sa pripravilo vydanie kolekt\u00edvnej vedeckej monografie venovanej v\u00fdvoju Budat\u00ednskeho hradu od stredoveku do dne\u0161n\u00fdch \u010dias. Je v\u00fdsledkom interdisciplin\u00e1rneho v\u00fdskumu stredovekej a\u00a0novovekej pamiatky, ktor\u00e1 ako s\u00eddlo panstva ve\u013ekou mierou vpl\u00fdvala na v\u00fdvoj s\u00eddliskovej \u0161trukt\u00fary a\u00a0krajiny sk\u00famanej v\u00a0r\u00e1mci projektu.<\/p>\n","protected":false},"excerpt":{"rendered":"<p>\u00a01. Hradisko Ve\u013ek\u00fd vrch v\u00a0Divinke. V\u00a0spolupr\u00e1ci s\u00a0Pova\u017esk\u00fdm m\u00fazeom v\u00a0\u017diline sa tu v\u00a0lete okrem dvojmesa\u010dn\u00e9ho systematick\u00e9ho ter\u00e9nneho archeologick\u00e9ho v\u00fdskumu uskuto\u010dnil aj mesiac trvaj\u00faci z\u00e1chrann\u00fd v\u00fdskum. Zo star\u0161\u00edch v\u00fdskumn\u00fdch sez\u00f3n v\u00a0Divinke sa vyhotovila datab\u00e1za n\u00e1lezov, artefakty sa fotograficky a\u00a0kresbovo zdokumentovali. 2. Nov\u00e1 Bystrica. Za\u010dala sa prv\u00e1 etapa prieskumu zameran\u00e9ho na vyh\u013ead\u00e1vanie reliktov zaniknutej \u017eeleziarskej produkcie v\u00a0katastri obce &#8230; <a class=\"read-more\" href=\"https:\/\/archeol.sav.sk\/index.php\/sk\/clovek-a-krajina-na-kysuciach-a-prilahlom-povazi-v-stredoveku-a-na-zaciatku-novoveku\/cinnost-v-roku-2017\/\">\u010c\u00edtajte viac<\/a><\/p>\n","protected":false},"author":2,"featured_media":0,"parent":2021,"menu_order":2,"comment_status":"closed","ping_status":"closed","template":"","meta":[],"_links":{"self":[{"href":"https:\/\/archeol.sav.sk\/index.php\/wp-json\/wp\/v2\/pages\/3143"}],"collection":[{"href":"https:\/\/archeol.sav.sk\/index.php\/wp-json\/wp\/v2\/pages"}],"about":[{"href":"https:\/\/archeol.sav.sk\/index.php\/wp-json\/wp\/v2\/types\/page"}],"author":[{"embeddable":true,"href":"https:\/\/archeol.sav.sk\/index.php\/wp-json\/wp\/v2\/users\/2"}],"replies":[{"embeddable":true,"href":"https:\/\/archeol.sav.sk\/index.php\/wp-json\/wp\/v2\/comments?post=3143"}],"version-history":[{"count":2,"href":"https:\/\/archeol.sav.sk\/index.php\/wp-json\/wp\/v2\/pages\/3143\/revisions"}],"predecessor-version":[{"id":3156,"href":"https:\/\/archeol.sav.sk\/index.php\/wp-json\/wp\/v2\/pages\/3143\/revisions\/3156"}],"up":[{"embeddable":true,"href":"https:\/\/archeol.sav.sk\/index.php\/wp-json\/wp\/v2\/pages\/2021"}],"wp:attachment":[{"href":"https:\/\/archeol.sav.sk\/index.php\/wp-json\/wp\/v2\/media?parent=3143"}],"curies":[{"name":"wp","href":"https:\/\/api.w.org\/{rel}","templated":true}]}}