{"id":2846,"date":"2017-10-29T23:50:07","date_gmt":"2017-10-29T21:50:07","guid":{"rendered":"http:\/\/archeol.sav.sk\/?page_id=2846"},"modified":"2017-10-29T23:50:47","modified_gmt":"2017-10-29T21:50:47","slug":"monitoring-2016","status":"publish","type":"page","link":"https:\/\/archeol.sav.sk\/index.php\/sk\/monitoring-2016\/","title":{"rendered":"Monitoring 2016"},"content":{"rendered":"<div data-contents=\"true\">\n<div class=\"_1mf _1mj\" data-offset-key=\"5829f-0-0\">10.10.2016<\/div>\n<div class=\"_1mf _1mj\" data-offset-key=\"5829f-0-0\"><a href=\"http:\/\/www.sav.sk\/index.php?doc=services-news&amp;source_no=20&amp;news_no=6536\">Obetisko, ktor\u00e9 sl\u00fa\u017eilo na kultov\u00e9 obrady<\/a>, moment\u00e1lne sk\u00famaj\u00fa vedci z Archeologick\u00e9ho \u00fastavu SAV v Nitre pod veden\u00edm PhDr. Karola Pietu, DrSc.<\/div>\n<p>&nbsp;<\/p>\n<div class=\"_1mf _1mj\" data-offset-key=\"5829f-0-0\">8.10.2016<\/div>\n<div class=\"_1mf _1mj\" data-offset-key=\"5829f-0-0\"><a href=\"http:\/\/www.obnova.sk\/clanok\/archeologicky-vyskum-v-kuvajte-ziskava-medzinarodny-rozmer\">Archeologick\u00fd v\u00fdskum<\/a>\u00a0v Kuvajte z\u00edskava medzin\u00e1rodn\u00fd rozmer<\/div>\n<p>&nbsp;<\/p>\n<div class=\"_1mf _1mj\" data-offset-key=\"5829f-0-0\">21.9.2016<\/div>\n<div class=\"_1mf _1mj\" data-offset-key=\"5829f-0-0\">O aktu\u00e1lnom v\u00fdskume\u00a0<a href=\"http:\/\/historyweb.dennikn.sk\/clanky\/detail\/keltske-ritualy-na-smradlavom-vrchu#.WENDP7LhDDc\">keltsk\u00e9ho kultov\u00e9ho miesta<\/a>, p\u00ed\u0161e archeol\u00f3g Karol Pieta.<\/div>\n<p>&nbsp;<\/p>\n<div class=\"_1mf _1mj\" data-offset-key=\"5829f-0-0\">16. 9. 2016<\/div>\n<div class=\"_1mf _1mj\" data-offset-key=\"5829f-0-0\">Na\u0161i archeol\u00f3govia a lokalita Bojn\u00e1\u00a0<a href=\"http:\/\/www.rtvs.sk\/televizia\/archiv\/10091\/105631#826\">v telev\u00edznych spr\u00e1vach<\/a><\/div>\n<\/div>\n<p>&nbsp;<\/p>\n<div class=\"_1mf _1mj\" data-offset-key=\"5829f-0-0\">13.9.2016<\/div>\n<div class=\"_1mf _1mj\" data-offset-key=\"5829f-0-0\"><a href=\"http:\/\/cestovanie.pravda.sk\/hory\/clanok\/404945-pri-poprade-vykopali-poklad-predmety-z-praveku-aj-goticky-pohar\/\">Pri Poprade vykopali \u2018poklad\u2019: predmety z praveku aj gotick\u00fd poh\u00e1r.<\/a><\/div>\n<p>&nbsp;<\/p>\n<div class=\"_1mf _1mj\" data-offset-key=\"5829f-0-0\">11. 8. 2016<\/div>\n<div class=\"_1mf _1mj\" data-offset-key=\"5829f-0-0\"><span data-offset-key=\"5829f-0-0\"><span data-text=\"true\"><a href=\"http:\/\/www.rtvs.sk\/radio\/archiv\/11436\/499723\">V No\u010dnej pyram\u00edde na R\u00e1diu Slovensko<\/a>\u00a0zauj\u00edmavo rozpr\u00e1val riadite\u013e Archeologick\u00e9ho \u00fastav doc. Matej Ruttkay\u00a0<a href=\"http:\/\/www.rtvs.sk\/radio\/archiv\/11436\/499723\">(za\u010diatok 2:10)<\/a><\/span><\/span><\/div>\n<div class=\"_1mf _1mj\" data-offset-key=\"5829f-0-0\"><\/div>\n<p class=\"clearfix _5x46\">6.7.2016<\/p>\n<p class=\"title\">Vedeck\u00e1 cukr\u00e1re\u0148\u00a0<a href=\"http:\/\/www.sav.sk\/index.php?doc=services-news&amp;source_no=20&amp;news_no=6425\">o archeol\u00f3g<\/a><a href=\"http:\/\/www.sav.sk\/index.php?doc=services-news&amp;source_no=20&amp;news_no=6425\">ii<\/a><\/p>\n<p class=\"clearfix _5x46\">2. 5. 2016<\/p>\n<p class=\"clearfix _5x46\">Medieval\u00a0<a href=\"http:\/\/www.archaeology.org\/news\/4427-160502-kuwait-cooling-tower\">Cooling Tower<\/a>\u00a0Unearthed in Kuwait<\/p>\n<p class=\"clearfix _5x46\">21.2.2016<\/p>\n<div class=\"clearfix _5x46\">\n<p>Slovensk\u00ed archeol\u00f3govia\u00a0<a href=\"http:\/\/www.pluska.sk\/spravy\/z-domova\/slovenski-archeologovia-idu-do-sveta-caka-nich-dobrodruzstvo.html\">id\u00fa do sveta<\/a>.<\/p>\n<\/div>\n<div class=\"clearfix _5x46\"><\/div>\n<div class=\"clearfix _5x46\">24.4.2016<\/div>\n<div class=\"clearfix _5x46\">\n<p>V\u00fdznamn\u00fd slovensk\u00fd archeol\u00f3g\u00a0<a href=\"http:\/\/www.teraz.sk\/kultura\/vyznamny-slovensky-archeolog-alexand\/193256-clanok.html\">Alexander Ruttkay<\/a>\u00a0jubiluje<\/p>\n<\/div>\n","protected":false},"excerpt":{"rendered":"<p>10.10.2016 Obetisko, ktor\u00e9 sl\u00fa\u017eilo na kultov\u00e9 obrady, moment\u00e1lne sk\u00famaj\u00fa vedci z Archeologick\u00e9ho \u00fastavu SAV v Nitre pod veden\u00edm PhDr. Karola Pietu, DrSc. &nbsp; 8.10.2016 Archeologick\u00fd v\u00fdskum\u00a0v Kuvajte z\u00edskava medzin\u00e1rodn\u00fd rozmer &nbsp; 21.9.2016 O aktu\u00e1lnom v\u00fdskume\u00a0keltsk\u00e9ho kultov\u00e9ho miesta, p\u00ed\u0161e archeol\u00f3g Karol Pieta. &nbsp; 16. 9. 2016 Na\u0161i archeol\u00f3govia a lokalita Bojn\u00e1\u00a0v telev\u00edznych spr\u00e1vach &nbsp; 13.9.2016 Pri &#8230; <a class=\"read-more\" href=\"https:\/\/archeol.sav.sk\/index.php\/sk\/monitoring-2016\/\">\u010c\u00edtajte viac<\/a><\/p>\n","protected":false},"author":2,"featured_media":0,"parent":0,"menu_order":0,"comment_status":"closed","ping_status":"closed","template":"","meta":[],"_links":{"self":[{"href":"https:\/\/archeol.sav.sk\/index.php\/wp-json\/wp\/v2\/pages\/2846"}],"collection":[{"href":"https:\/\/archeol.sav.sk\/index.php\/wp-json\/wp\/v2\/pages"}],"about":[{"href":"https:\/\/archeol.sav.sk\/index.php\/wp-json\/wp\/v2\/types\/page"}],"author":[{"embeddable":true,"href":"https:\/\/archeol.sav.sk\/index.php\/wp-json\/wp\/v2\/users\/2"}],"replies":[{"embeddable":true,"href":"https:\/\/archeol.sav.sk\/index.php\/wp-json\/wp\/v2\/comments?post=2846"}],"version-history":[{"count":2,"href":"https:\/\/archeol.sav.sk\/index.php\/wp-json\/wp\/v2\/pages\/2846\/revisions"}],"predecessor-version":[{"id":2848,"href":"https:\/\/archeol.sav.sk\/index.php\/wp-json\/wp\/v2\/pages\/2846\/revisions\/2848"}],"wp:attachment":[{"href":"https:\/\/archeol.sav.sk\/index.php\/wp-json\/wp\/v2\/media?parent=2846"}],"curies":[{"name":"wp","href":"https:\/\/api.w.org\/{rel}","templated":true}]}}

<div data-contents="true">
<div class="_1mf _1mj" data-offset-key="5829f-0-0">10.10.2016</div>
<div class="_1mf _1mj" data-offset-key="5829f-0-0"><a href="http://www.sav.sk/index.php?doc=services-news&amp;source_no=20&amp;news_no=6536">Obetisko, ktoré slúžilo na kultové obrady</a>, momentálne skúmajú vedci z Archeologického ústavu SAV v Nitre pod vedením PhDr. Karola Pietu, DrSc.</div>
<p>&nbsp;</p>
<div class="_1mf _1mj" data-offset-key="5829f-0-0">8.10.2016</div>
<div class="_1mf _1mj" data-offset-key="5829f-0-0"><a href="http://www.obnova.sk/clanok/archeologicky-vyskum-v-kuvajte-ziskava-medzinarodny-rozmer">Archeologický výskum</a> v Kuvajte získava medzinárodný rozmer</div>
<p>&nbsp;</p>
<div class="_1mf _1mj" data-offset-key="5829f-0-0">21.9.2016</div>
<div class="_1mf _1mj" data-offset-key="5829f-0-0">O aktuálnom výskume <a href="http://historyweb.dennikn.sk/clanky/detail/keltske-ritualy-na-smradlavom-vrchu#.WENDP7LhDDc">keltského kultového miesta</a>, píše archeológ Karol Pieta.</div>
<p>&nbsp;</p>
<div class="_1mf _1mj" data-offset-key="5829f-0-0">16. 9. 2016</div>
<div class="_1mf _1mj" data-offset-key="5829f-0-0">Naši archeológovia a lokalita Bojná <a href="http://www.rtvs.sk/televizia/archiv/10091/105631#826">v televíznych správach</a></div>
</div>
<p>&nbsp;</p>
<div class="_1mf _1mj" data-offset-key="5829f-0-0">13.9.2016</div>
<div class="_1mf _1mj" data-offset-key="5829f-0-0"><a href="http://cestovanie.pravda.sk/hory/clanok/404945-pri-poprade-vykopali-poklad-predmety-z-praveku-aj-goticky-pohar/">Pri Poprade vykopali ‘poklad’: predmety z praveku aj gotický pohár.</a></div>
<p>&nbsp;</p>
<div class="_1mf _1mj" data-offset-key="5829f-0-0">11. 8. 2016</div>
<div class="_1mf _1mj" data-offset-key="5829f-0-0"><span data-offset-key="5829f-0-0"><span data-text="true"><a href="http://www.rtvs.sk/radio/archiv/11436/499723">V Nočnej pyramíde na Rádiu Slovensko</a> zaujímavo rozprával riaditeľ Archeologického ústav doc. Matej Ruttkay <a href="http://www.rtvs.sk/radio/archiv/11436/499723">(začiatok 2:10)</a></span></span></div>
<div class="_1mf _1mj" data-offset-key="5829f-0-0"></div>
<p class="clearfix _5x46">6.7.2016</p>
<p class="title">Vedecká cukráreň <a href="http://www.sav.sk/index.php?doc=services-news&amp;source_no=20&amp;news_no=6425">o archeológ</a><a href="http://www.sav.sk/index.php?doc=services-news&amp;source_no=20&amp;news_no=6425">ii</a></p>
<p class="clearfix _5x46">2. 5. 2016</p>
<p class="clearfix _5x46">Medieval <a href="http://www.archaeology.org/news/4427-160502-kuwait-cooling-tower">Cooling Tower</a> Unearthed in Kuwait</p>
<p class="clearfix _5x46">21.2.2016</p>
<div class="clearfix _5x46">
<p>Slovenskí archeológovia <a href="http://www.pluska.sk/spravy/z-domova/slovenski-archeologovia-idu-do-sveta-caka-nich-dobrodruzstvo.html">idú do sveta</a>.</p>
</div>
<div class="clearfix _5x46"></div>
<div class="clearfix _5x46">24.4.2016</div>
<div class="clearfix _5x46">
<p>Významný slovenský archeológ <a href="http://www.teraz.sk/kultura/vyznamny-slovensky-archeolog-alexand/193256-clanok.html">Alexander Ruttkay</a> jubiluje</p>
</div>

<p>10.10.2016 Obetisko, ktoré slúžilo na kultové obrady, momentálne skúmajú vedci z Archeologického ústavu SAV v Nitre pod vedením PhDr. Karola Pietu, DrSc. &nbsp; 8.10.2016 Archeologický výskum v Kuvajte získava medzinárodný rozmer &nbsp; 21.9.2016 O aktuálnom výskume keltského kultového miesta, píše archeológ Karol Pieta. &nbsp; 16. 9. 2016 Naši archeológovia a lokalita Bojná v televíznych správach &nbsp; 13.9.2016 Pri &#8230; <a class="read-more" href="https://archeol.sav.sk/index.php/sk/monitoring-2016/">Čítajte viac</a></p>
