{"id":2501,"date":"2017-02-13T23:08:24","date_gmt":"2017-02-13T21:08:24","guid":{"rendered":"http:\/\/archeol.sav.sk\/?page_id=2501"},"modified":"2017-06-03T16:32:58","modified_gmt":"2017-06-03T14:32:58","slug":"projektove-aktivity-v-roku-2016","status":"publish","type":"page","link":"https:\/\/archeol.sav.sk\/index.php\/sk\/kontakt\/vyskum\/projekty-apvv\/proces-a-zakonitosti-osidlenia-horskych-a-podhorskych-oblasti-zapadneho-slovenska\/projektove-aktivity-v-roku-2016\/","title":{"rendered":"Projektov\u00e9 aktivity v roku 2016"},"content":{"rendered":"<p>Prv\u00fa etapu rie\u0161enia projektu charakterizovalo zhroma\u017e\u010fovanie datab\u00e1z existuj\u00facich lokal\u00edt, ich dop\u013a\u0148anie a overovanie v\u00a0ter\u00e9ne prieskumom \u010di v\u00fdskumom, ako aj v\u00fdber vhodn\u00fdch lokal\u00edt na alternat\u00edvne prospek\u010dn\u00e9 i\u00a0exkava\u010dn\u00e9 met\u00f3dy. Pozornos\u0165 sa\u00a0 zamerala i na pr\u00edpravu <strong>katal\u00f3gu os\u00eddlenia Z\u00e1horskej n\u00ed\u017einy z\u00a0doby bronzovej<\/strong> (J. Bart\u00edk) a\u00a0lat\u00e9nskej (R. \u010cambal),\u00a0s\u00fapisu lokal\u00edt z\u00a0doby r\u00edmskej z\u00a0okresov Galanta a\u00a0Senec (I. Bazovsk\u00fd) a na \u0161t\u00fadium literat\u00fary t\u00fdkaj\u00facej sa lokal\u00edt Bratislava-Dev\u00edn a\u00a0Stupava (V. Tur\u010dan).<\/p>\n<p>\u010eal\u0161ou aktivitou v\u00a0r\u00e1mci projektu je spracov\u00e1vanie a\u00a0vyhodnocovanie materi\u00e1lu zo star\u0161\u00edch v\u00fdskumov. \u010cinnos\u0165 b\u00e1date\u013eov zo SNM-Archeologick\u00e9ho m\u00fazea sa s\u00fastredila najm\u00e4 na spracov\u00e1vanie a\u00a0vyhodnocovanie s\u00eddlisk zo strednej a\u00a0za\u010diatku neskorej\u00a0doby lat\u00e9nskej zo z\u00e1padn\u00e9ho predpolia Mal\u00fdch Karp\u00e1t\u00a0 v\u00a0priestore Z\u00e1horia na lokalit\u00e1ch: K\u00faty-\u010cepang\u00e1t, Plaveck\u00e9 Podhradie-Pohansk\u00e1, Studienka, Stupava, \u0160a\u0161t\u00edn-Str\u00e1\u017ee a\u00a0Zohor. Spracov\u00e1val sa <strong>neskorolat\u00e9nsky materi\u00e1l zo s\u00eddliska v\u00a0Bernol\u00e1kove, poloha Triblavina<\/strong> (R. \u010cambal). S\u00fa\u010das\u0165ou anal\u00fdzy materi\u00e1lu bol aj v\u00fdber artefaktov na kreslenie z\u00a0lokal\u00edt v\u00a0Stupave a\u00a0v Bratislave. Analyzovali sa zvieracie kost\u00ed z\u00a0lokal\u00edt z\u00a0doby r\u00edmskej (V. Tur\u010dan). V\u00a0spolupr\u00e1ci SNM-Archeologick\u00e9ho m\u00fazea (R. \u010cambal) a\u00a0Archeologick\u00e9ho \u00fastavu SAV (B. Kov\u00e1r) sa za\u010dalo spracovanie v\u00fdznamnej lokality v polohe Vydrica. V\u00a0Archeologickom \u00fastave SAV bola v r\u00e1mci projektu rie\u0161en\u00e1 aj \u00faloha vyhodnotenia keltsk\u00e9ho \u0161perku zo skla a sapropelitu v\u00a0\u0161ir\u0161om stredoeur\u00f3pskom kontexte (G. B\u0159ezinov\u00e1).V spolurie\u0161en\u00ed s projektom VEGA je odovzdan\u00fd rukopis monografie t\u00fdkaj\u00facej sa architektonickej rekon\u0161trukcie stavieb na v\u00fdznamnom s\u00eddlisku z obdobia popolnicov\u00fdch pol\u00ed v Radzovciach (J. \u010euri\u0161). Z\u00a0\u010fal\u0161\u00edch lokal\u00edt je spracovan\u00e9 a\u00a0vyhodnotenie Vr\u0161ateck\u00e9 Podhradie (L. Benedikov\u00e1). Kult\u00farnym kontaktom oblast\u00ed stredn\u00e9ho a\u00a0severn\u00e9ho Slovenska v\u00a0dobe hal\u0161tatskej je venovan\u00fd do tla\u010de odovzdan\u00fd rukopis \u010fal\u0161ej \u0161t\u00fadie od L. Benedikovej. V r\u00e1mci projektu boli do tla\u010de odovzdan\u00e9 i\u00a0archeozoologick\u00e9 \u0161t\u00fadie, ktor\u00e9 sa venuj\u00fa obdobiu od doby bronzovej po stredovek (Z. Bielichov\u00e1).<\/p>\n<p><em>\u00a0<\/em><\/p>\n<h3>Ter\u00e9nne aktivity<\/h3>\n<p>Od augusta do decembra roku 2016 sa uskuto\u010dnili prieskumy, predov\u0161etk\u00fdm na n\u00ed\u017einn\u00fdch s\u00eddlisk\u00e1ch v\u00a0predpol\u00ed Mal\u00fdch Karp\u00e1t. Na Z\u00e1horskej n\u00ed\u017eine sa overili dve nov\u00e9 lokality: v\u00a0katastri obce Gbely s\u00eddlisko z\u00a0doby lat\u00e9nskej a\u00a0r\u00edmskej, v\u00a0katastri obce Z\u00e1vod miesto n\u00e1lezu depotu stredovek\u00fdch minc\u00ed \u2013 zisten\u00e9 aj s\u00eddlisko z\u00a0doby lat\u00e9nskej (I. Bazovsk\u00fd, R. \u010cambal). V\u00a0ju\u017enej \u010dasti Z\u00e1horia v\u00a0Z\u00e1horskej Bystrici sa sk\u00famalo nov\u00e9 s\u00eddlisko z\u00a0obdobia eneolitu (J. Bart\u00edk, V. Tur\u010dan), na z\u00e1padnom predpol\u00ed v\u00a0katastri obce Bernol\u00e1kovo pokra\u010dovanie s\u00eddliska z\u00a0neskorej doby lat\u00e9nskej, zisten\u00e9ho pri dia\u013enici (sk\u00f4r sk\u00famala G. B\u0159ezinov\u00e1), a\u00a0v\u00a0polohe Triblavina os\u00eddlenie z\u00a0obdobia eneolitu a\u00a0doby hal\u0161tatskej (J. Bart\u00edk, R. \u010cambal, I. Bazovsk\u00fd).\u00a0 \u010eal\u0161ou aktivitou bol prieskum nieko\u013ek\u00fdch lokal\u00edt v\u00a0katastri obce Tvrdo\u0161ovce, v\u00a0okrese Nov\u00e9 Z\u00e1mky (I. Bazovsk\u00fd, R. \u010cambal). V\u00a0Mal\u00fdch Karpatoch sa realizoval zis\u0165ovac\u00ed v\u00fdskum v\u00a0priestore n\u00e1lezu pec\u00ed v\u00a0obci Bukov\u00e1 a\u00a0topografick\u00fd prieskum v\u00a0 Plaveckom Mikul\u00e1\u0161i (Z. Farka\u0161).<\/p>\n<p><strong>V auguste 2016 sa realizoval pl\u00e1novan\u00fd prieskum lokality Podskalsk\u00fd Roh\u00e1\u010d v\u00a0katastri obce Podskalie, okr. Pova\u017esk\u00e1 Bystrica<\/strong> (L. Benedikov\u00e1, J. \u010euri\u0161), odkia\u013e s\u00fa v\u00a0posledn\u00fdch rokoch zn\u00e1me n\u00e1lezy z\u00a0ileg\u00e1lnych prieskumov. Ju\u017en\u00fd c\u00edp kopca s\u00a0troma zn\u00e1mymi polohami (doba bronzov\u00e1, doba hal\u0161tatsk\u00e1, doba lat\u00e9nska) sa v\u0161ak nepodarilo dosiahnu\u0165, ke\u010f\u017ee asi 800 \u2013 1000 m \u010fal\u0161iemu postupu zabr\u00e1nili skalnat\u00e9 zr\u00e1zy. Prieskum bude treba zopakova\u0165 po zisten\u00ed bezpe\u010dnej pr\u00edstupovej cesty.<\/p>\n<p>&nbsp;<\/p>\n<h3><strong>Publik\u00e1cie<\/strong><\/h3>\n<p><a href=\"http:\/\/archeol.sav.sk\/files\/10.-Bazovsk%C3%BD.pdf\">BAZOVSK\u00dd, I.: S\u00fa\u010dasti astrag\u00e1lov\u00fdch opaskov z juhoz\u00e1padn\u00e9ho Slovenska.\u00a0ZbSNM CX, Archeol\u00f3gia 26, 2016, 120-124.<\/a><\/p>\n<p><a href=\"http:\/\/archeol.sav.sk\/files\/6.-Benedikov\u00e1.pdf\">BENEDIKOV\u00c1, L.: N\u00e1lezy z Vr\u0161atsk\u00e9ho Podhradia v kontexte os\u00eddlenia stredn\u00e9ho Pova\u017eia v neskorej dobe bronzovej. ZbSNM CX, Archeol\u00f3gia 26, 2016, 59-71.<\/a><\/p>\n<p><a href=\"http:\/\/archeol.sav.sk\/files\/B\u0158EZINOV\u00c1-Celtic-glass-from-selected-hilly-locations-in-Slovakia.pdf\">B\u0158EZINOV\u00c1, G.: Keltsk\u00e9 sklo z vybran\u00fdch v\u00fd\u0161inn\u00fdch pol\u00f4h na Slovensku. In: K. Harmadyov\u00e1 (zost.): Zborn\u00edk k \u017eivotn\u00e9mu jubileu V. Plachej. Bratislava 2017, 45-61.<\/a><\/p>\n<p><a href=\"http:\/\/archeol.sav.sk\/files\/Cambal_2016_Keltske_mince_typu_Roseldorf.pdf\">\u010cAMBAL, R. 2016: Keltsk\u00e9 mince typu Roseldorf\/N\u011bm\u010dice zo Smolenick\u00e9ho Molp\u00edra. Numizmatka 26, 2016, 12-15.<\/a><\/p>\n<p><a href=\"http:\/\/archeol.sav.sk\/files\/Cambal_2016_Keltske_mince_typu_Roseldorf.pdf\">\u010cAMBAL, R.: Keltsk\u00e9 mince typu Roseldorf\/N\u011bm\u010dice zo Smolenick\u00e9ho Molp\u00edra. Numizmatka 26, 2016, 12-15.<\/a><\/p>\n<p><a href=\"http:\/\/archeol.sav.sk\/files\/9.-\u010cambal-1.pdf\">\u010cAMBAL, R.: V\u010dasnolat\u00e9nske spony z Horn\u00fdch Ore\u0161ian a Slep\u00e9ho vrch.\u00a0ZbSNM CX, Archeol\u00f3gia 26, 20<\/a><\/p>\n<p><em><u>\u00a0<\/u><\/em><\/p>\n<p>Rukopisy v tla\u010di\/v pr\u00edprave:<\/p>\n<p>BART\u00cdK, J.: Nov\u00e1 \u0161\u00e1lka typu Friedrichsruhe zo z\u00e1padn\u00e9ho Slovenska. In: L. Benedikov\u00e1\/M. Hor\u0148\u00e1k (eds.): Zborn\u00edk pr\u00e1c pre L. Velia\u010dika. Nitra, v pr\u00edprave.<\/p>\n<p>&nbsp;<\/p>\n<p>BENEDIKOV\u00c1, L.: Kulturkontakte des slowakischen Teils der Westkarpaten w\u00e4hrend der Hallstatzeit. Archaeolingua. Budape\u0161\u0165, v\u00a0pr\u00edprave.<\/p>\n<p><strong><u>\u00a0<\/u><\/strong><u>BIELICHOV\u00c1, Z<\/u>. \u2013 LABUDA,\u00a0 J.: N\u00e1lezy zvierac\u00edch kost\u00ed z\u00a0v\u00fdskumu Glanzenbergu, tzv. \u201eStar\u00e9ho mesta\u201c v\u00a0Banskej \u0160tiavnici. In: Zborn\u00edk SBM 25. Bansk\u00e1 \u0160tiavnica 2017.<\/p>\n<p>BIELICHOV\u00c1, Z.: Zvieracie kosti zo starobronzov\u00e9ho s\u00eddliska a\u00a0pohrebiska v\u00a0Pate. AVANS v\u00a0roku 2016. Nitra, v\u00a0pr\u00edprave.<\/p>\n<p>T\u00d3TH, P. \u2013 BODORIKOV\u00c1, S. \u2013 <u>BIELICHOV\u00c1, Z<\/u>.: Kostrov\u00fd n\u00e1lez badenskej kult\u00fary z\u00a0Hronoviec (okr. Levice). AVANS v\u00a0roku 2016. Nitra, v\u00a0pr\u00edprave.<\/p>\n<p>B\u0158EZINOV\u00c1, G.: \u0160perk zo skla a sapropelitu u Keltov na Slovensku. Rukopis: 115 s. text, 22 s. tabiel, 84 s. pr\u00edloh. Nitra, v pr\u00edprave.<\/p>\n<p>&nbsp;<\/p>\n<p>\u010cAMBAL, R.: <strong>\u00a0<\/strong>Os\u00eddlenie juhoz\u00e1padn\u00e9ho Slovenska v\u00a0strednej a\u00a0neskorej dobe lat\u00e9nskej a\u00a0problematika jeho z\u00e1veru. Zborn\u00edk z\u00a0konferencie: Kolaps o\u010dami slovensk\u00fdch archeol\u00f3gov. Nitra v\u00a0tla\u010di.<\/p>\n<p>\u010eURI\u0160, J.: Radzovce v obdob\u00ed popolnicov\u00fdch pol\u00ed IV. Architektonick\u00e1 rekon\u0161trukcia stavieb na z\u00e1klade anal\u00fdzy mazanice. Rukopis, 379 normostr\u00e1n. Nitra, v\u00a0pr\u00edprave.<\/p>\n<p>&nbsp;<\/p>\n<p><strong>Konferencie<\/strong><\/p>\n<p>D\u00f4le\u017eit\u00e1 bola aj podpora medzin\u00e1rodn\u00e9ho semin\u00e1ra <a href=\"http:\/\/archeol.sav.sk\/index.php\/sk\/2016\/11\/22\/podvodna-archeologia\/\">o archeol\u00f3gii pod vodou<\/a>. I\u0161lo o pilotn\u00fa akciu pl\u00e1novan\u00e9ho projektu podunajskej spolupr\u00e1ce kraj\u00edn venuj\u00facich sa tejto subdiscipl\u00edne, ktor\u00fa sme podporili ako perspekt\u00edvne pole archeologick\u00e9ho b\u00e1dania na Slovensku. Na akcii bola prezentovan\u00e1 aktivita slovinsk\u00fdch in\u0161tit\u00faci\u00ed, venuj\u00facich sa tomuto druhu archeologick\u00e9ho v\u00fdskumu \u2013 Zavodu za podvodno arheologijo a\u00a0Univerzity v\u00a0Ljubljane \u2013, ktor\u00e9 s\u00fa z\u00e1rove\u0148 hlavn\u00fdmi partnermi pl\u00e1novan\u00e9ho spolo\u010dn\u00e9ho projektu. Tie\u017e bola prezentovan\u00e1 v\u00edzia a\u00a0n\u00e1\u010drt projektu nov\u00e9ho slovensk\u00e9ho t\u00edmu, zlo\u017een\u00e9ho z\u00a0b\u00e1dateliek Archeologick\u00e9ho \u00fastavu SAV, Trnavskej univerzity a Zavodu za podvodno arheologijo.<\/p>\n","protected":false},"excerpt":{"rendered":"<p>Prv\u00fa etapu rie\u0161enia projektu charakterizovalo zhroma\u017e\u010fovanie datab\u00e1z existuj\u00facich lokal\u00edt, ich dop\u013a\u0148anie a overovanie v\u00a0ter\u00e9ne prieskumom \u010di v\u00fdskumom, ako aj v\u00fdber vhodn\u00fdch lokal\u00edt na alternat\u00edvne prospek\u010dn\u00e9 i\u00a0exkava\u010dn\u00e9 met\u00f3dy. Pozornos\u0165 sa\u00a0 zamerala i na pr\u00edpravu katal\u00f3gu os\u00eddlenia Z\u00e1horskej n\u00ed\u017einy z\u00a0doby bronzovej (J. Bart\u00edk) a\u00a0lat\u00e9nskej (R. \u010cambal),\u00a0s\u00fapisu lokal\u00edt z\u00a0doby r\u00edmskej z\u00a0okresov Galanta a\u00a0Senec (I. Bazovsk\u00fd) a na \u0161t\u00fadium &#8230; <a class=\"read-more\" href=\"https:\/\/archeol.sav.sk\/index.php\/sk\/kontakt\/vyskum\/projekty-apvv\/proces-a-zakonitosti-osidlenia-horskych-a-podhorskych-oblasti-zapadneho-slovenska\/projektove-aktivity-v-roku-2016\/\">\u010c\u00edtajte viac<\/a><\/p>\n","protected":false},"author":2,"featured_media":0,"parent":1561,"menu_order":0,"comment_status":"closed","ping_status":"closed","template":"","meta":[],"_links":{"self":[{"href":"https:\/\/archeol.sav.sk\/index.php\/wp-json\/wp\/v2\/pages\/2501"}],"collection":[{"href":"https:\/\/archeol.sav.sk\/index.php\/wp-json\/wp\/v2\/pages"}],"about":[{"href":"https:\/\/archeol.sav.sk\/index.php\/wp-json\/wp\/v2\/types\/page"}],"author":[{"embeddable":true,"href":"https:\/\/archeol.sav.sk\/index.php\/wp-json\/wp\/v2\/users\/2"}],"replies":[{"embeddable":true,"href":"https:\/\/archeol.sav.sk\/index.php\/wp-json\/wp\/v2\/comments?post=2501"}],"version-history":[{"count":6,"href":"https:\/\/archeol.sav.sk\/index.php\/wp-json\/wp\/v2\/pages\/2501\/revisions"}],"predecessor-version":[{"id":2628,"href":"https:\/\/archeol.sav.sk\/index.php\/wp-json\/wp\/v2\/pages\/2501\/revisions\/2628"}],"up":[{"embeddable":true,"href":"https:\/\/archeol.sav.sk\/index.php\/wp-json\/wp\/v2\/pages\/1561"}],"wp:attachment":[{"href":"https:\/\/archeol.sav.sk\/index.php\/wp-json\/wp\/v2\/media?parent=2501"}],"curies":[{"name":"wp","href":"https:\/\/api.w.org\/{rel}","templated":true}]}}