{"id":2407,"date":"2017-01-24T18:32:28","date_gmt":"2017-01-24T16:32:28","guid":{"rendered":"http:\/\/archeol.sav.sk\/?page_id=2407"},"modified":"2017-01-24T18:45:28","modified_gmt":"2017-01-24T16:45:28","slug":"stredolatenske-kultove-miesto-v-slatine-nad-bebravou","status":"publish","type":"page","link":"https:\/\/archeol.sav.sk\/index.php\/sk\/stredolatenske-kultove-miesto-v-slatine-nad-bebravou\/","title":{"rendered":"Stredolat\u00e9nske kultov\u00e9 miesto v Slatine nad Bebravou"},"content":{"rendered":"<figure id=\"attachment_2408\" aria-describedby=\"caption-attachment-2408\" style=\"width: 290px\" class=\"wp-caption alignright\"><a href=\"http:\/\/archeol.sav.sk\/files\/Obr.-1.jpg\"><img decoding=\"async\" loading=\"lazy\" class=\"wp-image-2408 size-medium\" src=\"http:\/\/archeol.sav.sk\/files\/Obr.-1-300x205.jpg\" alt=\"1 \u2013 hradisko Udrina. 2 \u2013 Poloha n\u00e1leziska.\" width=\"300\" height=\"205\" srcset=\"https:\/\/archeol.sav.sk\/files\/Obr.-1-300x205.jpg 300w, https:\/\/archeol.sav.sk\/files\/Obr.-1-768x524.jpg 768w, https:\/\/archeol.sav.sk\/files\/Obr.-1-1024x699.jpg 1024w\" sizes=\"(max-width: 300px) 100vw, 300px\" \/><\/a><figcaption id=\"caption-attachment-2408\" class=\"wp-caption-text\">1 \u2013 hradisko Udrina. 2 \u2013 Poloha n\u00e1leziska.<\/figcaption><\/figure>\n<p>N\u00e1lezisko sa nach\u00e1dza asi 1,2 kilometra od v\u00fdznamn\u00e9ho keltsk\u00e9ho hradiska na vrchu Udrina (652m), ne\u010faleko hranice pr\u00edrodnej rezerv\u00e1cie Smrad\u013eav\u00fd vrch na rozhran\u00ed katastrov obc\u00ed Slatina nad Bebravou a\u00a0Timoradza, v\u00a0sedle medzi nepomenovanou vyv\u00fd\u0161eninou smerom k\u00a0Udrine a\u00a0Smrad\u013eav\u00fdm vrchom. <strong>Na lokalitu upozornil ob\u010dan, z\u00e1ujemca o hist\u00f3riu, ktor\u00fd si v\u0161imol v lese miesto s\u00a0\u00falomkami prep\u00e1len\u00fdch \u010drepov a\u00a0kovov\u00fdch zliatkov na povrchu.<\/strong> V m\u00e1ji sa uskuto\u010dnila obhliadka a\u00a0zameranie n\u00e1leziska. V riedkom lesnom poraste sa na tr\u00e1vnatom povrchu \u010drtali dva pribli\u017ene ov\u00e1lne f\u013eaky tmavej p\u00f4dy, premie\u0161anej s\u00a0\u00falomkami keramiky a\u00a0sp\u00e1len\u00fdch kost\u00ed. Le\u017eia na plo\u0161inke pri hrane svahu, silne po\u0161koden\u00e9ho er\u00f3ziou dolomitick\u00e9ho \u0161trkov\u00e9ho podlo\u017eia. V\u00a0lete roku 2016 sa plo\u0161ne odkryla v\u00fdchodnej\u0161ie le\u017eiaca plocha 1 s\u00a0rozmermi 5&#215;5 m. Celkovo sa preb\u00e1dala plocha 138,3 m2. Priamo v\u00a0povrchovej vrstve plochy boli pomocou detektora kovov lokalizovan\u00e9 a\u00a0detailne zameran\u00e9 mal\u00e9 \u017eelezn\u00e9 spony a r\u00f4zne nity, pri v\u00fdchodnom okraji boli rozsypan\u00e9 plie\u0161ky a <strong>zliatky spolu s hlavi\u010dkou bronzovej plastiky<\/strong>.<\/p>\n<figure id=\"attachment_2410\" aria-describedby=\"caption-attachment-2410\" style=\"width: 290px\" class=\"wp-caption alignleft\"><a href=\"http:\/\/archeol.sav.sk\/files\/Obr.-3.jpg\"><img decoding=\"async\" loading=\"lazy\" class=\"wp-image-2410 size-medium\" src=\"http:\/\/archeol.sav.sk\/files\/Obr.-3-300x225.jpg\" alt=\"Pod Smrad\u013eav\u00fdm vrchom. Fragmenty a zliatky bronzov\u00fdch predmetov z plochy 1.\" width=\"300\" height=\"225\" srcset=\"https:\/\/archeol.sav.sk\/files\/Obr.-3-300x225.jpg 300w, https:\/\/archeol.sav.sk\/files\/Obr.-3-768x576.jpg 768w, https:\/\/archeol.sav.sk\/files\/Obr.-3-1024x768.jpg 1024w\" sizes=\"(max-width: 300px) 100vw, 300px\" \/><\/a><figcaption id=\"caption-attachment-2410\" class=\"wp-caption-text\">Pod Smrad\u013eav\u00fdm vrchom. Fragmenty a zliatky bronzov\u00fdch predmetov z plochy 1.<\/figcaption><\/figure>\n<p>Druh\u00e1 tv\u00e1rov\u00e1 \u010das\u0165 plastiky sa na\u0161la celkom na ju\u017enom okraji tejto plochy. Na ploche 1 sa na povrchu na\u0161la aj \u010das\u0165 jemnej \u017eeleznej retiazky. N\u00e1sledne sa opatrne odstr\u00e1nila a premiestnila poru\u0161en\u00e1 povrchov\u00e1 vrstva s tr\u00e1vou. Sypk\u00e1 hlina z povrchu sa systematicky preosievala a pri prekl\u00e1dke aj detailne opticky kontrolovala na pr\u00edtomnos\u0165 keramick\u00fdch a kovov\u00fdch zlomkov, <strong>kalcinovan\u00fdch kost\u00ed<\/strong> a cudz\u00edch kame\u0148ov.V h\u013abke 15-25 cm sa v juhoz\u00e1padnom rohu plochy za\u010dala rysova\u0165 tmav\u0161ie sfarben\u00e1 priehlbe\u0148 ov\u00e1lneho p\u00f4dorysu. Mala rozmery 130 x 70 cm, ov\u00e1lny tvar, mierne zo\u0161ikmen\u00e9 steny a ploch\u00e9 dno, zachyten\u00e9 v dolomitickom podlo\u017e\u00ed v h\u013abke 50 cm. V profile z\u00e1sypu sa uk\u00e1zalo trojn\u00e1sobn\u00e9 v strede mierne prelia\u010den\u00e9 zvrstvenie, indikovan\u00e9 vrstvi\u010dkami bieleho dolomitick\u00e9ho \u0161trku v hnedo\u010diernom, pomerne kompaktnom a tvrdom hlinitom z\u00e1sype. 130 cm smerom na juhov\u00fdchod uk\u00e1zalo kruhovit\u00e9 tmav\u0161ie sfarbenie plytkej kolovej jamy. Po vybrat\u00ed oboch objektov sa pokra\u010dovalo v opatrnom zni\u017eovan\u00ed vrstvy a dokumentovan\u00ed mal\u00fdch kumul\u00e1ci\u00ed prep\u00e1lenej drobnej keramiky, sp\u00e1len\u00fdch kosti\u010diek a drobn\u00fdch zliatkov bronzu. N\u00e1lezy sa koncentrovali najm\u00e4 severne od jamy, kde sa podarilo objavi\u0165 aj tri oh\u0148om deformovan\u00e9 \u010dasti modr\u00e9ho sklen\u00e9ho n\u00e1ramku, zdoben\u00e9ho bielou pastou. \u010eal\u0161ia <strong>koncentr\u00e1cia n\u00e1lezov<\/strong> (keramika, kosti\u010dky) bola vo vrstve v\u00fdchodne od kolovej jamy. Na celej sk\u00famanej ploche sa dosiahlo mierne zvlnen\u00e9, vo v\u00fdchodnej \u010dasti mierne st\u00fapaj\u00face dolomitick\u00e9 podlo\u017eie, a to v h\u013abke 30-40 cm.<\/p>\n<figure id=\"attachment_2409\" aria-describedby=\"caption-attachment-2409\" style=\"width: 290px\" class=\"wp-caption alignright\"><a href=\"http:\/\/archeol.sav.sk\/files\/Obr.-2.jpg\"><img decoding=\"async\" loading=\"lazy\" class=\"wp-image-2409 size-medium\" src=\"http:\/\/archeol.sav.sk\/files\/Obr.-2-300x225.jpg\" alt=\"Plocha1 s priehlbinou a kolovou jamou.\" width=\"300\" height=\"225\" srcset=\"https:\/\/archeol.sav.sk\/files\/Obr.-2-300x225.jpg 300w, https:\/\/archeol.sav.sk\/files\/Obr.-2-768x576.jpg 768w, https:\/\/archeol.sav.sk\/files\/Obr.-2-1024x768.jpg 1024w\" sizes=\"(max-width: 300px) 100vw, 300px\" \/><\/a><figcaption id=\"caption-attachment-2409\" class=\"wp-caption-text\">Plocha1 s priehlbinou a kolovou jamou.<\/figcaption><\/figure>\n<p>Na ploche 2 s rozmermi 5&#215;3 m, le\u017eiacej severoz\u00e1padne od plochy 1 bol z\u00a0\u010dasov\u00fdch d\u00f4vodov vykonan\u00fd len prevent\u00edvny podrobne zdokumentovan\u00fd zber kovov\u00fdch artefaktov. Na\u0161la sa tu <strong>\u010das\u0165 \u017eelezn\u00e9ho re\u0165azov\u00e9ho opaska, dve \u017eelezn\u00e9 z\u00e1pony<\/strong>, ako aj viacero nitov. Pri SZ okraji plochy sme na\u0161li ne\u00fapln\u00fa mal\u00fa \u017eelezn\u00fa ostrohu s h\u00e1\u010dikmi, ako aj nieko\u013eko zlomkov keramiky, kosti\u010diek a mal\u00fdch zliatkov bronzu. S\u00a0plo\u0161nou odkr\u00fdvkou tohto objektu sa po\u010d\u00edta v\u00a0roku 2017.<\/p>\n<p>N\u00e1jden\u00fd invent\u00e1r sa v\u00a0s\u00fa\u010dasnosti spracov\u00e1va a\u00a0analyzuje. Pod\u013ea ter\u00e9nnych zisten\u00ed a orienta\u010dn\u00e9ho poh\u013eadu na s\u00fabor z\u00edskan\u00fdch n\u00e1lezov m\u00f4\u017eeme kon\u0161tatova\u0165 nasledovn\u00e9: v r\u00e1mci \u0161ir\u0161ieho priestoru stredolat\u00e9nskej s\u00eddliskovej aglomer\u00e1cie hradiska Udrina sa podarilo identifikova\u0165 objekt s koncentr\u00e1ciou keramiky, sp\u00e1len\u00fdch kost\u00ed a deformovan\u00fdch, nadrobno rozl\u00e1man\u00fdch a oh\u0148om silne po\u0161koden\u00fdch predmetov. Medzi nimi s\u00fa zast\u00fapen\u00e9 s\u00fa\u010dasti odevu, a v\u00fdstroja. Rozbit\u00e9 a\u00a0silno prep\u00e1len\u00e9 s\u00fa aj fragmenty (zatia\u013e neur\u010den\u00fdch) kost\u00ed a keramiky. V\u00a0na\u0161om prostred\u00ed s\u00fa <strong>unik\u00e1tne (aplikovan\u00e9) bronzov\u00e9 plastiky a bronzov\u00e1 n\u00e1doba nepochybne antick\u00e9ho p\u00f4vod<\/strong>u. Pod\u013ea dobre datovan\u00fdch sp\u00f4n a\u00a0s\u00fa\u010dast\u00ed opaskov n\u00e1lez patr\u00ed do z\u00e1veru star\u0161ieho stredolat\u00e9nskeho stup\u0148a (LT C1b). Ako v\u00fdklad n\u00e1lezu prich\u00e1dza do \u00favahy lok\u00e1lne obetn\u00e9 miesto so spa\u013eovan\u00edm obet\u00edn alebo o (dva) netypicky ulo\u017een\u00e9 resp. <strong>rozpt\u00fdlen\u00e9 hrobov\u00e9 celky<\/strong> dosia\u013e nezn\u00e1meho typu (\u017eensk\u00fd \u2013 plocha 1? mu\u017esk\u00fd \u2013 plocha 2?).<\/p>\n<figure id=\"attachment_2411\" aria-describedby=\"caption-attachment-2411\" style=\"width: 290px\" class=\"wp-caption alignleft\"><a href=\"http:\/\/archeol.sav.sk\/files\/Obr.-4.jpg\"><img decoding=\"async\" loading=\"lazy\" class=\"wp-image-2411 size-medium\" src=\"http:\/\/archeol.sav.sk\/files\/Obr.-4-300x225.jpg\" alt=\"Zlomky bronzov\u00fdch plast\u00edk z plochy 1.\" width=\"300\" height=\"225\" srcset=\"https:\/\/archeol.sav.sk\/files\/Obr.-4-300x225.jpg 300w, https:\/\/archeol.sav.sk\/files\/Obr.-4-768x576.jpg 768w, https:\/\/archeol.sav.sk\/files\/Obr.-4-1024x768.jpg 1024w\" sizes=\"(max-width: 300px) 100vw, 300px\" \/><\/a><figcaption id=\"caption-attachment-2411\" class=\"wp-caption-text\">Zlomky bronzov\u00fdch plast\u00edk z plochy 1.<\/figcaption><\/figure>\n<p>Pravdepodobnej\u0161\u00edm v\u00fdkladom je obetisko. Rovnak\u00e9 prvky (jama na odliatby &#8211; libatio, k\u00f4l \u2013 totem) sa na\u0161li na obetnom mieste v Prosnom okres Pova\u017esk\u00e1 Bystrica. K\u00a0spresneniu v\u00fdkladu nepochybne prispeje ukon\u010denie vykop\u00e1vok a\u00a0v\u00fdsledky prebiehaj\u00facich anal\u00fdz.<\/p>\n<p>&nbsp;<\/p>\n<p>&nbsp;<\/p>\n<p>Karol Pieta<\/p>\n<p>&nbsp;<\/p>\n<p><a href=\"http:\/\/www.cevnad.sav.sk\/aktivita_1_1\/Pieta_Karol_-_Die_Keltische_Besiedlung_der_Slowakei.pdf\">PIETA, K.: Keltsk\u00e9 os\u00eddlenie Slovenska. Mlad\u0161ia doba lat\u00e9nska. Archaeologica Slovaca Monographiae, Studia 11, Bratislava 2008, 112, 292.<\/a><\/p>\n<p><a href=\"http:\/\/www.cevnad.sav.sk\/aktivita_1_1\/slovenska_archeologia_1980_2.pdf\">PIETA, K.\/MORAV\u0106\u00cdK, J.: Sp\u00e4tlat\u00e9nezeitlicher Opferplatz in Prosn\u00e9. Slov. Archeol., 28, 1980, 245-283.<\/a><\/p>\n","protected":false},"excerpt":{"rendered":"<p>N\u00e1lezisko sa nach\u00e1dza asi 1,2 kilometra od v\u00fdznamn\u00e9ho keltsk\u00e9ho hradiska na vrchu Udrina (652m), ne\u010faleko hranice pr\u00edrodnej rezerv\u00e1cie Smrad\u013eav\u00fd vrch na rozhran\u00ed katastrov obc\u00ed Slatina nad Bebravou a\u00a0Timoradza, v\u00a0sedle medzi nepomenovanou vyv\u00fd\u0161eninou smerom k\u00a0Udrine a\u00a0Smrad\u013eav\u00fdm vrchom. Na lokalitu upozornil ob\u010dan, z\u00e1ujemca o hist\u00f3riu, ktor\u00fd si v\u0161imol v lese miesto s\u00a0\u00falomkami prep\u00e1len\u00fdch \u010drepov a\u00a0kovov\u00fdch zliatkov na &#8230; <a class=\"read-more\" href=\"https:\/\/archeol.sav.sk\/index.php\/sk\/stredolatenske-kultove-miesto-v-slatine-nad-bebravou\/\">\u010c\u00edtajte viac<\/a><\/p>\n","protected":false},"author":2,"featured_media":0,"parent":0,"menu_order":0,"comment_status":"closed","ping_status":"closed","template":"","meta":[],"_links":{"self":[{"href":"https:\/\/archeol.sav.sk\/index.php\/wp-json\/wp\/v2\/pages\/2407"}],"collection":[{"href":"https:\/\/archeol.sav.sk\/index.php\/wp-json\/wp\/v2\/pages"}],"about":[{"href":"https:\/\/archeol.sav.sk\/index.php\/wp-json\/wp\/v2\/types\/page"}],"author":[{"embeddable":true,"href":"https:\/\/archeol.sav.sk\/index.php\/wp-json\/wp\/v2\/users\/2"}],"replies":[{"embeddable":true,"href":"https:\/\/archeol.sav.sk\/index.php\/wp-json\/wp\/v2\/comments?post=2407"}],"version-history":[{"count":10,"href":"https:\/\/archeol.sav.sk\/index.php\/wp-json\/wp\/v2\/pages\/2407\/revisions"}],"predecessor-version":[{"id":2426,"href":"https:\/\/archeol.sav.sk\/index.php\/wp-json\/wp\/v2\/pages\/2407\/revisions\/2426"}],"wp:attachment":[{"href":"https:\/\/archeol.sav.sk\/index.php\/wp-json\/wp\/v2\/media?parent=2407"}],"curies":[{"name":"wp","href":"https:\/\/api.w.org\/{rel}","templated":true}]}}