{"id":2021,"date":"2016-10-13T23:35:06","date_gmt":"2016-10-13T21:35:06","guid":{"rendered":"http:\/\/archeol.sav.sk\/?page_id=2021"},"modified":"2021-01-28T18:41:08","modified_gmt":"2021-01-28T16:41:08","slug":"clovek-a-krajina-na-kysuciach-a-prilahlom-povazi-v-stredoveku-a-na-zaciatku-novoveku","status":"publish","type":"page","link":"https:\/\/archeol.sav.sk\/index.php\/sk\/clovek-a-krajina-na-kysuciach-a-prilahlom-povazi-v-stredoveku-a-na-zaciatku-novoveku\/","title":{"rendered":"\u010clovek a krajina na Kysuciach a pri\u013eahlom Pova\u017e\u00ed v stredoveku a na za\u010diatku novoveku"},"content":{"rendered":"<p><strong>Zodpovedn\u00fd rie\u0161ite\u013e:<\/strong>\u00a0 PhDr. Gabriel Fusek, CSc.<\/p>\n<p><strong>Spolurie\u0161itelia:<\/strong> PhDr. Peter Bedn\u00e1r, CSc., Mgr. Marek Vojte\u010dek, PhD., Mgr. Michal Hole\u0161\u010d\u00e1k, PhD., Mgr. Peter Debn\u00e1r<\/p>\n<p><strong>Doba rie\u0161enia:<\/strong> 1. 7. 2016 \u2013 30. 6. 2020<\/p>\n<p><strong>Registra\u010dn\u00e9 \u010d\u00edslo:<\/strong> APVV-15-0330<\/p>\n<p><strong>Koordin\u00e1tor:<\/strong> Archeologick\u00fd \u00fastav SAV<\/p>\n<p><strong>K\u013e\u00fa\u010dov\u00e9 slov\u00e1:<\/strong>\u00a0severoz\u00e1padn\u00e9 Slovensko, stredovek, novovek, horsk\u00e1 oblas\u0165, krajinn\u00e1 archeol\u00f3gia<\/p>\n<p><strong>Ciele projektu<\/strong><\/p>\n<figure id=\"attachment_2304\" aria-describedby=\"caption-attachment-2304\" style=\"width: 290px\" class=\"wp-caption alignright\"><a href=\"http:\/\/archeol.sav.sk\/files\/Obr-1.jpeg\"><img decoding=\"async\" loading=\"lazy\" class=\"wp-image-2304 size-medium\" src=\"http:\/\/archeol.sav.sk\/files\/Obr-1-300x151.jpeg\" alt=\"Geografick\u00e9 vymedzenie sprac\u00favanej oblasti\" width=\"300\" height=\"151\" srcset=\"https:\/\/archeol.sav.sk\/files\/Obr-1-300x151.jpeg 300w, https:\/\/archeol.sav.sk\/files\/Obr-1-768x387.jpeg 768w, https:\/\/archeol.sav.sk\/files\/Obr-1-1024x516.jpeg 1024w, https:\/\/archeol.sav.sk\/files\/Obr-1.jpeg 1377w\" sizes=\"(max-width: 300px) 100vw, 300px\" \/><\/a><figcaption id=\"caption-attachment-2304\" class=\"wp-caption-text\">Geografick\u00e9 vymedzenie sprac\u00favanej oblasti<\/figcaption><\/figure>\n<p>Vyhodnoten\u00edm archeologick\u00fdch a environment\u00e1lnych prame\u0148ov sa v r\u00e1mci projektu vypracuje ucelen\u00fd model os\u00eddlenia regi\u00f3nu Kys\u00fac od po\u010diatkov stredoveku po za\u010diatok novoveku. Vytvor\u00ed sa s\u00fapis v\u0161etk\u00fdch typov archeologick\u00fdch prame\u0148ov z viac ako tis\u00edcro\u010dn\u00e9ho obdobia. V konfront\u00e1cii s vybran\u00fdmi charakteristikami pr\u00edrodn\u00e9ho prostredia tak bude mo\u017en\u00e9 uskuto\u010dni\u0165 anal\u00fdzu stredovekej kult\u00farnej krajiny a historick\u00fdch s\u00eddliskov\u00fdch \u0161trukt\u00far. D\u00f4raz sa bude kl\u00e1s\u0165 nielen na spracovanie star\u0161\u00edch archeologick\u00fdch n\u00e1lezov a n\u00e1lez\u00edsk, ale aj na rekognosk\u00e1ciu ter\u00e9nu modern\u00fdmi prospek\u010dn\u00fdmi met\u00f3dami, na vyu\u017eitie geografick\u00fdch informa\u010dn\u00fdch syst\u00e9mov a na vyhodnotenie materi\u00e1lnej kult\u00fary analytick\u00fdmi \u0161tatistick\u00fdmi postupmi.<\/p>\n<p><a href=\"http:\/\/archeol.sav.sk\/index.php\/sk\/clovek-a-krajina-na-kysuciach-a-prilahlom-povazi-v-stredoveku-a-na-zaciatku-novoveku\/cinnost-v-roku-2016\/\"><strong>\u010cinnos\u0165 v\u00a0roku 2016<\/strong><\/a><\/p>\n<p><a href=\"http:\/\/archeol.sav.sk\/index.php\/sk\/clovek-a-krajina-na-kysuciach-a-prilahlom-povazi-v-stredoveku-a-na-zaciatku-novoveku\/cinnost-v-roku-2017\/\"><strong>\u010cinnos\u0165 v\u00a0roku 2017<\/strong><\/a><\/p>\n<p><a href=\"http:\/\/archeol.sav.sk\/index.php\/sk\/cinnost-v-roku-2018-2\/\"><strong>\u010cinnos\u0165 v\u00a0roku 2018<\/strong><\/a><\/p>\n<p><strong><a href=\"http:\/\/archeol.sav.sk\/index.php\/sk\/clovek-a-krajina-na-kysuciach-a-prilahlom-povazi-v-stredoveku-a-na-zaciatku-novoveku\/cinnost-v-roku-2019\/\">\u010cinnos\u0165 v roku 2019<\/a><\/strong><\/p>\n<p><strong><a href=\"http:\/\/archeol.sav.sk\/index.php\/sk\/clovek-a-krajina-na-kysuciach-a-prilahlom-povazi-v-stredoveku-a-na-zaciatku-novoveku\/cinnost-v-roku-2020\/\">\u010cinnos\u0165 v roku 2020<\/a><\/strong><\/p>\n<p><strong>Publik\u00e1cie<\/strong><\/p>\n<p>BEDN\u00c1R, Peter: Hrady a opevnen\u00e9 s\u00eddla v stredoveku. In: BEDN\u00c1R, Peter \u2013 STANEKOV\u00c1, Zuzana \u2013 \u0160IMKO, Peter (zost.):\u00a0 Budat\u00ednsky hrad. Archeologick\u00fd \u00fastav SAV Nitra a Pova\u017esk\u00e9 m\u00fazeum v \u017diline. Nitra \u2013 \u017dilina 2017, 22 \u2013 24. ISBN 978-80-88877-81-3<\/p>\n<p style=\"text-align: justify; line-height: 150%;\"><a href=\"http:\/\/archeol.sav.sk\/files\/Bedn\u00e1r-2019.pdf\">BEDN\u00c1R, Peter. Drevozemn\u00e9 opevnenia v Kysuckej vrchovine. In Vlastivedn\u00fd zborn\u00edk Pova\u017eia, 2019, \u010d. 29, 251 \u2013 262.<\/a><\/p>\n<p><a href=\"http:\/\/archeol.sav.sk\/files\/Budatinsky-hrad-obsah-2017.pdf\">BEDN\u00c1R, Peter \u2013 STANEKOV\u00c1, Zuzana \u2013 \u0160IMKO, Peter (zost.). Budat\u00ednsky hrad. Archeologick\u00fd \u00fastav SAV Nitra a Pova\u017esk\u00e9 m\u00fazeum v\u00a0\u017diline. Nitra \u2013 \u017dilina 2017. 236 s. ISBN 978-80-88877-81-3<\/a><\/p>\n<p><a href=\"http:\/\/archeol.sav.sk\/files\/Bedn\u00e1r-Stanekov\u00e1-\u0160imko-2019.pdf\">BEDN\u00c1R, Peter \u2013 STANEKOV\u00c1, Zuzana \u2013 \u0160IMKO, Peter (zost.). Budat\u00ednsky hrad.\u00a0 2. roz\u0161\u00edren\u00e9 vydanie. Nitra : Archeologick\u00fd \u00fastav SAV ; \u017dilina : Pova\u017esk\u00e9 m\u00fazeum, 2019. 279 s. ISBN 978-80-88877-81-7<\/a><\/p>\n<p>BEDN\u00c1R, Peter \u2013 \u0160IMKOVIC, Michal \u2013 MATEJKA Miroslav \u2013 STANEKOV\u00c1 Zuzana. Stredovek\u00fd hrad z poh\u013eadu architekt\u00fary a archeol\u00f3gie. In: BEDN\u00c1R, Peter \u2013 STANEKOV\u00c1, Zuzana \u2013 \u0160IMKO, Peter (zost.):\u00a0 Budat\u00ednsky hrad. Archeologick\u00fd \u00fastav SAV Nitra a Pova\u017esk\u00e9 m\u00fazeum v \u017diline. Nitra \u2013 \u017dilina 2017, 40 \u2013 47. ISBN 978-80-88877-81-3<\/p>\n<p>BEDN\u00c1R, Peter \u2013 \u0160IMKOVIC, Michal \u2013 MATEJKA Miroslav \u2013 STANEKOV\u00c1 Zuzana. Prestavby hradu za Su\u0148ogovcov z poh\u013eadu najnov\u0161\u00edch v\u00fdskumov. In: BEDN\u00c1R, Peter \u2013 STANEKOV\u00c1, Zuzana \u2013 \u0160IMKO, Peter (zost.):\u00a0 Budat\u00ednsky hrad. Archeologick\u00fd \u00fastav SAV Nitra a Pova\u017esk\u00e9 m\u00fazeum v \u017diline. Nitra \u2013 \u017dilina 2017, 59 \u2013 68. ISBN 978-80-88877-81-3<\/p>\n<p>STANEKOV\u00c1 Zuzana \u2013 BEDN\u00c1R, Peter: Archeologick\u00e9 n\u00e1lezy z v\u00fdskumu hradu. In: BEDN\u00c1R, Peter \u2013 STANEKOV\u00c1, Zuzana \u2013 \u0160IMKO, Peter (zost.):\u00a0 Budat\u00ednsky hrad. Archeologick\u00fd \u00fastav SAV Nitra a Pova\u017esk\u00e9 m\u00fazeum v \u017diline. Nitra \u2013 \u017dilina 2017, 126 \u2013 135. ISBN 978-80-88877-81-3<\/p>\n<p><a href=\"http:\/\/archeol.sav.sk\/files\/Bednar-Vojtecek-Danova-2017.pdf\">BEDN\u00c1R, Peter \u2013 VOJTE\u010cEK, Marek \u2013 DA\u0147OV\u00c1, Klaudia. N\u00e1lez stredovekej cesty v katastri obce Nededza, okres \u017dilina. In: Dejiny cestnej dopravy na Slovensku II. Zborn\u00edk z konferencie \u017dilina-Budat\u00edn, 9. febru\u00e1r 2017. Pova\u017esk\u00e9 m\u00fazeum v \u017diline. \u017dilina 2017, 25 \u201340. ISBN 978-80-88877-78-3<\/a><\/p>\n<p><a href=\"http:\/\/archeol.sav.sk\/files\/Fusek-2018a.pdf\">FUSEK, Gabriel: Prieskum na hradisku Ve\u013ek\u00fd vrch v Divinke. AVANS 2013, 2018, 59 \u2013 62, 170.<\/a><\/p>\n<p><a href=\"http:\/\/archeol.sav.sk\/files\/Fusek-2017.pdf\">FUSEK, Gabriel: Kleiner Hortfund von Divinka. In: Arch\u00e4ologische Studien zum fr\u00fchen Mittelalter. Internationale Konferenz Nitra vom 18. bis 20. Oktober 2016. Archeologick\u00fd \u00fastav SAV. Nitra 2017, 33 \u2013 44. ISBN 978-80-8196-009-3<\/a><\/p>\n<p><a href=\"http:\/\/archeol.sav.sk\/files\/Fusek-Divinka-Informacnik-1_2017.pdf\">FUSEK, Gabriel: Archeologick\u00fd v\u00fdskum na hradisku Ve\u013ek\u00fd vrch. In: Informa\u010dn\u00edk obce Divinka-Lalinok, ro\u010d. 7, \u010d. 1\/2017, 8 \u2013 10.<\/a><\/p>\n<p><a href=\"http:\/\/archeol.sav.sk\/files\/Fusek-2018c.pdf\">FUSEK, Gabriel: Early Medieval Hillfort in Divinka, Northwestern Slovakia. In: J. Lux \u2013 B. \u0160tular \u2013 K. Zanier (ur.\/eds.): Slovani, na\u0161a dedi\u0161\u010dina\/Our heritage: the Slavs. Ljubljana 2018, 103 \u2013 107.<\/a><\/p>\n<p style=\"text-align: justify; line-height: 150%;\"><a href=\"http:\/\/archeol.sav.sk\/files\/Fusek-2019.pdf\">FUSEK, Gabriel. Pevnostn\u00fd syst\u00e9m hradiska v Divinke. In Vlastivedn\u00fd zborn\u00edk Pova\u017eia, 2019, \u010d. 29, 208\u00a0 \u2013 240.<\/a><\/p>\n<p><a href=\"http:\/\/archeol.sav.sk\/files\/Fusek-Holescak-2018.pdf\">FUSEK, Gabriel \u2013 HOLE\u0160\u010c\u00c1K, Michal: Najstar\u0161ie opevnenie Ve\u013ek\u00e9ho vrchu v Divinke. In: S\u00eddla, artefakty a \u010das&#8230; Zborn\u00edk \u0161t\u00fadi\u00ed o dobe bronzovej a dobe hal\u0161tatskej k 75. narodenin\u00e1m Ladislava Velia\u010dika. Nitra \u2013 Vr\u00fatky 2018, s. 83 \u2013 94. ISBN 978-80-8196-020-8.<\/a><\/p>\n<p><a href=\"http:\/\/archeol.sav.sk\/files\/Fusek-Holescak-2019.pdf\">FUSEK, Gabriel \u2013 HOLE\u0160\u010c\u00c1K, Michal: Hillfort in Divinka in NW Slovakia. In: T. Tkal\u010dec \u2013 T. Sekelj Ivan\u010dan \u2013 S. Krznar \u2013 J. Belaj (eds.): Fortifications, defence systems, structures and features in the past. Proceedings of the 4<sup>th<\/sup> International Scientific Conference on Mediaeval Archaeology of the Institute of Archaeology Zagreb, 7<sup>th<\/sup> \u2013 9<sup>th<\/sup> June 2017. Zagreb 2019, 137 \u2013 146.<\/a><\/p>\n<p style=\"text-align: justify; line-height: 150%;\"><a href=\"http:\/\/archeol.sav.sk\/files\/Fusek-Hole\u0161\u010d\u00e1k-2019.pdf\">FUSEK, Gabriel \u2013 HOLE\u0160\u010c\u00c1K, Michal. Der Burgwall Gro\u00dfer Berg bei Divinka. Vorbericht In \u0160tudijn\u00e9 zvesti Archeologick\u00e9ho \u00fastavu SAV, 2019, \u010d. 66, 161 \u2013 172. ISSN 0560-2793.<\/a><\/p>\n<p><a href=\"http:\/\/archeol.sav.sk\/files\/Fusek_Slan\u00e1-2018.pdf\">FUSEK, Gabriel \u2013 SLAN\u00c1, Andrea: Hradisko v Divinke vo ve\u013ekomoravskom obdob\u00ed. Monumentorum tutela 29, 2018, 85 \u2013 96.<\/a><\/p>\n<p><a href=\"http:\/\/archeol.sav.sk\/files\/Fusek-Slan\u00e1-2020.pdf\">FUSEK, Gabriel \u2013 SLAN\u00c1, Andrea: Slovansk\u00e9 hradisko na Ve\u013ekom vrchu\/Slavic Hillfort on Big Hill. Katal\u00f3g v\u00fdstavy\/Exhibition Catalogue. \u017dilina 2020. ISBN 978-80-88877-86-8.<\/a><\/p>\n<p><a href=\"http:\/\/archeol.sav.sk\/files\/Fusek_Slan\u00e1_Stanekov\u00e1-2016.pdf\">FUSEK, Gabriel \u2013 SLAN\u00c1, Andrea \u2013 STANEKOV\u00c1, Zuzana. Archeologick\u00fd v\u00fdskum hradiska na Ve\u013ekom vrchu v Divinke. Predbe\u017en\u00e1 spr\u00e1va. In: SLIACKA, Simona (Ed.): V\u00fdsledky nov\u00fdch archeologick\u00fdch v\u00fdskumov na Strednom Slovensku. Ru\u017eomberok 2016, 75 \u2013 84.<\/a><\/p>\n<p><a href=\"http:\/\/archeol.sav.sk\/files\/Hole\u0161\u010d\u00e1k-2018.pdf\">HOLE\u0160\u010c\u00c1K, Michal: Stredovek\u00e1 pevnos\u0165 na vrchu Hradisko. In: Informa\u010dn\u00edk obce Divinka-Lalinok, ro\u010d. 8, \u010d. 1\/2018, 13.<\/a><\/p>\n<p style=\"text-align: justify; line-height: 150%;\"><a href=\"http:\/\/archeol.sav.sk\/files\/Hole\u0161\u010d\u00e1k-Slan\u00e1-2019.pdf\">HOLE\u0160\u010c\u00c1K, Michal. Medieval archery equipment from the territory of Slovakia. &#8211; Nitra : Institute of Archaeology of the Slovak Academy of Sciences ; Bratislava : VEDA, 2019. 124 s. Archaeologica Slovaca Monographiae : Studia, Tomus XXXI. ISBN 978-80-8196-033-8.<\/a><\/p>\n<p style=\"text-align: justify; line-height: 150%;\"><a href=\"http:\/\/archeol.sav.sk\/files\/Hole\u0161\u010d\u00e1k-2019b.pdf\">HOLE\u0160\u010c\u00c1K, Michal. \u201eSeversk\u00fd\u201c hrot \u0161\u00edpu z\u00a0Divinky. In Hradisk\u00e1 \u2013 svedkovia d\u00e1vnych \u010dias II. Zborn\u00edk pr\u00edspevkov o hradisk\u00e1ch a ich obyvate\u013eoch. &#8211; Doln\u00e1 Marikov\u00e1 : Ob\u010dianske zdru\u017eenie Hradisk\u00e1, 2019, s. 91\u201394. ISBN 978-80-973032-2-8.<\/a><\/p>\n<p style=\"text-align: justify; line-height: 150%;\"><a href=\"http:\/\/archeol.sav.sk\/files\/Hole\u0161\u010d\u00e1k-Slan\u00e1-2019.pdf\">HOLE\u0160\u010c\u00c1K, Michal \u2013 SLAN\u00c1, Andrea: Archeologick\u00fd v\u00fdskum stredovek\u00e9ho hr\u00e1dku v Divinke, poloha Hradisko. In Vlastivedn\u00fd zborn\u00edk Pova\u017eia, 2019, \u010d. 29, 241 \u2013 249.<\/a><\/p>\n<p><a href=\"https:\/\/doi.org\/10.31577\/slovarch.2020.68.14\">HOLE\u0160\u010c\u00c1K, Michal \u2013 SLAN\u00c1, Andrea: Stredovek\u00fd hr\u00e1dok v\u00a0Divinke a\u00a0Divine. In: Slovensk\u00e1 archeol\u00f3gia 68, 2020, 335 \u2013 351.<\/a><\/p>\n<p><a href=\"http:\/\/archeol.sav.sk\/files\/Vojtecek-2016.pdf\">VOJTE\u010cEK, Marek. Mal\u00e9 \u0161ance a Valy v\u00a0\u010ciernom. Pr\u00edspevok k poznaniu pevnostn\u00e9ho syst\u00e9mu Jablunkovsk\u00e9ho priesmyku. Archaeologia historica 41\/2, 2016, 195\u2013210.<\/a><\/p>\n<p style=\"text-align: justify; line-height: 150%;\"><a href=\"http:\/\/archeol.sav.sk\/files\/Vojte\u010dek-2019.pdf\">VOJTE\u010cEK, Marek. Relikty novovek\u00e9ho fortifika\u010dn\u00e9ho syst\u00e9mu v \u010ciernom na Kysuciach. In Vlastivedn\u00fd zborn\u00edk Pova\u017eia, 2019, \u010d. 29, 296 \u2013 315.<\/a><\/p>\n<p><a href=\"http:\/\/archeol.sav.sk\/files\/Vojtecek-Nemergut-2016.pdf\">VOJTE\u010cEK, Marek \u2013 NEMERGUT, Adri\u00e1n. Dokument\u00e1cia zaniknut\u00fdch ciest v katastri obci Svr\u010dinovec, \u010cierne a Skalit\u00e9. N\u00e1\u010drt problematiky kopani\u010diarskej koloniz\u00e1cie na \u00fazem\u00ed severn\u00fdch Kys\u00fac. Archaeologia historica 41\/2, 2016, 525 \u2013 544.<\/a><\/p>\n<p><strong>Ter\u00e9nne aktivity<\/strong><\/p>\n<p><a href=\"http:\/\/archeol.sav.sk\/index.php\/sk\/divinka-2\/\">Divinka, poloha Ve\u013ek\u00fd vrch<\/a><\/p>\n<p><a href=\"http:\/\/archeol.sav.sk\/index.php\/sk\/divinka-poloha-hradisko\/\">Divinka, poloha Hradisko<\/a><\/p>\n","protected":false},"excerpt":{"rendered":"<p>Zodpovedn\u00fd rie\u0161ite\u013e:\u00a0 PhDr. Gabriel Fusek, CSc. Spolurie\u0161itelia: PhDr. Peter Bedn\u00e1r, CSc., Mgr. Marek Vojte\u010dek, PhD., Mgr. Michal Hole\u0161\u010d\u00e1k, PhD., Mgr. Peter Debn\u00e1r Doba rie\u0161enia: 1. 7. 2016 \u2013 30. 6. 2020 Registra\u010dn\u00e9 \u010d\u00edslo: APVV-15-0330 Koordin\u00e1tor: Archeologick\u00fd \u00fastav SAV K\u013e\u00fa\u010dov\u00e9 slov\u00e1:\u00a0severoz\u00e1padn\u00e9 Slovensko, stredovek, novovek, horsk\u00e1 oblas\u0165, krajinn\u00e1 archeol\u00f3gia Ciele projektu Vyhodnoten\u00edm archeologick\u00fdch a environment\u00e1lnych prame\u0148ov sa &#8230; <a class=\"read-more\" href=\"https:\/\/archeol.sav.sk\/index.php\/sk\/clovek-a-krajina-na-kysuciach-a-prilahlom-povazi-v-stredoveku-a-na-zaciatku-novoveku\/\">\u010c\u00edtajte viac<\/a><\/p>\n","protected":false},"author":2,"featured_media":0,"parent":0,"menu_order":0,"comment_status":"closed","ping_status":"closed","template":"","meta":[],"_links":{"self":[{"href":"https:\/\/archeol.sav.sk\/index.php\/wp-json\/wp\/v2\/pages\/2021"}],"collection":[{"href":"https:\/\/archeol.sav.sk\/index.php\/wp-json\/wp\/v2\/pages"}],"about":[{"href":"https:\/\/archeol.sav.sk\/index.php\/wp-json\/wp\/v2\/types\/page"}],"author":[{"embeddable":true,"href":"https:\/\/archeol.sav.sk\/index.php\/wp-json\/wp\/v2\/users\/2"}],"replies":[{"embeddable":true,"href":"https:\/\/archeol.sav.sk\/index.php\/wp-json\/wp\/v2\/comments?post=2021"}],"version-history":[{"count":50,"href":"https:\/\/archeol.sav.sk\/index.php\/wp-json\/wp\/v2\/pages\/2021\/revisions"}],"predecessor-version":[{"id":5596,"href":"https:\/\/archeol.sav.sk\/index.php\/wp-json\/wp\/v2\/pages\/2021\/revisions\/5596"}],"wp:attachment":[{"href":"https:\/\/archeol.sav.sk\/index.php\/wp-json\/wp\/v2\/media?parent=2021"}],"curies":[{"name":"wp","href":"https:\/\/api.w.org\/{rel}","templated":true}]}}