{"id":1891,"date":"2016-10-09T12:40:07","date_gmt":"2016-10-09T10:40:07","guid":{"rendered":"http:\/\/archeol.sav.sk\/?page_id=1891"},"modified":"2016-10-09T12:40:07","modified_gmt":"2016-10-09T10:40:07","slug":"field-research-2012","status":"publish","type":"page","link":"https:\/\/archeol.sav.sk\/index.php\/en\/field-research-2012\/","title":{"rendered":"Field research 2012"},"content":{"rendered":"<p><span id=\"result_box\" class=\"short_text\" lang=\"en\"><span class=\"\">The selection of<\/span> <span class=\"\">field research<\/span> <span class=\"\">in 2012<\/span><\/span><\/p>\n<p><img decoding=\"async\" class=\"noprint\" src=\"http:\/\/archeol.sav.sk\/pics\/pdf_button.png\" alt=\"pdf\" align=\"left\" hspace=\"5\" vspace=\"0\" \/><a href=\"http:\/\/archeol.sav.sk\/docs_vyskumy2012\/2012_bojna.pdf\" target=\"_blank\">Bojn\u00e1 \u2013 Valy<\/a><\/p>\n<p><img decoding=\"async\" class=\"noprint\" src=\"http:\/\/archeol.sav.sk\/pics\/pdf_button.png\" alt=\"pdf\" align=\"left\" hspace=\"5\" vspace=\"0\" \/><a href=\"http:\/\/archeol.sav.sk\/docs_vyskumy2012\/2011-2012_cinobana.pdf\" target=\"_blank\">Cinoba\u0148a \u2013 Jar\u010danisko<\/a><\/p>\n<p><img decoding=\"async\" class=\"noprint\" src=\"http:\/\/archeol.sav.sk\/pics\/pdf_button.png\" alt=\"pdf\" align=\"left\" hspace=\"5\" vspace=\"0\" \/><a href=\"http:\/\/archeol.sav.sk\/docs_vyskumy2012\/2012_divin.pdf\" target=\"_blank\">Div\u00edn \u2013 hrad<\/a><\/p>\n<p><img decoding=\"async\" class=\"noprint\" src=\"http:\/\/archeol.sav.sk\/pics\/pdf_button.png\" alt=\"pdf\" align=\"left\" hspace=\"5\" vspace=\"0\" \/><a href=\"http:\/\/archeol.sav.sk\/docs_vyskumy2012\/2012_dvory_nad_zitavou.pdf\" target=\"_blank\">Dvory nad \u017ditavou \u2013 \u017dombi<\/a><\/p>\n<p><img decoding=\"async\" class=\"noprint\" src=\"http:\/\/archeol.sav.sk\/pics\/pdf_button.png\" alt=\"pdf\" align=\"left\" hspace=\"5\" vspace=\"0\" \/><a href=\"http:\/\/archeol.sav.sk\/docs_vyskumy2012\/2012_galanta-obchvat.pdf\" target=\"_blank\">Galanta \u2013 obchvat<\/a><\/p>\n<p><img decoding=\"async\" class=\"noprint\" src=\"http:\/\/archeol.sav.sk\/pics\/pdf_button.png\" alt=\"pdf\" align=\"left\" hspace=\"5\" vspace=\"0\" \/><a href=\"http:\/\/archeol.sav.sk\/docs_vyskumy2012\/2012_Levice_Dituria.pdf\" target=\"_blank\">Levice \u2013 Dituria<\/a><\/p>\n<p><img decoding=\"async\" class=\"noprint\" src=\"http:\/\/archeol.sav.sk\/pics\/pdf_button.png\" alt=\"pdf\" align=\"left\" hspace=\"5\" vspace=\"0\" \/><a href=\"http:\/\/archeol.sav.sk\/docs_vyskumy2012\/2012_nizna_mysla.pdf\" target=\"_blank\">Ni\u017en\u00e1 My\u0161\u013ea \u2013 Hradsk\u00fd vrch (V\u00e1rhegy II)<\/a><\/p>\n<p><img decoding=\"async\" class=\"noprint\" src=\"http:\/\/archeol.sav.sk\/pics\/pdf_button.png\" alt=\"pdf\" align=\"left\" hspace=\"5\" vspace=\"0\" \/><a href=\"http:\/\/archeol.sav.sk\/docs_vyskumy2012\/2012_nova_bana.pdf\" target=\"_blank\">Nov\u00e1 Ba\u0148a<\/a><\/p>\n<p><img decoding=\"async\" class=\"noprint\" src=\"http:\/\/archeol.sav.sk\/pics\/pdf_button.png\" alt=\"pdf\" align=\"left\" hspace=\"5\" vspace=\"0\" \/><a href=\"http:\/\/archeol.sav.sk\/docs_vyskumy2012\/2012_ostra_luka-petusa.pdf\" target=\"_blank\">Ostr\u00e1 L\u00faka \u2013 Pe\u0165u\u0161a<\/a><\/p>\n<p><img decoding=\"async\" class=\"noprint\" src=\"http:\/\/archeol.sav.sk\/pics\/pdf_button.png\" alt=\"pdf\" align=\"left\" hspace=\"5\" vspace=\"0\" \/><a href=\"http:\/\/archeol.sav.sk\/docs_vyskumy2012\/2012_vrable.pdf\" target=\"_blank\">Vr\u00e1ble \u2013 Ve\u013ek\u00e9 Lehemby (neolit)<\/a><\/p>\n<p><img decoding=\"async\" class=\"noprint\" src=\"http:\/\/archeol.sav.sk\/pics\/pdf_button.png\" alt=\"pdf\" align=\"left\" hspace=\"5\" vspace=\"0\" \/><a href=\"http:\/\/archeol.sav.sk\/docs_vyskumy2012\/2012_vrable-velke-lehemby.pdf\" target=\"_blank\">Vr\u00e1ble \u2013 Ve\u013ek\u00e9 Lehemby (doba r\u00edmska)<\/a><\/p>\n<p><img decoding=\"async\" class=\"noprint\" src=\"http:\/\/archeol.sav.sk\/pics\/pdf_button.png\" alt=\"pdf\" align=\"left\" hspace=\"5\" vspace=\"0\" \/><a href=\"http:\/\/archeol.sav.sk\/docs_vyskumy2012\/2012_vysny_kubin.pdf\" target=\"_blank\">Vy\u0161n\u00fd Kub\u00edn<\/a><\/p>\n<p><img decoding=\"async\" class=\"noprint\" src=\"http:\/\/archeol.sav.sk\/pics\/pdf_button.png\" alt=\"pdf\" align=\"left\" hspace=\"5\" vspace=\"0\" \/><a href=\"http:\/\/archeol.sav.sk\/docs_vyskumy2012\/2012_zavod.pdf\" target=\"_blank\">Z\u00e1vod \u2013 Buchlovsk\u00e1<\/a><\/p>\n<p><img decoding=\"async\" class=\"noprint\" src=\"http:\/\/archeol.sav.sk\/pics\/pdf_button.png\" alt=\"pdf\" align=\"left\" hspace=\"5\" vspace=\"0\" \/><a href=\"http:\/\/archeol.sav.sk\/docs_vyskumy2012\/2012_zvolen-kubaniho.pdf\" target=\"_blank\">Zvolen \u2013 Kub\u00e1niho<\/a><\/p>\n<p><img decoding=\"async\" class=\"noprint\" src=\"http:\/\/archeol.sav.sk\/pics\/pdf_button.png\" alt=\"pdf\" align=\"left\" hspace=\"5\" vspace=\"0\" \/><a href=\"http:\/\/archeol.sav.sk\/docs_vyskumy2012\/2012_zvolen-snp.pdf\" target=\"_blank\">Zvolen \u2013 N\u00e1mestie SNP<\/a><\/p>\n<p><img decoding=\"async\" class=\"noprint\" src=\"http:\/\/archeol.sav.sk\/pics\/pdf_button.png\" alt=\"pdf\" align=\"left\" hspace=\"5\" vspace=\"0\" \/><a href=\"http:\/\/archeol.sav.sk\/docs_vyskumy2012\/2012_pusty_hrad.pdf\" target=\"_blank\">Zvolen \u2013 Pust\u00fd hrad<\/a><\/p>\n<p><img decoding=\"async\" class=\"noprint\" src=\"http:\/\/archeol.sav.sk\/pics\/pdf_button.png\" alt=\"pdf\" align=\"left\" hspace=\"5\" vspace=\"0\" \/><a href=\"http:\/\/archeol.sav.sk\/docs_vyskumy2012\/2012_zarnovica.pdf\" target=\"_blank\">\u017darnovica \u2013 Hradn\u00fd pal\u00e1c<\/a><\/p>\n","protected":false},"excerpt":{"rendered":"<p>The selection of field research in 2012 Bojn\u00e1 \u2013 Valy Cinoba\u0148a \u2013 Jar\u010danisko Div\u00edn \u2013 hrad Dvory nad \u017ditavou \u2013 \u017dombi Galanta \u2013 obchvat Levice \u2013 Dituria Ni\u017en\u00e1 My\u0161\u013ea \u2013 Hradsk\u00fd vrch (V\u00e1rhegy II) Nov\u00e1 Ba\u0148a Ostr\u00e1 L\u00faka \u2013 Pe\u0165u\u0161a Vr\u00e1ble \u2013 Ve\u013ek\u00e9 Lehemby (neolit) Vr\u00e1ble \u2013 Ve\u013ek\u00e9 Lehemby (doba r\u00edmska) Vy\u0161n\u00fd Kub\u00edn Z\u00e1vod \u2013 &#8230; <a class=\"read-more\" href=\"https:\/\/archeol.sav.sk\/index.php\/en\/field-research-2012\/\">\u010c\u00edtajte viac<\/a><\/p>\n","protected":false},"author":2,"featured_media":0,"parent":0,"menu_order":0,"comment_status":"closed","ping_status":"closed","template":"","meta":[],"_links":{"self":[{"href":"https:\/\/archeol.sav.sk\/index.php\/wp-json\/wp\/v2\/pages\/1891"}],"collection":[{"href":"https:\/\/archeol.sav.sk\/index.php\/wp-json\/wp\/v2\/pages"}],"about":[{"href":"https:\/\/archeol.sav.sk\/index.php\/wp-json\/wp\/v2\/types\/page"}],"author":[{"embeddable":true,"href":"https:\/\/archeol.sav.sk\/index.php\/wp-json\/wp\/v2\/users\/2"}],"replies":[{"embeddable":true,"href":"https:\/\/archeol.sav.sk\/index.php\/wp-json\/wp\/v2\/comments?post=1891"}],"version-history":[{"count":1,"href":"https:\/\/archeol.sav.sk\/index.php\/wp-json\/wp\/v2\/pages\/1891\/revisions"}],"predecessor-version":[{"id":1892,"href":"https:\/\/archeol.sav.sk\/index.php\/wp-json\/wp\/v2\/pages\/1891\/revisions\/1892"}],"wp:attachment":[{"href":"https:\/\/archeol.sav.sk\/index.php\/wp-json\/wp\/v2\/media?parent=1891"}],"curies":[{"name":"wp","href":"https:\/\/api.w.org\/{rel}","templated":true}]}}