{"id":1889,"date":"2016-10-09T12:39:07","date_gmt":"2016-10-09T10:39:07","guid":{"rendered":"http:\/\/archeol.sav.sk\/?page_id=1889"},"modified":"2016-10-09T12:39:07","modified_gmt":"2016-10-09T10:39:07","slug":"field-research-2011","status":"publish","type":"page","link":"https:\/\/archeol.sav.sk\/index.php\/en\/field-research-2011\/","title":{"rendered":"Field research 2011"},"content":{"rendered":"<p><span id=\"result_box\" class=\"short_text\" lang=\"en\"><span class=\"\">Selection of<\/span> <span class=\"\">field research<\/span> <span class=\"\">in 2011<\/span><\/span><\/p>\n<p><img decoding=\"async\" class=\"noprint\" src=\"http:\/\/archeol.sav.sk\/pics\/pdf_button.png\" alt=\"pdf\" align=\"left\" hspace=\"5\" vspace=\"0\" \/><a href=\"http:\/\/archeol.sav.sk\/docs_vyskumy2011\/2011_bojna.pdf\" target=\"_blank\">Bojn\u00e1 \u2013 Valy<\/a><\/p>\n<p><img decoding=\"async\" class=\"noprint\" src=\"http:\/\/archeol.sav.sk\/pics\/pdf_button.png\" alt=\"pdf\" align=\"left\" hspace=\"5\" vspace=\"0\" \/><a href=\"http:\/\/archeol.sav.sk\/docs_vyskumy2011\/2011_cierne.pdf\" target=\"_blank\">\u010cierne \u2013 Valy, reduta 4<\/a><\/p>\n<p><img decoding=\"async\" class=\"noprint\" src=\"http:\/\/archeol.sav.sk\/pics\/pdf_button.png\" alt=\"pdf\" align=\"left\" hspace=\"5\" vspace=\"0\" \/><a href=\"http:\/\/archeol.sav.sk\/docs_vyskumy2011\/2011_kovacovce-petov.pdf\" target=\"_blank\">Kov\u00e1\u010dovce, \u010das\u0165 Pe\u0165ov<\/a><\/p>\n<p><img decoding=\"async\" class=\"noprint\" src=\"http:\/\/archeol.sav.sk\/pics\/pdf_button.png\" alt=\"pdf\" align=\"left\" hspace=\"5\" vspace=\"0\" \/><a href=\"http:\/\/archeol.sav.sk\/docs_vyskumy2011\/2011_michal_nad_zitavou.pdf\" target=\"_blank\">Michal nad \u017ditavou \u2013 Pri kme\u0165ovskom majeri<\/a><\/p>\n<p><img decoding=\"async\" class=\"noprint\" src=\"http:\/\/archeol.sav.sk\/pics\/pdf_button.png\" alt=\"pdf\" align=\"left\" hspace=\"5\" vspace=\"0\" \/><a href=\"http:\/\/archeol.sav.sk\/docs_vyskumy2011\/2011_novy_tekov.pdf\" target=\"_blank\">Nov\u00fd Tekov \u2013 Horn\u00e9 l\u00faky<\/a><\/p>\n<p><img decoding=\"async\" class=\"noprint\" src=\"http:\/\/archeol.sav.sk\/pics\/pdf_button.png\" alt=\"pdf\" align=\"left\" hspace=\"5\" vspace=\"0\" \/><a href=\"http:\/\/archeol.sav.sk\/docs_vyskumy2011\/2011_ostra_luka-petusa.pdf\" target=\"_blank\">Ostr\u00e1 L\u00faka \u2013 Pe\u0165u\u0161a<\/a><\/p>\n<p><img decoding=\"async\" class=\"noprint\" src=\"http:\/\/archeol.sav.sk\/pics\/pdf_button.png\" alt=\"pdf\" align=\"left\" hspace=\"5\" vspace=\"0\" \/><a href=\"http:\/\/archeol.sav.sk\/docs_vyskumy2011\/2011_pusty_hrad.pdf\" target=\"_blank\">Pust\u00fd hrad<\/a><\/p>\n<p><img decoding=\"async\" class=\"noprint\" src=\"http:\/\/archeol.sav.sk\/pics\/pdf_button.png\" alt=\"pdf\" align=\"left\" hspace=\"5\" vspace=\"0\" \/><a href=\"http:\/\/archeol.sav.sk\/docs_vyskumy2011\/2011_rybnik.pdf\" target=\"_blank\">Rybn\u00edk \u2013 Nad Hronom<\/a><\/p>\n<p><img decoding=\"async\" class=\"noprint\" src=\"http:\/\/archeol.sav.sk\/pics\/pdf_button.png\" alt=\"pdf\" align=\"left\" hspace=\"5\" vspace=\"0\" \/><a href=\"http:\/\/archeol.sav.sk\/docs_vyskumy2011\/2011_sabinov.pdf\" target=\"_blank\">Sabinov \u2013 Ul. 17 Novembra, N\u00e1mestie Slobody<\/a><\/p>\n<p><img decoding=\"async\" class=\"noprint\" src=\"http:\/\/archeol.sav.sk\/pics\/pdf_button.png\" alt=\"pdf\" align=\"left\" hspace=\"5\" vspace=\"0\" \/><a href=\"http:\/\/archeol.sav.sk\/docs_vyskumy2011\/2011_santovka.pdf\" target=\"_blank\">Santovka \u2013 Travert\u00ednov\u00fd lom III<\/a><\/p>\n<p><img decoding=\"async\" class=\"noprint\" src=\"http:\/\/archeol.sav.sk\/pics\/pdf_button.png\" alt=\"pdf\" align=\"left\" hspace=\"5\" vspace=\"0\" \/><a href=\"http:\/\/archeol.sav.sk\/docs_vyskumy2011\/2011_trenc-raros.pdf\" target=\"_blank\">Tren\u010d, \u010das\u0165 R\u00e1ro\u0161<\/a><\/p>\n<p><img decoding=\"async\" class=\"noprint\" src=\"http:\/\/archeol.sav.sk\/pics\/pdf_button.png\" alt=\"pdf\" align=\"left\" hspace=\"5\" vspace=\"0\" \/><a href=\"http:\/\/archeol.sav.sk\/docs_vyskumy2011\/2011_vrable.pdf\" target=\"_blank\">Vr\u00e1ble \u2013 Fidv\u00e1r<\/a><\/p>\n<p><img decoding=\"async\" class=\"noprint\" src=\"http:\/\/archeol.sav.sk\/pics\/pdf_button.png\" alt=\"pdf\" align=\"left\" hspace=\"5\" vspace=\"0\" \/><a href=\"http:\/\/archeol.sav.sk\/docs_vyskumy2011\/2011_vrable_velke_lehemby.pdf\" target=\"_blank\">Vr\u00e1ble \u2013 Ve\u013ek\u00e9 Lehemby<\/a><\/p>\n<p><img decoding=\"async\" class=\"noprint\" src=\"http:\/\/archeol.sav.sk\/pics\/pdf_button.png\" alt=\"pdf\" align=\"left\" hspace=\"5\" vspace=\"0\" \/><a href=\"http:\/\/archeol.sav.sk\/docs_vyskumy2011\/2011_vysny_kubin2.pdf\" target=\"_blank\">Vy\u0161n\u00fd Kub\u00edn \u2013 Kub\u00ednyovsk\u00fd ka\u0161tie\u013e<\/a><\/p>\n<p><img decoding=\"async\" class=\"noprint\" src=\"http:\/\/archeol.sav.sk\/pics\/pdf_button.png\" alt=\"pdf\" align=\"left\" hspace=\"5\" vspace=\"0\" \/><a href=\"http:\/\/archeol.sav.sk\/docs_vyskumy2011\/2011_vysny_kubin.pdf\" target=\"_blank\">Vy\u0161n\u00fd Kub\u00edn \u2013 Vy\u0161nokub\u00ednska ulica<\/a><\/p>\n","protected":false},"excerpt":{"rendered":"<p>Selection of field research in 2011 Bojn\u00e1 \u2013 Valy \u010cierne \u2013 Valy, reduta 4 Kov\u00e1\u010dovce, \u010das\u0165 Pe\u0165ov Michal nad \u017ditavou \u2013 Pri kme\u0165ovskom majeri Nov\u00fd Tekov \u2013 Horn\u00e9 l\u00faky Ostr\u00e1 L\u00faka \u2013 Pe\u0165u\u0161a Pust\u00fd hrad Rybn\u00edk \u2013 Nad Hronom Sabinov \u2013 Ul. 17 Novembra, N\u00e1mestie Slobody Santovka \u2013 Travert\u00ednov\u00fd lom III Tren\u010d, \u010das\u0165 R\u00e1ro\u0161 Vr\u00e1ble &#8230; <a class=\"read-more\" href=\"https:\/\/archeol.sav.sk\/index.php\/en\/field-research-2011\/\">\u010c\u00edtajte viac<\/a><\/p>\n","protected":false},"author":2,"featured_media":0,"parent":0,"menu_order":0,"comment_status":"closed","ping_status":"closed","template":"","meta":[],"_links":{"self":[{"href":"https:\/\/archeol.sav.sk\/index.php\/wp-json\/wp\/v2\/pages\/1889"}],"collection":[{"href":"https:\/\/archeol.sav.sk\/index.php\/wp-json\/wp\/v2\/pages"}],"about":[{"href":"https:\/\/archeol.sav.sk\/index.php\/wp-json\/wp\/v2\/types\/page"}],"author":[{"embeddable":true,"href":"https:\/\/archeol.sav.sk\/index.php\/wp-json\/wp\/v2\/users\/2"}],"replies":[{"embeddable":true,"href":"https:\/\/archeol.sav.sk\/index.php\/wp-json\/wp\/v2\/comments?post=1889"}],"version-history":[{"count":1,"href":"https:\/\/archeol.sav.sk\/index.php\/wp-json\/wp\/v2\/pages\/1889\/revisions"}],"predecessor-version":[{"id":1890,"href":"https:\/\/archeol.sav.sk\/index.php\/wp-json\/wp\/v2\/pages\/1889\/revisions\/1890"}],"wp:attachment":[{"href":"https:\/\/archeol.sav.sk\/index.php\/wp-json\/wp\/v2\/media?parent=1889"}],"curies":[{"name":"wp","href":"https:\/\/api.w.org\/{rel}","templated":true}]}}