{"id":1842,"date":"2016-10-09T11:53:01","date_gmt":"2016-10-09T09:53:01","guid":{"rendered":"http:\/\/archeol.sav.sk\/?page_id=1842"},"modified":"2022-05-03T16:30:58","modified_gmt":"2022-05-03T14:30:58","slug":"vychodoslovensky-pravek","status":"publish","type":"page","link":"https:\/\/archeol.sav.sk\/index.php\/en\/publications\/vychodoslovensky-pravek\/","title":{"rendered":"V\u00fdchodoslovensk\u00fd pravek"},"content":{"rendered":"<table border=\"0\" width=\"100%\">\n<tbody>\n<tr>\n<td><b><span lang=\"EN-US\" style=\"font-family: inherit; color: #333333;\">Main editor:<\/span><\/b> PhDr. Elena Miro\u0161\u0161ayov\u00e1, CSc.<\/p>\n<p><strong>Issued by:<\/strong> Archeologick\u00fd \u00fastav SAV, Akademick\u00e1 2, 949 21 Nitra<\/p>\n<p><b><span lang=\"EN-US\" style=\"font-family: inherit; color: #333333;\">Address of the editorial office:<\/span><\/b> Archeologick\u00fd \u00fastav SAV, Hrn\u010diarska 13, 040 01 Ko\u0161ice<\/p>\n<p><strong>Phone no.:<\/strong>\u00a0(+421\/055) 62226 82 <b>Fax :<\/b> (+421\/055) 7295558<\/p>\n<p><b>E-mail :<\/b> <a href=\"mailto:mirossa@saske.sk\">mirossa@saske.sk<\/a><\/td>\n<td><img decoding=\"async\" loading=\"lazy\" class=\"noprint\" src=\"http:\/\/archeol.sav.sk\/pics\/logo_vychpravek.gif\" alt=\"Logo V\u00fdchodoslovensk\u00fd Pravek\" width=\"150\" height=\"150\" hspace=\"0\" vspace=\"0\" \/><\/td>\n<\/tr>\n<\/tbody>\n<\/table>\n<hr \/>\n<p style=\"line-height: 18.0pt;\"><b><span lang=\"EN-US\" style=\"font-family: 'Georgia','serif'; color: #333333;\">V\u00ddCHODOSLOVENSK\u00dd PRAVEK<\/span><\/b><span class=\"apple-converted-space\"><span lang=\"EN-US\" style=\"font-family: 'Georgia','serif'; color: #333333;\">\u00a0(Eastern Slovakian Prehistory) publishes new results of the field and theoretical research of the prehistory and early history of the eastern Slovakia and studies dealing with the historical development of the occupation in the northeastern part of the Carpathian basin. It was first published in 1970s <\/span><\/span><span lang=\"EN-US\" style=\"font-family: 'Georgia','serif'; color: #333333;\">\/1 &#8211; 1970, 2 &#8211; 1971\/. Its publication was resumed in the year 1991 \/3 &#8211; 1991, 4 &#8211; 1993, 5 &#8211; 1998\/.<\/span><\/p>\n<p>&nbsp;<\/p>\n<hr \/>\n<p><a name=\"zoznam\"><\/a><\/p>\n<h2>Archive:<\/h2>\n<p><a href=\"http:\/\/archeol.sav.sk\/files\/V\u00fdchodoslovenk\u00fd-pravek-12.pdf\">V\u00fdchodoslovensk\u00fd pravek XII, <strong>2021<\/strong><\/a><br \/>\n<a href=\"http:\/\/archeol.sav.sk\/files\/V\u00fdchodoslovenk\u00fd-pravek-11.pdf\">V\u00fdchodoslovensk\u00fd pravek XI, <strong>2018<\/strong><\/a><br \/>\n<a href=\"http:\/\/archeol.sav.sk\/files\/V\u00fdchodoslovenk\u00fd-pravek-10.pdf\">V\u00fdchodoslovensk\u00fd Pravek X, <b>2013<\/b><\/a><br \/>\n<a href=\"http:\/\/archeol.sav.sk\/files\/V\u00fdchodoslovenk\u00fd-pravek-9.pdf\">V\u00fdchodoslovensk\u00fd Pravek IX, <b>2009<\/b><\/a><br \/>\n<a href=\"http:\/\/archeol.sav.sk\/files\/V\u00fdchodoslovenk\u00fd-pravek-8.pdf\">V\u00fdchodoslovensk\u00fd Pravek VIII, <b>2007<\/b><\/a><br \/>\n<a href=\"http:\/\/archeol.sav.sk\/files\/V\u00fdchodoslovenk\u00fd-pravek-7.pdf\">V\u00fdchodoslovensk\u00fd Pravek VII, <b>2005<\/b><\/a><br \/>\n<a href=\"http:\/\/archeol.sav.sk\/files\/V\u00fdchodoslovenk\u00fd-pravek-6_zmenseny.pdf\">V\u00fdchodoslovensk\u00fd Pravek VI, <b>2003<\/b><\/a><br \/>\nV\u00fdchodoslovensk\u00fd Pravek &#8211; Special Issue, <b>1999<\/b><br \/>\n<a href=\"http:\/\/archeol.sav.sk\/files\/V\u00fdchodoslavensk\u00fd-pravek-5_zmenseny.pdf\">V\u00fdchodoslovensk\u00fd Pravek V, <b>1998<\/b><\/a><br \/>\n<a href=\"http:\/\/archeol.sav.sk\/files\/V\u00fdchodoslovensk\u00fd-pravek-4_zmenseny.pdf\">V\u00fdchodoslovensk\u00fd Pravek IV, <b>1993<\/b><\/a><br \/>\n<a href=\"http:\/\/archeol.sav.sk\/files\/V\u00fdchodoslovensk\u00fd-pravek-3_zmenseny.pdf\">V\u00fdchodoslovensk\u00fd Pravek III, <b>1991<\/b><\/a><br \/>\n<a href=\"http:\/\/archeol.sav.sk\/files\/V\u00fdchodoslovensk\u00fd-pravek-2_zmenseny.pdf\">V\u00fdchodoslovensk\u00fd Pravek II, <b>1971<\/b><\/a><br \/>\n<a href=\"http:\/\/archeol.sav.sk\/files\/V\u00fdchodoslovensk\u00fd-pravek-1_zmenseny.pdf\">V\u00fdchodoslovensk\u00fd Pravek I, <b>1970<\/b><\/a><\/p>\n","protected":false},"excerpt":{"rendered":"<p>Main editor: PhDr. Elena Miro\u0161\u0161ayov\u00e1, CSc. Issued by: Archeologick\u00fd \u00fastav SAV, Akademick\u00e1 2, 949 21 Nitra Address of the editorial office: Archeologick\u00fd \u00fastav SAV, Hrn\u010diarska 13, 040 01 Ko\u0161ice Phone no.:\u00a0(+421\/055) 62226 82 Fax : (+421\/055) 7295558 E-mail : mirossa@saske.sk V\u00ddCHODOSLOVENSK\u00dd PRAVEK\u00a0(Eastern Slovakian Prehistory) publishes new results of the field and theoretical research of the &#8230; <a class=\"read-more\" href=\"https:\/\/archeol.sav.sk\/index.php\/en\/publications\/vychodoslovensky-pravek\/\">\u010c\u00edtajte viac<\/a><\/p>\n","protected":false},"author":2,"featured_media":0,"parent":1449,"menu_order":5,"comment_status":"closed","ping_status":"closed","template":"","meta":[],"_links":{"self":[{"href":"https:\/\/archeol.sav.sk\/index.php\/wp-json\/wp\/v2\/pages\/1842"}],"collection":[{"href":"https:\/\/archeol.sav.sk\/index.php\/wp-json\/wp\/v2\/pages"}],"about":[{"href":"https:\/\/archeol.sav.sk\/index.php\/wp-json\/wp\/v2\/types\/page"}],"author":[{"embeddable":true,"href":"https:\/\/archeol.sav.sk\/index.php\/wp-json\/wp\/v2\/users\/2"}],"replies":[{"embeddable":true,"href":"https:\/\/archeol.sav.sk\/index.php\/wp-json\/wp\/v2\/comments?post=1842"}],"version-history":[{"count":5,"href":"https:\/\/archeol.sav.sk\/index.php\/wp-json\/wp\/v2\/pages\/1842\/revisions"}],"predecessor-version":[{"id":6100,"href":"https:\/\/archeol.sav.sk\/index.php\/wp-json\/wp\/v2\/pages\/1842\/revisions\/6100"}],"up":[{"embeddable":true,"href":"https:\/\/archeol.sav.sk\/index.php\/wp-json\/wp\/v2\/pages\/1449"}],"wp:attachment":[{"href":"https:\/\/archeol.sav.sk\/index.php\/wp-json\/wp\/v2\/media?parent=1842"}],"curies":[{"name":"wp","href":"https:\/\/api.w.org\/{rel}","templated":true}]}}