{"id":1789,"date":"2016-10-08T16:06:51","date_gmt":"2016-10-08T14:06:51","guid":{"rendered":"http:\/\/archeol.sav.sk\/?page_id=1789"},"modified":"2018-04-09T14:28:36","modified_gmt":"2018-04-09T12:28:36","slug":"phd-program","status":"publish","type":"page","link":"https:\/\/archeol.sav.sk\/index.php\/en\/phd-program\/","title":{"rendered":"PhD program"},"content":{"rendered":"<div class=\"entry-content\">\n<h2><\/h2>\n<h2><a href=\"http:\/\/archeol.sav.sk\/docs_ostatne\/smernica_ausav_pre_ds.pdf\" target=\"_blank\">Smernica Archeologick\u00e9ho \u00fastavu SAV pre doktorandsk\u00e9 \u0161t\u00fadium vo form\u00e1te *.pdf<\/a><\/h2>\n<\/div>\n<div class=\"entry-content\"><\/div>\n","protected":false},"excerpt":{"rendered":"<p>Smernica Archeologick\u00e9ho \u00fastavu SAV pre doktorandsk\u00e9 \u0161t\u00fadium vo form\u00e1te *.pdf<\/p>\n","protected":false},"author":2,"featured_media":0,"parent":0,"menu_order":0,"comment_status":"closed","ping_status":"closed","template":"","meta":[],"_links":{"self":[{"href":"https:\/\/archeol.sav.sk\/index.php\/wp-json\/wp\/v2\/pages\/1789"}],"collection":[{"href":"https:\/\/archeol.sav.sk\/index.php\/wp-json\/wp\/v2\/pages"}],"about":[{"href":"https:\/\/archeol.sav.sk\/index.php\/wp-json\/wp\/v2\/types\/page"}],"author":[{"embeddable":true,"href":"https:\/\/archeol.sav.sk\/index.php\/wp-json\/wp\/v2\/users\/2"}],"replies":[{"embeddable":true,"href":"https:\/\/archeol.sav.sk\/index.php\/wp-json\/wp\/v2\/comments?post=1789"}],"version-history":[{"count":6,"href":"https:\/\/archeol.sav.sk\/index.php\/wp-json\/wp\/v2\/pages\/1789\/revisions"}],"predecessor-version":[{"id":3359,"href":"https:\/\/archeol.sav.sk\/index.php\/wp-json\/wp\/v2\/pages\/1789\/revisions\/3359"}],"wp:attachment":[{"href":"https:\/\/archeol.sav.sk\/index.php\/wp-json\/wp\/v2\/media?parent=1789"}],"curies":[{"name":"wp","href":"https:\/\/api.w.org\/{rel}","templated":true}]}}