{"id":1786,"date":"2016-10-08T16:03:37","date_gmt":"2016-10-08T14:03:37","guid":{"rendered":"http:\/\/archeol.sav.sk\/?page_id=1786"},"modified":"2016-10-08T16:03:37","modified_gmt":"2016-10-08T14:03:37","slug":"low-value-contracts","status":"publish","type":"page","link":"https:\/\/archeol.sav.sk\/index.php\/en\/low-value-contracts\/","title":{"rendered":"Low-value contracts"},"content":{"rendered":"<div class=\"entry-content\">\n<h1>Spr\u00e1vy o z\u00e1kazk\u00e1ch s n\u00edzkou hodnotou<\/h1>\n<p><img decoding=\"async\" class=\"noprint\" src=\"http:\/\/archeol.sav.sk\/pics\/pdf_button.png\" alt=\"pdf\" align=\"left\" hspace=\"5\" vspace=\"0\" \/><a href=\"http:\/\/archeol.sav.sk\/verejne_obstaravanie_2013\/zakazky_s_n_h_2013_03_30.pdf\" target=\"_blank\">Spr\u00e1va o z\u00e1k. s NH k 30.3.2013<\/a><\/p>\n<p><img decoding=\"async\" class=\"noprint\" src=\"http:\/\/archeol.sav.sk\/pics\/pdf_button.png\" alt=\"pdf\" align=\"left\" hspace=\"5\" vspace=\"0\" \/><a href=\"http:\/\/archeol.sav.sk\/verejne_obstaravanie_2012\/zakazky_s_n_h_2012_12_31.pdf\" target=\"_blank\">Spr\u00e1va o z\u00e1k. s NH k 31.12.2012<\/a><\/p>\n<p><img decoding=\"async\" class=\"noprint\" src=\"http:\/\/archeol.sav.sk\/pics\/pdf_button.png\" alt=\"pdf\" align=\"left\" hspace=\"5\" vspace=\"0\" \/><a href=\"http:\/\/archeol.sav.sk\/verejne_obstaravanie_2012\/zakazky_s_n_h_2012_09_30.pdf\" target=\"_blank\">Spr\u00e1va o z\u00e1k. s NH k 30.9.2012<\/a><\/p>\n<p><img decoding=\"async\" class=\"noprint\" src=\"http:\/\/archeol.sav.sk\/pics\/pdf_button.png\" alt=\"pdf\" align=\"left\" hspace=\"5\" vspace=\"0\" \/><a href=\"http:\/\/archeol.sav.sk\/verejne_obstaravanie_2012\/zakazky_s_n_h_2012_06_30.pdf\" target=\"_blank\">Spr\u00e1va o z\u00e1k. s NH k 30.6.2012<\/a><\/p>\n<p><img decoding=\"async\" class=\"noprint\" src=\"http:\/\/archeol.sav.sk\/pics\/pdf_button.png\" alt=\"pdf\" align=\"left\" hspace=\"5\" vspace=\"0\" \/><a href=\"http:\/\/archeol.sav.sk\/verejne_obstaravanie\/zakazky_s_n_h_2011_12_31.pdf\" target=\"_blank\">Spr\u00e1va o z\u00e1k. s NH k 31.12.2011<\/a><\/p>\n<p><img decoding=\"async\" class=\"noprint\" src=\"http:\/\/archeol.sav.sk\/pics\/pdf_button.png\" alt=\"pdf\" align=\"left\" hspace=\"5\" vspace=\"0\" \/><a href=\"http:\/\/archeol.sav.sk\/verejne_obstaravanie\/zakazky_s_n_h_2011_09_30.pdf\" target=\"_blank\">Spr\u00e1va o z\u00e1k. s NH k 30.9.2011<\/a><\/p>\n<p><img decoding=\"async\" class=\"noprint\" src=\"http:\/\/archeol.sav.sk\/pics\/pdf_button.png\" alt=\"pdf\" align=\"left\" hspace=\"5\" vspace=\"0\" \/><a href=\"http:\/\/archeol.sav.sk\/verejne_obstaravanie\/zakazky_s_n_h_2011_06_30.pdf\" target=\"_blank\">Spr\u00e1va o z\u00e1k. s NH k 30.6.2011<\/a><\/p>\n<\/div>\n","protected":false},"excerpt":{"rendered":"<p>Spr\u00e1vy o z\u00e1kazk\u00e1ch s n\u00edzkou hodnotou Spr\u00e1va o z\u00e1k. s NH k 30.3.2013 Spr\u00e1va o z\u00e1k. s NH k 31.12.2012 Spr\u00e1va o z\u00e1k. s NH k 30.9.2012 Spr\u00e1va o z\u00e1k. s NH k 30.6.2012 Spr\u00e1va o z\u00e1k. s NH k 31.12.2011 Spr\u00e1va o z\u00e1k. s NH k 30.9.2011 Spr\u00e1va o z\u00e1k. s NH k 30.6.2011<\/p>\n","protected":false},"author":2,"featured_media":0,"parent":0,"menu_order":0,"comment_status":"closed","ping_status":"closed","template":"","meta":[],"_links":{"self":[{"href":"https:\/\/archeol.sav.sk\/index.php\/wp-json\/wp\/v2\/pages\/1786"}],"collection":[{"href":"https:\/\/archeol.sav.sk\/index.php\/wp-json\/wp\/v2\/pages"}],"about":[{"href":"https:\/\/archeol.sav.sk\/index.php\/wp-json\/wp\/v2\/types\/page"}],"author":[{"embeddable":true,"href":"https:\/\/archeol.sav.sk\/index.php\/wp-json\/wp\/v2\/users\/2"}],"replies":[{"embeddable":true,"href":"https:\/\/archeol.sav.sk\/index.php\/wp-json\/wp\/v2\/comments?post=1786"}],"version-history":[{"count":1,"href":"https:\/\/archeol.sav.sk\/index.php\/wp-json\/wp\/v2\/pages\/1786\/revisions"}],"predecessor-version":[{"id":1787,"href":"https:\/\/archeol.sav.sk\/index.php\/wp-json\/wp\/v2\/pages\/1786\/revisions\/1787"}],"wp:attachment":[{"href":"https:\/\/archeol.sav.sk\/index.php\/wp-json\/wp\/v2\/media?parent=1786"}],"curies":[{"name":"wp","href":"https:\/\/api.w.org\/{rel}","templated":true}]}}