{"id":1465,"date":"2016-07-17T12:24:42","date_gmt":"2016-07-17T10:24:42","guid":{"rendered":"http:\/\/archeol.sav.sk\/?page_id=1465"},"modified":"2016-07-17T12:24:42","modified_gmt":"2016-07-17T10:24:42","slug":"recenzny-proces","status":"publish","type":"page","link":"https:\/\/archeol.sav.sk\/index.php\/sk\/recenzny-proces\/","title":{"rendered":"Recenzn\u00fd proces"},"content":{"rendered":"<p>Rukopisy s\u00fa posudzovan\u00e9 v\u00a0dvoch postupn\u00fdch krokoch. Najprv redakcia posudzuje technick\u00fd stav a kompletnos\u0165 rukopisu. Po jeho akceptovan\u00ed ho postupuje na recenzn\u00e9 konanie. Odborn\u00fa \u00farove\u0148 posudzuj\u00fa prinajmen\u0161om dvaja odborn\u00edci v danej oblasti. Recenzn\u00fd proces bol do roku 2014 otvoren\u00fd, odvtedy je obojstranne anonymn\u00fd. Recenzent vyp\u013a\u0148a recenzn\u00fd formul\u00e1r, v\u00a0ktorom z\u00e1rove\u0148 svoj\u00edm podpisom deklaruje, \u017ee recenziu urobil v\u00a0s\u00falade s\u00a0etick\u00fdmi princ\u00edpmi recenzn\u00e9ho konania v\u00a0zmysle z\u00e1sad publika\u010dnej etiky.<\/p>\n","protected":false},"excerpt":{"rendered":"<p>Rukopisy s\u00fa posudzovan\u00e9 v\u00a0dvoch postupn\u00fdch krokoch. Najprv redakcia posudzuje technick\u00fd stav a kompletnos\u0165 rukopisu. Po jeho akceptovan\u00ed ho postupuje na recenzn\u00e9 konanie. Odborn\u00fa \u00farove\u0148 posudzuj\u00fa prinajmen\u0161om dvaja odborn\u00edci v danej oblasti. Recenzn\u00fd proces bol do roku 2014 otvoren\u00fd, odvtedy je obojstranne anonymn\u00fd. Recenzent vyp\u013a\u0148a recenzn\u00fd formul\u00e1r, v\u00a0ktorom z\u00e1rove\u0148 svoj\u00edm podpisom deklaruje, \u017ee recenziu urobil v\u00a0s\u00falade &#8230; <a class=\"read-more\" href=\"https:\/\/archeol.sav.sk\/index.php\/sk\/recenzny-proces\/\">\u010c\u00edtajte viac<\/a><\/p>\n","protected":false},"author":2,"featured_media":0,"parent":0,"menu_order":0,"comment_status":"closed","ping_status":"closed","template":"","meta":[],"_links":{"self":[{"href":"https:\/\/archeol.sav.sk\/index.php\/wp-json\/wp\/v2\/pages\/1465"}],"collection":[{"href":"https:\/\/archeol.sav.sk\/index.php\/wp-json\/wp\/v2\/pages"}],"about":[{"href":"https:\/\/archeol.sav.sk\/index.php\/wp-json\/wp\/v2\/types\/page"}],"author":[{"embeddable":true,"href":"https:\/\/archeol.sav.sk\/index.php\/wp-json\/wp\/v2\/users\/2"}],"replies":[{"embeddable":true,"href":"https:\/\/archeol.sav.sk\/index.php\/wp-json\/wp\/v2\/comments?post=1465"}],"version-history":[{"count":1,"href":"https:\/\/archeol.sav.sk\/index.php\/wp-json\/wp\/v2\/pages\/1465\/revisions"}],"predecessor-version":[{"id":1466,"href":"https:\/\/archeol.sav.sk\/index.php\/wp-json\/wp\/v2\/pages\/1465\/revisions\/1466"}],"wp:attachment":[{"href":"https:\/\/archeol.sav.sk\/index.php\/wp-json\/wp\/v2\/media?parent=1465"}],"curies":[{"name":"wp","href":"https:\/\/api.w.org\/{rel}","templated":true}]}}