{"id":1447,"date":"2016-07-17T10:44:51","date_gmt":"2016-07-17T08:44:51","guid":{"rendered":"http:\/\/archeol.sav.sk\/?page_id=1447"},"modified":"2023-12-08T20:12:26","modified_gmt":"2023-12-08T18:12:26","slug":"about-us","status":"publish","type":"page","link":"https:\/\/archeol.sav.sk\/index.php\/en\/about-us\/","title":{"rendered":"About us"},"content":{"rendered":"<h2>Board of Directors:<\/h2>\n<p>Chairperson: doc. PhDr. Matej Ruttkay, CSc.<\/p>\n<p>Members: Mgr. Lucia Benedikov\u00e1, PhD.<\/p>\n<p>PhDr. Mari\u00e1n Soj\u00e1k, PhD.<\/p>\n<p>PhDr. Klaudia Da\u0148ov\u00e1, PhD.<\/p>\n<p>Ing. Anna \u0160upov\u00e1<\/p>\n<p><strong>\u00a0<\/strong><\/p>\n<h2>Supervisory Board:<\/h2>\n<p>Ing. Iveta \u010cervenkov\u00e1<\/p>\n<p>PhDr. Jozef Labuda, CSc.<\/p>\n<p>RNDr. Miroslav Morovics, CSc.<\/p>\n<p>&nbsp;<\/p>\n<h2>Internatiol Advisory Board:<\/h2>\n<div class=\"gmail_default\">Prof. Dr. Dr. h.c. Claus von Carnap-Bornheim, Stiftung Schleswig-Holsteinische Landesmuseen Schloss Gottorf, Schleswig, Nemecko<\/div>\n<p>Prof. Dr. hab. Judyta Rodzinska-Nowak Universytet Jagiello\u0144ski, Krak\u00f3w, Poland<\/p>\n<p>doc. PhDr. Lud\u011bk Galu\u0161ka, CSc. Moravsk\u00e9 zemsk\u00e9 muzeum, Brno, Czech republic<\/p>\n<p>PhDr. Pavel Kou\u0159il, CSc. Archeologick\u00fd \u00fastav \u010cAV, v.v.i., Praha, Czech republic<\/p>\n<p>&nbsp;<\/p>\n<h2>History and statute of the IA SAS<\/h2>\n<p>The Institute of Archaeology of the Slovak Academy of Sciences was formed by the Presidency of Academy by a resolution dated on 26.10.1953 from the former State Archaeological Institute, which was established on 1.3.1939 in Martin. The Institute is based in Nitra.<\/p>\n<h2>The main role and tasks of the Institute of Archaeology SAS<\/h2>\n<ol>\n<li>The Institute conducts scientific and research activities in the scientific discipline Archaeology and in related scientific disciplines. It effectively and creatively contributes to the resolution of theoretically challenging and in practise current scientific issues. The scientific and research activity is developed under the custom scientific and research program, objectives of the grant projects, international projects and individual tasks of creative employees. It helps to apply the achieved results to the public life in a form of the scientific and popularization and cultural-educational\u00a0 activity.<\/li>\n<li>The Institute cooperates with workplaces of the related disciplines of the Academy, with Universities and research workplaces, both at home and abroad. It coordinates and methodically directs the thematic and rescue excavations in Slovakia.<\/li>\n<li>The Institute is a training centre in archaeology. It secures the preparation and education of aspirants for the individual needs and needs of other organisations. It administers activities of the Commission for dissertation and doctoral thesis in the given discipline.<\/li>\n<li>To realize the tasks, which arise from the thematic plan of the bilateral and multilateral agreements, it concludes agreements with the relevant domestic and foreign partners.<\/li>\n<li>It is editorially compiling and publishing: journal Slovensk\u00e1 archeol\u00f3gia, yearbooks Archeologick\u00e9 v\u00fdskumy a n\u00e1lezy na Slovensku, \u0160t\u00fadijne zvesti AU SAV, V\u00fdchodoslovensky pravek, monograph series Archaeologica Slovaca Monographiae, Acta interdisciplinaria Archaeologica, Archeologick\u00e9 pam\u00e4tn\u00edky Slovenska, edition of the conference proceedings Communicationes and in cooperation with the National numismatic comity the almanac Slovensk\u00e1 numizmatika.<\/li>\n<\/ol>\n","protected":false},"excerpt":{"rendered":"<p>Board of Directors: Chairperson: doc. PhDr. Matej Ruttkay, CSc. Members: Mgr. Lucia Benedikov\u00e1, PhD. PhDr. Mari\u00e1n Soj\u00e1k, PhD. PhDr. Klaudia Da\u0148ov\u00e1, PhD. Ing. Anna \u0160upov\u00e1 \u00a0 Supervisory Board: Ing. Iveta \u010cervenkov\u00e1 PhDr. Jozef Labuda, CSc. RNDr. Miroslav Morovics, CSc. &nbsp; Internatiol Advisory Board: Prof. Dr. Dr. h.c. Claus von Carnap-Bornheim, Stiftung Schleswig-Holsteinische Landesmuseen Schloss Gottorf, &#8230; <a class=\"read-more\" href=\"https:\/\/archeol.sav.sk\/index.php\/en\/about-us\/\">\u010c\u00edtajte viac<\/a><\/p>\n","protected":false},"author":2,"featured_media":0,"parent":0,"menu_order":0,"comment_status":"closed","ping_status":"closed","template":"","meta":[],"_links":{"self":[{"href":"https:\/\/archeol.sav.sk\/index.php\/wp-json\/wp\/v2\/pages\/1447"}],"collection":[{"href":"https:\/\/archeol.sav.sk\/index.php\/wp-json\/wp\/v2\/pages"}],"about":[{"href":"https:\/\/archeol.sav.sk\/index.php\/wp-json\/wp\/v2\/types\/page"}],"author":[{"embeddable":true,"href":"https:\/\/archeol.sav.sk\/index.php\/wp-json\/wp\/v2\/users\/2"}],"replies":[{"embeddable":true,"href":"https:\/\/archeol.sav.sk\/index.php\/wp-json\/wp\/v2\/comments?post=1447"}],"version-history":[{"count":7,"href":"https:\/\/archeol.sav.sk\/index.php\/wp-json\/wp\/v2\/pages\/1447\/revisions"}],"predecessor-version":[{"id":6858,"href":"https:\/\/archeol.sav.sk\/index.php\/wp-json\/wp\/v2\/pages\/1447\/revisions\/6858"}],"wp:attachment":[{"href":"https:\/\/archeol.sav.sk\/index.php\/wp-json\/wp\/v2\/media?parent=1447"}],"curies":[{"name":"wp","href":"https:\/\/api.w.org\/{rel}","templated":true}]}}