{"id":1361,"date":"2016-07-07T09:17:05","date_gmt":"2016-07-07T07:17:05","guid":{"rendered":"http:\/\/archeol.sav.sk\/?page_id=1361"},"modified":"2017-09-18T15:09:54","modified_gmt":"2017-09-18T13:09:54","slug":"rozhovory","status":"publish","type":"page","link":"https:\/\/archeol.sav.sk\/index.php\/sk\/rozhovory\/","title":{"rendered":"Rozhovory"},"content":{"rendered":"<p>13. 9. \u00a02017<\/p>\n<p><a href=\"https:\/\/www.appday.tv\/media\/o-vyzname-nitrianskeho-hradu\">Rozhovory o v\u00fdzname Nitrianskeho hradu <\/a>s pracovn\u00edkmi Archeologick\u00e9ho \u00fastavu SAV (doc. PhDr. Matej Ruttkay, CSc., PhDr. Peter Bedn\u00e1r, CSc.)<\/p>\n","protected":false},"excerpt":{"rendered":"<p>13. 9. \u00a02017 Rozhovory o v\u00fdzname Nitrianskeho hradu s pracovn\u00edkmi Archeologick\u00e9ho \u00fastavu SAV (doc. PhDr. Matej Ruttkay, CSc., PhDr. Peter Bedn\u00e1r, CSc.)<\/p>\n","protected":false},"author":2,"featured_media":0,"parent":0,"menu_order":0,"comment_status":"closed","ping_status":"closed","template":"","meta":[],"_links":{"self":[{"href":"https:\/\/archeol.sav.sk\/index.php\/wp-json\/wp\/v2\/pages\/1361"}],"collection":[{"href":"https:\/\/archeol.sav.sk\/index.php\/wp-json\/wp\/v2\/pages"}],"about":[{"href":"https:\/\/archeol.sav.sk\/index.php\/wp-json\/wp\/v2\/types\/page"}],"author":[{"embeddable":true,"href":"https:\/\/archeol.sav.sk\/index.php\/wp-json\/wp\/v2\/users\/2"}],"replies":[{"embeddable":true,"href":"https:\/\/archeol.sav.sk\/index.php\/wp-json\/wp\/v2\/comments?post=1361"}],"version-history":[{"count":4,"href":"https:\/\/archeol.sav.sk\/index.php\/wp-json\/wp\/v2\/pages\/1361\/revisions"}],"predecessor-version":[{"id":2729,"href":"https:\/\/archeol.sav.sk\/index.php\/wp-json\/wp\/v2\/pages\/1361\/revisions\/2729"}],"wp:attachment":[{"href":"https:\/\/archeol.sav.sk\/index.php\/wp-json\/wp\/v2\/media?parent=1361"}],"curies":[{"name":"wp","href":"https:\/\/api.w.org\/{rel}","templated":true}]}}